{"id":19537,"date":"2025-07-22T18:15:43","date_gmt":"2025-07-22T16:15:43","guid":{"rendered":"https:\/\/uj.adatbank.ro\/lexikon\/termek\/saad-jozsef\/"},"modified":"2025-07-22T18:15:43","modified_gmt":"2025-07-22T16:15:43","slug":"saad-jozsef","status":"publish","type":"product","link":"https:\/\/uj.adatbank.ro\/lexikon\/termek\/saad-jozsef\/","title":{"rendered":"SA\u00c1D J\u00f3zsef"},"content":{"rendered":"<p>? \u2020?: katonatiszt, alezredes. \u2013 Mint sz\u00e1zados a mv.-i M. Kir. Csaba kir\u00e1yfi Honv\u00e9d Hadapr\u00f3diskola beind\u00edt\u00e1sakor vezette a felv\u00e9teli vizsg\u00e1kat (1941). A kik\u00e9pz\u00e9si id\u0151 alatt a 2. sz\u00e1zad parancsnoka; a 3. p\u00e1nc\u00e9los sz\u00e1zad parancsnoka (1942). Alezredesk\u00e9nt kinevezt\u00e9k iskolaparancsnok helyettesnek (1943), parancsnok\u00e1nak (1944. j\u00fan. 24.\u2013), \u0151rnagyk\u00e9nt z\u00e1szl\u00f3aljparancsnok. <br \/><strong>Irod.:<\/strong> Id\u0151t\u00e1r 3; A mv.-i Magyar Kir\u00e1lyi Csaba kir\u00e1lyfi Honv\u00e9d Gyorsfegyvernemi Hadapr\u00f3diskola t\u00f6rt\u00e9nete 1941\u201345 (Tatab\u00e1nya, 1995).<\/br><\/p>\n","protected":false},"excerpt":{"rendered":"<p>? \u2020?: katonatiszt, alezredes. \u2013 Mint sz\u00e1zados a mv.-i M. Kir. Csaba kir\u00e1yfi Honv\u00e9d Hadapr\u00f3diskola beind\u00edt\u00e1sakor vezette a felv\u00e9teli vizsg\u00e1kat (1941). A kik\u00e9pz\u00e9si id\u0151 alatt a 2. sz\u00e1zad parancsnoka; a 3. p\u00e1nc\u00e9los sz\u00e1zad parancsnoka (1942). Alezredesk\u00e9nt kinevezt\u00e9k iskolaparancsnok helyettesnek (1943), parancsnok\u00e1nak (1944. j\u00fan. 24.\u2013), \u0151rnagyk\u00e9nt z\u00e1szl\u00f3aljparancsnok. Irod.: Id\u0151t\u00e1r 3; A mv.-i Magyar Kir\u00e1lyi Csaba kir\u00e1lyfi [&hellip;]<\/p>\n","protected":false},"featured_media":0,"comment_status":"open","ping_status":"closed","template":"","meta":[],"product_brand":[],"product_cat":[137],"product_tag":[],"class_list":{"0":"post-19537","1":"product","2":"type-product","3":"status-publish","5":"product_cat-maros-megyei-eletrajzi-lexikon","7":"first","8":"instock","9":"shipping-taxable","10":"product-type-simple"},"_links":{"self":[{"href":"https:\/\/uj.adatbank.ro\/lexikon\/wp-json\/wp\/v2\/product\/19537","targetHints":{"allow":["GET"]}}],"collection":[{"href":"https:\/\/uj.adatbank.ro\/lexikon\/wp-json\/wp\/v2\/product"}],"about":[{"href":"https:\/\/uj.adatbank.ro\/lexikon\/wp-json\/wp\/v2\/types\/product"}],"replies":[{"embeddable":true,"href":"https:\/\/uj.adatbank.ro\/lexikon\/wp-json\/wp\/v2\/comments?post=19537"}],"wp:attachment":[{"href":"https:\/\/uj.adatbank.ro\/lexikon\/wp-json\/wp\/v2\/media?parent=19537"}],"wp:term":[{"taxonomy":"product_brand","embeddable":true,"href":"https:\/\/uj.adatbank.ro\/lexikon\/wp-json\/wp\/v2\/product_brand?post=19537"},{"taxonomy":"product_cat","embeddable":true,"href":"https:\/\/uj.adatbank.ro\/lexikon\/wp-json\/wp\/v2\/product_cat?post=19537"},{"taxonomy":"product_tag","embeddable":true,"href":"https:\/\/uj.adatbank.ro\/lexikon\/wp-json\/wp\/v2\/product_tag?post=19537"}],"curies":[{"name":"wp","href":"https:\/\/api.w.org\/{rel}","templated":true}]}}