{"id":19547,"date":"2025-07-22T18:16:01","date_gmt":"2025-07-22T16:16:01","guid":{"rendered":"https:\/\/uj.adatbank.ro\/lexikon\/termek\/sabau-liviu-maximilian\/"},"modified":"2025-07-22T18:16:01","modified_gmt":"2025-07-22T16:16:01","slug":"sabau-liviu-maximilian","status":"publish","type":"product","link":"https:\/\/uj.adatbank.ro\/lexikon\/termek\/sabau-liviu-maximilian\/","title":{"rendered":"SAB\u0102U, Liviu Maximilian"},"content":{"rendered":"<p>Mez\u0151gerebenes, 1919. szept. 8, \u2020 Mv., 2013. \u00e1pr. 29.: g. kat. pap, esperes, \u00e9rseks\u00e9gi kanonok. \u2013 Tanult sz\u00fcl\u0151faluj\u00e1ban a bal\u00e1zsfalvi Sf. Vasile cel Mare L\u00edceum \u00e9s Teol\u00f3giai Akad.-\u00e1n, katonai iskol\u00e1ban A b\u00e9csi d\u00f6nt\u00e9s ut\u00e1n Aradon tiszti iskol\u00e1t v\u00e9gzett. Tartal\u00e9kos tisztk\u00e9nt a 6. hegyivad\u00e1sz z\u00e1szl\u00f3aljjal harcolt a II. vh. fronton mint szakaszvezet\u0151. A Rom\u00e1n Koronarend lovagi fokozat\u00e1val t\u00fcntett\u00e9k ki. Tan\u00edtott (1945\u201348), majd a brass\u00f3i \u015eaguna l\u00edceumban volt pedag\u00f3gus, de onnan is t\u00e1voznia kellett, mert megtagadta az ortodox vall\u00e1sra val\u00f3 \u00e1tt\u00e9r\u00e9st (1948), A nemzeti bank mv.-i fi\u00f3kj\u00e1nak hivatalnokak\u00e9nt h\u00e1nyattat\u00e1sban, zaklat\u00e1sban volt r\u00e9sze. Hite miatt sokszor k\u00e9nytelen volt lakhelyet v\u00e1ltoztatni: Marosh\u00e9v\u00edz (1950\u201360), B\u0103r\u0103gan, V\u0103lenii de Munte, Fogaras, Mez\u0151r\u00fccs ut\u00e1n Mv., ahol titokban g. kat papp\u00e1 szentelt\u00e9k (1968), majd esperes lett, \u00e9rseks\u00e9gi kanonok (1991). Jelent\u0151s r\u00e9szt v\u00e1llalt a mv.-i g. kat. egyh\u00e1z \u00fajra\u00e9p\u00edt\u00e9s\u00e9ben (1989 ut\u00e1n), \u00faj par\u00f3ki\u00e1k l\u00e9tes\u00edt\u00e9s\u00e9ben Mv.-en \u00e9s Hargita megy\u00e9ben: Zetev\u00e1ralja, H\u00e9v\u00edz, Sz\u00e9kelyhodos, S\u00e1rm\u00e1s, G\u00f6demesterh\u00e1zi Kolostor, \u0151 tette le az alapjait a mv.-i \u00faj g. kat esperess\u00e9gnek. Mv. d\u00edszpolg\u00e1ra (1999. j\u00fan.). Mv. tiszteletbeli polg\u00e1ra, \u00e9rdemdiplom\u00e1t kapott (2004). \u2013 <strong>F. m.<\/strong>: <strong>t\u00e1rssz.:<\/strong> Pop, Iosif: Credin\u0163\u0103 \u015fi apostoliat: Memorii (eloszo, Tg.M, 2004) <br \/><strong>Irod.:<\/strong> , akikre feln\u00e9z a v\u00e1ros (N\u00fa., 1999. j\u00fan. 24.); Todea 2013.<\/br><\/p>\n","protected":false},"excerpt":{"rendered":"<p>Mez\u0151gerebenes, 1919. szept. 8, \u2020 Mv., 2013. \u00e1pr. 29.: g. kat. pap, esperes, \u00e9rseks\u00e9gi kanonok. \u2013 Tanult sz\u00fcl\u0151faluj\u00e1ban a bal\u00e1zsfalvi Sf. Vasile cel Mare L\u00edceum \u00e9s Teol\u00f3giai Akad.-\u00e1n, katonai iskol\u00e1ban A b\u00e9csi d\u00f6nt\u00e9s ut\u00e1n Aradon tiszti iskol\u00e1t v\u00e9gzett. Tartal\u00e9kos tisztk\u00e9nt a 6. hegyivad\u00e1sz z\u00e1szl\u00f3aljjal harcolt a II. vh. fronton mint szakaszvezet\u0151. A Rom\u00e1n Koronarend lovagi [&hellip;]<\/p>\n","protected":false},"featured_media":0,"comment_status":"open","ping_status":"closed","template":"","meta":[],"product_brand":[],"product_cat":[137],"product_tag":[],"class_list":{"0":"post-19547","1":"product","2":"type-product","3":"status-publish","5":"product_cat-maros-megyei-eletrajzi-lexikon","7":"first","8":"instock","9":"shipping-taxable","10":"product-type-simple"},"_links":{"self":[{"href":"https:\/\/uj.adatbank.ro\/lexikon\/wp-json\/wp\/v2\/product\/19547","targetHints":{"allow":["GET"]}}],"collection":[{"href":"https:\/\/uj.adatbank.ro\/lexikon\/wp-json\/wp\/v2\/product"}],"about":[{"href":"https:\/\/uj.adatbank.ro\/lexikon\/wp-json\/wp\/v2\/types\/product"}],"replies":[{"embeddable":true,"href":"https:\/\/uj.adatbank.ro\/lexikon\/wp-json\/wp\/v2\/comments?post=19547"}],"wp:attachment":[{"href":"https:\/\/uj.adatbank.ro\/lexikon\/wp-json\/wp\/v2\/media?parent=19547"}],"wp:term":[{"taxonomy":"product_brand","embeddable":true,"href":"https:\/\/uj.adatbank.ro\/lexikon\/wp-json\/wp\/v2\/product_brand?post=19547"},{"taxonomy":"product_cat","embeddable":true,"href":"https:\/\/uj.adatbank.ro\/lexikon\/wp-json\/wp\/v2\/product_cat?post=19547"},{"taxonomy":"product_tag","embeddable":true,"href":"https:\/\/uj.adatbank.ro\/lexikon\/wp-json\/wp\/v2\/product_tag?post=19547"}],"curies":[{"name":"wp","href":"https:\/\/api.w.org\/{rel}","templated":true}]}}