{"id":19549,"date":"2025-07-22T18:16:07","date_gmt":"2025-07-22T16:16:07","guid":{"rendered":"https:\/\/uj.adatbank.ro\/lexikon\/termek\/sabau-romanti\/"},"modified":"2025-07-22T18:16:07","modified_gmt":"2025-07-22T16:16:07","slug":"sabau-romanti","status":"publish","type":"product","link":"https:\/\/uj.adatbank.ro\/lexikon\/termek\/sabau-romanti\/","title":{"rendered":"SAB\u0102U, Roman\u0163i"},"content":{"rendered":"<p>Mez\u0151szokol, 1921. j\u00fal. 14., \u2020?: katona. \u2013 A szigeti ezredben szolg\u00e1lt. A m. hadseregben r\u00e9szt vett a harcokban (1944. m\u00e1rc. 15. \u2013 nov. 15.), \u00e9s szovjet fogs\u00e1gba esett. Hazat\u00e9rt (1945. szept. 15.). <br \/><strong>Irod.:<\/strong> Reghin, militari.<\/br><\/p>\n","protected":false},"excerpt":{"rendered":"<p>Mez\u0151szokol, 1921. j\u00fal. 14., \u2020?: katona. \u2013 A szigeti ezredben szolg\u00e1lt. A m. hadseregben r\u00e9szt vett a harcokban (1944. m\u00e1rc. 15. \u2013 nov. 15.), \u00e9s szovjet fogs\u00e1gba esett. Hazat\u00e9rt (1945. szept. 15.). Irod.: Reghin, militari.<\/p>\n","protected":false},"featured_media":0,"comment_status":"open","ping_status":"closed","template":"","meta":[],"product_brand":[],"product_cat":[137],"product_tag":[],"class_list":{"0":"post-19549","1":"product","2":"type-product","3":"status-publish","5":"product_cat-maros-megyei-eletrajzi-lexikon","7":"first","8":"instock","9":"shipping-taxable","10":"product-type-simple"},"_links":{"self":[{"href":"https:\/\/uj.adatbank.ro\/lexikon\/wp-json\/wp\/v2\/product\/19549","targetHints":{"allow":["GET"]}}],"collection":[{"href":"https:\/\/uj.adatbank.ro\/lexikon\/wp-json\/wp\/v2\/product"}],"about":[{"href":"https:\/\/uj.adatbank.ro\/lexikon\/wp-json\/wp\/v2\/types\/product"}],"replies":[{"embeddable":true,"href":"https:\/\/uj.adatbank.ro\/lexikon\/wp-json\/wp\/v2\/comments?post=19549"}],"wp:attachment":[{"href":"https:\/\/uj.adatbank.ro\/lexikon\/wp-json\/wp\/v2\/media?parent=19549"}],"wp:term":[{"taxonomy":"product_brand","embeddable":true,"href":"https:\/\/uj.adatbank.ro\/lexikon\/wp-json\/wp\/v2\/product_brand?post=19549"},{"taxonomy":"product_cat","embeddable":true,"href":"https:\/\/uj.adatbank.ro\/lexikon\/wp-json\/wp\/v2\/product_cat?post=19549"},{"taxonomy":"product_tag","embeddable":true,"href":"https:\/\/uj.adatbank.ro\/lexikon\/wp-json\/wp\/v2\/product_tag?post=19549"}],"curies":[{"name":"wp","href":"https:\/\/api.w.org\/{rel}","templated":true}]}}