{"id":19556,"date":"2025-07-22T18:16:18","date_gmt":"2025-07-22T16:16:18","guid":{"rendered":"https:\/\/uj.adatbank.ro\/lexikon\/termek\/safar-gyorgy\/"},"modified":"2025-07-22T18:16:18","modified_gmt":"2025-07-22T16:16:18","slug":"safar-gyorgy","status":"publish","type":"product","link":"https:\/\/uj.adatbank.ro\/lexikon\/termek\/safar-gyorgy\/","title":{"rendered":"S\u00c1F\u00c1R Gy\u00f6rgy"},"content":{"rendered":"<p>? \u2020?: nemes. \u2013 A g\u00f6rg\u00e9nyszentimrei csal\u00e1db\u00f3l: S. Gy\u00f6rgy, S. Mikl\u00f3s (Kempelen szerint) Apafi Mih\u00e1lyt\u00f3l kapott nemeslevelet (1663. szept.17.). <br \/><strong>Irod.:<\/strong> Kempelen; P\u00e1lmay.<\/br><\/p>\n","protected":false},"excerpt":{"rendered":"<p>? \u2020?: nemes. \u2013 A g\u00f6rg\u00e9nyszentimrei csal\u00e1db\u00f3l: S. Gy\u00f6rgy, S. Mikl\u00f3s (Kempelen szerint) Apafi Mih\u00e1lyt\u00f3l kapott nemeslevelet (1663. szept.17.). Irod.: Kempelen; P\u00e1lmay.<\/p>\n","protected":false},"featured_media":0,"comment_status":"open","ping_status":"closed","template":"","meta":[],"product_brand":[],"product_cat":[137],"product_tag":[],"class_list":{"0":"post-19556","1":"product","2":"type-product","3":"status-publish","5":"product_cat-maros-megyei-eletrajzi-lexikon","7":"first","8":"instock","9":"shipping-taxable","10":"product-type-simple"},"_links":{"self":[{"href":"https:\/\/uj.adatbank.ro\/lexikon\/wp-json\/wp\/v2\/product\/19556","targetHints":{"allow":["GET"]}}],"collection":[{"href":"https:\/\/uj.adatbank.ro\/lexikon\/wp-json\/wp\/v2\/product"}],"about":[{"href":"https:\/\/uj.adatbank.ro\/lexikon\/wp-json\/wp\/v2\/types\/product"}],"replies":[{"embeddable":true,"href":"https:\/\/uj.adatbank.ro\/lexikon\/wp-json\/wp\/v2\/comments?post=19556"}],"wp:attachment":[{"href":"https:\/\/uj.adatbank.ro\/lexikon\/wp-json\/wp\/v2\/media?parent=19556"}],"wp:term":[{"taxonomy":"product_brand","embeddable":true,"href":"https:\/\/uj.adatbank.ro\/lexikon\/wp-json\/wp\/v2\/product_brand?post=19556"},{"taxonomy":"product_cat","embeddable":true,"href":"https:\/\/uj.adatbank.ro\/lexikon\/wp-json\/wp\/v2\/product_cat?post=19556"},{"taxonomy":"product_tag","embeddable":true,"href":"https:\/\/uj.adatbank.ro\/lexikon\/wp-json\/wp\/v2\/product_tag?post=19556"}],"curies":[{"name":"wp","href":"https:\/\/api.w.org\/{rel}","templated":true}]}}