{"id":19565,"date":"2025-07-22T18:16:42","date_gmt":"2025-07-22T16:16:42","guid":{"rendered":"https:\/\/uj.adatbank.ro\/lexikon\/termek\/sala-mihaly\/"},"modified":"2025-07-22T18:16:42","modified_gmt":"2025-07-22T16:16:42","slug":"sala-mihaly","status":"publish","type":"product","link":"https:\/\/uj.adatbank.ro\/lexikon\/termek\/sala-mihaly\/","title":{"rendered":"SALA Mih\u00e1ly"},"content":{"rendered":"<p>? \u2020\u00a01779. okt. 28.: unit. lelk\u00e9sz. \u2013 Az \u0151si Toroczkai csal\u00e1db\u00f3l sz\u00e1rmazott. Szab\u00e9don volt pap. A marosi egyh\u00e1zk\u00f6r esperese (1759\u2013), k\u00f6z\u00fcgyigazgat\u00f3 (1773\u2013). <br \/><strong>Irod.:<\/strong> K\u00e9nosi\u2013Uzoni 1.,2.<\/br><\/p>\n","protected":false},"excerpt":{"rendered":"<p>? \u2020\u00a01779. okt. 28.: unit. lelk\u00e9sz. \u2013 Az \u0151si Toroczkai csal\u00e1db\u00f3l sz\u00e1rmazott. Szab\u00e9don volt pap. A marosi egyh\u00e1zk\u00f6r esperese (1759\u2013), k\u00f6z\u00fcgyigazgat\u00f3 (1773\u2013). Irod.: K\u00e9nosi\u2013Uzoni 1.,2.<\/p>\n","protected":false},"featured_media":0,"comment_status":"open","ping_status":"closed","template":"","meta":[],"product_brand":[],"product_cat":[137],"product_tag":[],"class_list":{"0":"post-19565","1":"product","2":"type-product","3":"status-publish","5":"product_cat-maros-megyei-eletrajzi-lexikon","7":"first","8":"instock","9":"shipping-taxable","10":"product-type-simple"},"_links":{"self":[{"href":"https:\/\/uj.adatbank.ro\/lexikon\/wp-json\/wp\/v2\/product\/19565","targetHints":{"allow":["GET"]}}],"collection":[{"href":"https:\/\/uj.adatbank.ro\/lexikon\/wp-json\/wp\/v2\/product"}],"about":[{"href":"https:\/\/uj.adatbank.ro\/lexikon\/wp-json\/wp\/v2\/types\/product"}],"replies":[{"embeddable":true,"href":"https:\/\/uj.adatbank.ro\/lexikon\/wp-json\/wp\/v2\/comments?post=19565"}],"wp:attachment":[{"href":"https:\/\/uj.adatbank.ro\/lexikon\/wp-json\/wp\/v2\/media?parent=19565"}],"wp:term":[{"taxonomy":"product_brand","embeddable":true,"href":"https:\/\/uj.adatbank.ro\/lexikon\/wp-json\/wp\/v2\/product_brand?post=19565"},{"taxonomy":"product_cat","embeddable":true,"href":"https:\/\/uj.adatbank.ro\/lexikon\/wp-json\/wp\/v2\/product_cat?post=19565"},{"taxonomy":"product_tag","embeddable":true,"href":"https:\/\/uj.adatbank.ro\/lexikon\/wp-json\/wp\/v2\/product_tag?post=19565"}],"curies":[{"name":"wp","href":"https:\/\/api.w.org\/{rel}","templated":true}]}}