{"id":19576,"date":"2025-07-22T18:17:03","date_gmt":"2025-07-22T16:17:03","guid":{"rendered":"https:\/\/uj.adatbank.ro\/lexikon\/termek\/salamon-istvan-steven-salamon\/"},"modified":"2025-07-22T18:17:03","modified_gmt":"2025-07-22T16:17:03","slug":"salamon-istvan-steven-salamon","status":"publish","type":"product","link":"https:\/\/uj.adatbank.ro\/lexikon\/termek\/salamon-istvan-steven-salamon\/","title":{"rendered":"SALAMON Istv\u00e1n, Steven Salamon"},"content":{"rendered":"<p>Mv., 1918. okt. 8., \u2020?: okleveles mez\u0151gazda, biol\u00f3gus, agr\u00e1rm\u00e9rn\u00f6k, kutat\u00f3. \u2013 Apai nagysz\u00fclei ny\u00e1r\u00e1dremeteiek, gyermekkor\u00e1t t\u00f6lt\u00f6tte n\u00e1luk. A mv.-i R.K. Fi\u00faf\u0151gimn\u00e1ziumban tanult, majd Kv.-on az Agr\u00e1rtudom\u00e1nyi F\u0151iskol\u00e1n \u00e9s Bp.-en a J\u00f3zsef N\u00e1ndor M\u0171szaki \u00e9s Gazdas\u00e1gtudom\u00e1nyi Egyetemen v\u00e9gzett; r\u00e9szt vett a II. vh.-ban, szovjet hadifogs\u00e1gban volt (1945\u201347); visszat\u00e9rt \u00e9s folytatta kutat\u00f3i tev\u00e9kenys\u00e9g\u00e9t Bp.-en. Tudom\u00e1nyos kutat\u00f3 az \u00c1llattani Tudom\u00e1nyos Kutat\u00f3 Int\u00e9zetben (1948\u201356), aspir\u00e1ns Moszkv\u00e1ban (1952\u201355), doktor\u00e1lt (1955), majd a juhteny\u00e9szt\u00e9s szakoszt\u00e1ly f\u0151n\u00f6ke a Kutat\u00f3 Int\u00e9zetben. Emigr\u00e1lt N\u00e9meto.-ba (1956), azut\u00e1n Ausztr\u00e1li\u00e1ban telepedett le, ahol a Sidney-i \u00c1llatorvosi Egyetem \u00c1llattani Katedr\u00e1j\u00e1n dolgozott mint egyetemi tan\u00e1r, kutat\u00f3professzori fokozatot \u00e9rt el (1958\u201382). A rendszerv\u00e1lt\u00e1s ut\u00e1n lehet\u0151v\u00e9 v\u00e1lt, hogy gyakran hazal\u00e1togasson. Minden \u00e9vben Bp.-en t\u00f6lt\u00f6tte a ny\u00e1ri h\u00f3napokat, \u00e9s ell\u00e1togatott sz\u00fcl\u0151v\u00e1ros\u00e1ba, Mv.-re is. R\u00e9szt vett a R.\u00a0K. Gimn. \u00f6regdi\u00e1kjainak \u00f6sszej\u00f6vetel\u00e9n (2012). Kutat\u00e1si ter\u00fclete: h\u00e1zi\u00e1llatok szaporod\u00e1s-biol\u00f3gi\u00e1ja, a mesters\u00e9ges megterm\u00e9keny\u00edt\u00e9s. Tudom\u00e1nyos munk\u00e1i jelentek meg szakfoly\u00f3iratokban, k\u00f6nyvei angol, n\u00e9met, spanyol nyelven l\u00e1ttak napvil\u00e1got, tudom\u00e1nyos nemzetk\u00f6zi konferenci\u00e1kon oroszul, angolul \u00e9s franci\u00e1ul tartott el\u0151ad\u00e1sokat. A MTA (k\u00fcls\u0151 1993) tagja, Ausztr\u00e1lia \u00c9rdemrendj\u00e9nek birtokosa (1994). \u2013 <strong>F. m.<\/strong>: Fogyaszt\u00e1si sz\u00f6vetkezetek: R\u00e9szlet a Magyar sz\u00f6vetkezetek Erd\u00e9lyben a rom\u00e1n megsz\u00e1ll\u00e1s alatt \u00e9s a b\u00e9csi d\u00f6nt\u00e9skor c. doktori \u00e9rtekez\u00e9s\u00e9b\u0151l (Mv., 1944); Kanyarg\u00f3s \u00e9let (Mv., 2005). <br \/><strong>Irod.:<\/strong> Er\u0151s Attila: Memo\u00e1r: S. I.: Kanyarg\u00f3s \u00c9let (M\u00fazsa, 727. sz., N\u00fa., 2006. febr. 25.); K\u00fclf\u00f6ldi; Magy kutat\u00f3k; MNL; Ny\u00e1r\u00e1dremete; Todea.<\/br><\/p>\n","protected":false},"excerpt":{"rendered":"<p>Mv., 1918. okt. 8., \u2020?: okleveles mez\u0151gazda, biol\u00f3gus, agr\u00e1rm\u00e9rn\u00f6k, kutat\u00f3. \u2013 Apai nagysz\u00fclei ny\u00e1r\u00e1dremeteiek, gyermekkor\u00e1t t\u00f6lt\u00f6tte n\u00e1luk. A mv.-i R.K. Fi\u00faf\u0151gimn\u00e1ziumban tanult, majd Kv.-on az Agr\u00e1rtudom\u00e1nyi F\u0151iskol\u00e1n \u00e9s Bp.-en a J\u00f3zsef N\u00e1ndor M\u0171szaki \u00e9s Gazdas\u00e1gtudom\u00e1nyi Egyetemen v\u00e9gzett; r\u00e9szt vett a II. vh.-ban, szovjet hadifogs\u00e1gban volt (1945\u201347); visszat\u00e9rt \u00e9s folytatta kutat\u00f3i tev\u00e9kenys\u00e9g\u00e9t Bp.-en. Tudom\u00e1nyos kutat\u00f3 az [&hellip;]<\/p>\n","protected":false},"featured_media":0,"comment_status":"open","ping_status":"closed","template":"","meta":[],"product_brand":[],"product_cat":[137],"product_tag":[],"class_list":{"0":"post-19576","1":"product","2":"type-product","3":"status-publish","5":"product_cat-maros-megyei-eletrajzi-lexikon","7":"first","8":"instock","9":"shipping-taxable","10":"product-type-simple"},"_links":{"self":[{"href":"https:\/\/uj.adatbank.ro\/lexikon\/wp-json\/wp\/v2\/product\/19576","targetHints":{"allow":["GET"]}}],"collection":[{"href":"https:\/\/uj.adatbank.ro\/lexikon\/wp-json\/wp\/v2\/product"}],"about":[{"href":"https:\/\/uj.adatbank.ro\/lexikon\/wp-json\/wp\/v2\/types\/product"}],"replies":[{"embeddable":true,"href":"https:\/\/uj.adatbank.ro\/lexikon\/wp-json\/wp\/v2\/comments?post=19576"}],"wp:attachment":[{"href":"https:\/\/uj.adatbank.ro\/lexikon\/wp-json\/wp\/v2\/media?parent=19576"}],"wp:term":[{"taxonomy":"product_brand","embeddable":true,"href":"https:\/\/uj.adatbank.ro\/lexikon\/wp-json\/wp\/v2\/product_brand?post=19576"},{"taxonomy":"product_cat","embeddable":true,"href":"https:\/\/uj.adatbank.ro\/lexikon\/wp-json\/wp\/v2\/product_cat?post=19576"},{"taxonomy":"product_tag","embeddable":true,"href":"https:\/\/uj.adatbank.ro\/lexikon\/wp-json\/wp\/v2\/product_tag?post=19576"}],"curies":[{"name":"wp","href":"https:\/\/api.w.org\/{rel}","templated":true}]}}