{"id":19582,"date":"2025-07-22T18:17:14","date_gmt":"2025-07-22T16:17:14","guid":{"rendered":"https:\/\/uj.adatbank.ro\/lexikon\/termek\/salamon-lajos\/"},"modified":"2025-07-22T18:17:14","modified_gmt":"2025-07-22T16:17:14","slug":"salamon-lajos","status":"publish","type":"product","link":"https:\/\/uj.adatbank.ro\/lexikon\/termek\/salamon-lajos\/","title":{"rendered":"SALAMON Lajos"},"content":{"rendered":"<p>Ny\u00e1r\u00e1dremete, 1888., \u2020\u00a0Mv., 1953?: tan\u00e1r. \u2013 A mv.-i Ref. Koll. tanul\u00f3ja, gyakran szerepelt az \u00f6szt\u00f6nd\u00edjjal kit\u00fcntetett tanul\u00f3k n\u00e9vsor\u00e1ban. Matematika \u00e9s term\u00e9szetrajztan\u00e1ra (1911\u2013). \u00d3raad\u00f3 tan\u00e1r volt (1934\u201335), a R. K. Tan\u00edt\u00f3k\u00e9pz\u0151ben k\u00e9mia-term\u00e9szetrajztan\u00e1r volt (1935 \u2013), a mv.-i R. K. Gimn\u00e1ziumban mennyis\u00e9gtant \u00e9s term\u00e9szettant tan\u00edtott (1940\u201345.). Hossz\u00fa ideig a bentlak\u00e1s aligazgat\u00f3ja volt. <br \/><strong>Irod.:<\/strong> H\u00e1bor\u00fas nevel\u00e9s: Besz\u00e9dek \u00e9s el\u0151ad\u00e1sok az Erd\u00e9lyi R\u00f3m Kath Tan\u00e1rok 1943. j\u00fal. 4\u20135 napjain tartott Mv.-i Kongresszus\u00e1n (Mv., 1943); Moln\u00e1r Mikl\u00f3s: Eremitu-Ny\u00e1r\u00e1dremete k\u00f6zs\u00e9g keletkez\u00e9s\u00e9nek \u00e9s fejl\u0151d\u00e9s\u00e9nek t\u00f6rt\u00e9nete (Mv., 1931); Ny\u00e1r\u00e1dremete; Mv. t\u00f6rt. 2.; R. K. Okt.-1; Szab\u00f3 K. Attila.<\/br><\/p>\n","protected":false},"excerpt":{"rendered":"<p>Ny\u00e1r\u00e1dremete, 1888., \u2020\u00a0Mv., 1953?: tan\u00e1r. \u2013 A mv.-i Ref. Koll. tanul\u00f3ja, gyakran szerepelt az \u00f6szt\u00f6nd\u00edjjal kit\u00fcntetett tanul\u00f3k n\u00e9vsor\u00e1ban. Matematika \u00e9s term\u00e9szetrajztan\u00e1ra (1911\u2013). \u00d3raad\u00f3 tan\u00e1r volt (1934\u201335), a R. K. Tan\u00edt\u00f3k\u00e9pz\u0151ben k\u00e9mia-term\u00e9szetrajztan\u00e1r volt (1935 \u2013), a mv.-i R. K. Gimn\u00e1ziumban mennyis\u00e9gtant \u00e9s term\u00e9szettant tan\u00edtott (1940\u201345.). Hossz\u00fa ideig a bentlak\u00e1s aligazgat\u00f3ja volt. Irod.: H\u00e1bor\u00fas nevel\u00e9s: Besz\u00e9dek \u00e9s [&hellip;]<\/p>\n","protected":false},"featured_media":0,"comment_status":"open","ping_status":"closed","template":"","meta":[],"product_brand":[],"product_cat":[137],"product_tag":[],"class_list":{"0":"post-19582","1":"product","2":"type-product","3":"status-publish","5":"product_cat-maros-megyei-eletrajzi-lexikon","7":"first","8":"instock","9":"shipping-taxable","10":"product-type-simple"},"_links":{"self":[{"href":"https:\/\/uj.adatbank.ro\/lexikon\/wp-json\/wp\/v2\/product\/19582","targetHints":{"allow":["GET"]}}],"collection":[{"href":"https:\/\/uj.adatbank.ro\/lexikon\/wp-json\/wp\/v2\/product"}],"about":[{"href":"https:\/\/uj.adatbank.ro\/lexikon\/wp-json\/wp\/v2\/types\/product"}],"replies":[{"embeddable":true,"href":"https:\/\/uj.adatbank.ro\/lexikon\/wp-json\/wp\/v2\/comments?post=19582"}],"wp:attachment":[{"href":"https:\/\/uj.adatbank.ro\/lexikon\/wp-json\/wp\/v2\/media?parent=19582"}],"wp:term":[{"taxonomy":"product_brand","embeddable":true,"href":"https:\/\/uj.adatbank.ro\/lexikon\/wp-json\/wp\/v2\/product_brand?post=19582"},{"taxonomy":"product_cat","embeddable":true,"href":"https:\/\/uj.adatbank.ro\/lexikon\/wp-json\/wp\/v2\/product_cat?post=19582"},{"taxonomy":"product_tag","embeddable":true,"href":"https:\/\/uj.adatbank.ro\/lexikon\/wp-json\/wp\/v2\/product_tag?post=19582"}],"curies":[{"name":"wp","href":"https:\/\/api.w.org\/{rel}","templated":true}]}}