{"id":19592,"date":"2025-07-22T18:17:32","date_gmt":"2025-07-22T16:17:32","guid":{"rendered":"https:\/\/uj.adatbank.ro\/lexikon\/termek\/salat-ferenc\/"},"modified":"2025-07-22T18:17:32","modified_gmt":"2025-07-22T16:17:32","slug":"salat-ferenc","status":"publish","type":"product","link":"https:\/\/uj.adatbank.ro\/lexikon\/termek\/salat-ferenc\/","title":{"rendered":"SALAT Ferenc"},"content":{"rendered":"<p>Mikh\u00e1za, 1893.,\u00a0\u2020?: gazd\u00e1lkod\u00f3. \u2013 \u00c9desapja tan\u00edtotta a f\u00f6ldm\u0171vel\u00e9sre. Az els\u0151 vh.-ban a 23. gy. e.-ben az orosz fronton mint \u0151rvezet\u0151 harcolt. Az I. o. ez\u00fcst, bronz vit. \u00e9. \u00e9s a K\u00e1roly Csapatkereszt kit\u00fcntetettje volt. Tekint\u00e9lyes polg\u00e1ra volt a k\u00f6zs\u00e9gnek, haszon\u00e1llatteny\u00e9szt\u00e9ssel is foglalkozott. <br \/><strong>Irod.:<\/strong> Sz\u00e9kelyf\u00f6ld \u00ed. k.<\/br><\/p>\n","protected":false},"excerpt":{"rendered":"<p>Mikh\u00e1za, 1893.,\u00a0\u2020?: gazd\u00e1lkod\u00f3. \u2013 \u00c9desapja tan\u00edtotta a f\u00f6ldm\u0171vel\u00e9sre. Az els\u0151 vh.-ban a 23. gy. e.-ben az orosz fronton mint \u0151rvezet\u0151 harcolt. Az I. o. ez\u00fcst, bronz vit. \u00e9. \u00e9s a K\u00e1roly Csapatkereszt kit\u00fcntetettje volt. Tekint\u00e9lyes polg\u00e1ra volt a k\u00f6zs\u00e9gnek, haszon\u00e1llatteny\u00e9szt\u00e9ssel is foglalkozott. Irod.: Sz\u00e9kelyf\u00f6ld \u00ed. k.<\/p>\n","protected":false},"featured_media":0,"comment_status":"open","ping_status":"closed","template":"","meta":[],"product_brand":[],"product_cat":[137],"product_tag":[],"class_list":{"0":"post-19592","1":"product","2":"type-product","3":"status-publish","5":"product_cat-maros-megyei-eletrajzi-lexikon","7":"first","8":"instock","9":"shipping-taxable","10":"product-type-simple"},"_links":{"self":[{"href":"https:\/\/uj.adatbank.ro\/lexikon\/wp-json\/wp\/v2\/product\/19592","targetHints":{"allow":["GET"]}}],"collection":[{"href":"https:\/\/uj.adatbank.ro\/lexikon\/wp-json\/wp\/v2\/product"}],"about":[{"href":"https:\/\/uj.adatbank.ro\/lexikon\/wp-json\/wp\/v2\/types\/product"}],"replies":[{"embeddable":true,"href":"https:\/\/uj.adatbank.ro\/lexikon\/wp-json\/wp\/v2\/comments?post=19592"}],"wp:attachment":[{"href":"https:\/\/uj.adatbank.ro\/lexikon\/wp-json\/wp\/v2\/media?parent=19592"}],"wp:term":[{"taxonomy":"product_brand","embeddable":true,"href":"https:\/\/uj.adatbank.ro\/lexikon\/wp-json\/wp\/v2\/product_brand?post=19592"},{"taxonomy":"product_cat","embeddable":true,"href":"https:\/\/uj.adatbank.ro\/lexikon\/wp-json\/wp\/v2\/product_cat?post=19592"},{"taxonomy":"product_tag","embeddable":true,"href":"https:\/\/uj.adatbank.ro\/lexikon\/wp-json\/wp\/v2\/product_tag?post=19592"}],"curies":[{"name":"wp","href":"https:\/\/api.w.org\/{rel}","templated":true}]}}