{"id":19595,"date":"2025-07-22T18:17:40","date_gmt":"2025-07-22T16:17:40","guid":{"rendered":"https:\/\/uj.adatbank.ro\/lexikon\/termek\/salat-istvan\/"},"modified":"2025-07-22T18:17:40","modified_gmt":"2025-07-22T16:17:40","slug":"salat-istvan","status":"publish","type":"product","link":"https:\/\/uj.adatbank.ro\/lexikon\/termek\/salat-istvan\/","title":{"rendered":"SALAT Istv\u00e1n"},"content":{"rendered":"<p>Mikh\u00e1za, 1879.,\u00a0\u2020?: gazd\u00e1lkod\u00f3. \u2013 \u00c9desapja mellett tanult meg gazd\u00e1lkodni. Az els\u0151 vh.-ban a 62. gy. e.-ben a francia fronton harcolt. Tekint\u00e9lyes polg\u00e1ra a k\u00f6zs\u00e9gnek, b\u00edr\u00f3, a MP \u00f6r\u00f6k\u00f6s tagja volt <br \/><strong>Irod.:<\/strong> Sz\u00e9kelyf\u00f6ld \u00ed. k.<\/br><\/p>\n","protected":false},"excerpt":{"rendered":"<p>Mikh\u00e1za, 1879.,\u00a0\u2020?: gazd\u00e1lkod\u00f3. \u2013 \u00c9desapja mellett tanult meg gazd\u00e1lkodni. Az els\u0151 vh.-ban a 62. gy. e.-ben a francia fronton harcolt. Tekint\u00e9lyes polg\u00e1ra a k\u00f6zs\u00e9gnek, b\u00edr\u00f3, a MP \u00f6r\u00f6k\u00f6s tagja volt Irod.: Sz\u00e9kelyf\u00f6ld \u00ed. k.<\/p>\n","protected":false},"featured_media":0,"comment_status":"open","ping_status":"closed","template":"","meta":[],"product_brand":[],"product_cat":[137],"product_tag":[],"class_list":{"0":"post-19595","1":"product","2":"type-product","3":"status-publish","5":"product_cat-maros-megyei-eletrajzi-lexikon","7":"first","8":"instock","9":"shipping-taxable","10":"product-type-simple"},"_links":{"self":[{"href":"https:\/\/uj.adatbank.ro\/lexikon\/wp-json\/wp\/v2\/product\/19595","targetHints":{"allow":["GET"]}}],"collection":[{"href":"https:\/\/uj.adatbank.ro\/lexikon\/wp-json\/wp\/v2\/product"}],"about":[{"href":"https:\/\/uj.adatbank.ro\/lexikon\/wp-json\/wp\/v2\/types\/product"}],"replies":[{"embeddable":true,"href":"https:\/\/uj.adatbank.ro\/lexikon\/wp-json\/wp\/v2\/comments?post=19595"}],"wp:attachment":[{"href":"https:\/\/uj.adatbank.ro\/lexikon\/wp-json\/wp\/v2\/media?parent=19595"}],"wp:term":[{"taxonomy":"product_brand","embeddable":true,"href":"https:\/\/uj.adatbank.ro\/lexikon\/wp-json\/wp\/v2\/product_brand?post=19595"},{"taxonomy":"product_cat","embeddable":true,"href":"https:\/\/uj.adatbank.ro\/lexikon\/wp-json\/wp\/v2\/product_cat?post=19595"},{"taxonomy":"product_tag","embeddable":true,"href":"https:\/\/uj.adatbank.ro\/lexikon\/wp-json\/wp\/v2\/product_tag?post=19595"}],"curies":[{"name":"wp","href":"https:\/\/api.w.org\/{rel}","templated":true}]}}