{"id":19600,"date":"2025-07-22T18:17:56","date_gmt":"2025-07-22T16:17:56","guid":{"rendered":"https:\/\/uj.adatbank.ro\/lexikon\/termek\/salcudean-pavel-salcudean-paul\/"},"modified":"2025-07-22T18:17:56","modified_gmt":"2025-07-22T16:17:56","slug":"salcudean-pavel-salcudean-paul","status":"publish","type":"product","link":"https:\/\/uj.adatbank.ro\/lexikon\/termek\/salcudean-pavel-salcudean-paul\/","title":{"rendered":"S\u0102LCUDEAN, Pavel, S\u0103lcudean, Paul"},"content":{"rendered":"<p>Sz\u00e9kelykocs\u00e1rd, 1925. dec. 17., \u2020 Mv., 1992.: lakatos, politikus, ezredes. \u2013 S. Teodor vasutas \u00e9s Maria fia. K\u00e9tszer n\u0151s\u00fclt, k\u00e9t gyermeke a m\u00e1sodik h\u00e1zass\u00e1g\u00e1b\u00f3l sz\u00fcletett. \u2013 A mv.-i Scoala de arte si meserii iskol\u00e1ban v\u00e9gzet h\u00e1rom oszt\u00e1lyt (1937\u201340). A B\u00e9csi D\u00f6nt\u00e9s ut\u00e1n a csal\u00e1d Tord\u00e1ra menek\u00fclt, ahol folytatta tanulm\u00e1nyait \u00e9s \u00e9retts\u00e9gizett. Szakk\u00e9pzetlen munk\u00e1sk\u00e9nt a tordai \u00fcveggy\u00e1rban dolgozott egy \u00e9vet, Avrigban \/ Feleken a fegyvergy\u00e1rban k\u00f6zel k\u00e9t \u00e9vet, lakatos a tordai \u00fcveggy\u00e1rban (1943. febr.\u2013), majd a t\u00f6visi vas\u00fat\u00e1llom\u00e1son volt lakatos (1945. febr. \u2013). KISZ tag (1945. \u00e1pr.\u2013), a t\u00f6visi j\u00e1r\u00e1s KISZ Bizotts\u00e1g\u00e1nak titk\u00e1ra (1945. m\u00e1j.\u2013). A t\u00f6visi \u00e9s nagyenyedi RKP Bizotts\u00e1g\u00e1nak titk\u00e1ra (1945. aug. \u2013 48. febr.). Katonai kik\u00e9pz\u00e9sen vett r\u00e9szt (1948), majd Breaz\u00e1ban politikai tiszti iskol\u00e1t v\u00e9gzett (1950. aug.). A Bel\u00fcgyminiszt\u00e9rium K\u00fcl\u00fcgyi Inform\u00e1ci\u00f3k oszt\u00e1ly\u00e1ra helyezt\u00e9k mint f\u0151hadnagy (1950). A sv\u00e9dorsz\u00e1gi Rom\u00e1n K\u00f6vets\u00e9gen volt diplomata, m\u00edg a sv\u00e9d hat\u00f3s\u00e1gok \u201epersona non grata\u201d-nak nem nyilv\u00e1n\u00edtott\u00e1k (1951). Szolg\u00e1latot teljes\u00edtett Buk.-ben (1951\u201355); a Bel\u00fcgyminiszt\u00e9rium MAT Megyei Igazgat\u00f3s\u00e1g\u00e1ra helyezt\u00e9k (1955\u201368), amely egys\u00e9gn\u00e9l vez\u00e9rf\u0151n\u00f6k volt az igazgat\u00f3s\u00e1g megsz\u0171n\u00e9s\u00e9ig (1967). A Maros megyei p\u00e1rtbizotts\u00e1g b\u00fcr\u00f3j\u00e1nak tagja (1967\u201374), a Maros Megyei Securitate Inspektor\u00e1tus\u00e1n sz\u00e1zados, \u0151rnagy, alezredes, ezredes (1955 \u00e9s 1967 k\u00f6z\u00f6tt), a Tartom\u00e1nyi Inspektor\u00e1tus f\u0151n\u00f6ke volt (1968\u201374). Tartal\u00e9kba helyezt\u00e9k (1974. aug. 5. \u2013). \u00cdr\u00e1sai jelentek meg a Securitate c. foly\u00f3iratban. <br \/><strong>Irod.:<\/strong> Aranykorszak; Bartos Zolt\u00e1n: Din culisele Securit\u0103\u0163ii mure\u015fene. Cazul colonelului P. S.: documente (Marisia, 32\u201333, 2013); htp: \/\/www. cnsas.ro\/documente\/cadrele securit\u0103\u0163ii \/SALCUDEAN % 20 Pavel.pdf.<\/br><\/p>\n","protected":false},"excerpt":{"rendered":"<p>Sz\u00e9kelykocs\u00e1rd, 1925. dec. 17., \u2020 Mv., 1992.: lakatos, politikus, ezredes. \u2013 S. Teodor vasutas \u00e9s Maria fia. K\u00e9tszer n\u0151s\u00fclt, k\u00e9t gyermeke a m\u00e1sodik h\u00e1zass\u00e1g\u00e1b\u00f3l sz\u00fcletett. \u2013 A mv.-i Scoala de arte si meserii iskol\u00e1ban v\u00e9gzet h\u00e1rom oszt\u00e1lyt (1937\u201340). A B\u00e9csi D\u00f6nt\u00e9s ut\u00e1n a csal\u00e1d Tord\u00e1ra menek\u00fclt, ahol folytatta tanulm\u00e1nyait \u00e9s \u00e9retts\u00e9gizett. Szakk\u00e9pzetlen munk\u00e1sk\u00e9nt a tordai [&hellip;]<\/p>\n","protected":false},"featured_media":0,"comment_status":"open","ping_status":"closed","template":"","meta":[],"product_brand":[],"product_cat":[137],"product_tag":[],"class_list":{"0":"post-19600","1":"product","2":"type-product","3":"status-publish","5":"product_cat-maros-megyei-eletrajzi-lexikon","7":"first","8":"instock","9":"shipping-taxable","10":"product-type-simple"},"_links":{"self":[{"href":"https:\/\/uj.adatbank.ro\/lexikon\/wp-json\/wp\/v2\/product\/19600","targetHints":{"allow":["GET"]}}],"collection":[{"href":"https:\/\/uj.adatbank.ro\/lexikon\/wp-json\/wp\/v2\/product"}],"about":[{"href":"https:\/\/uj.adatbank.ro\/lexikon\/wp-json\/wp\/v2\/types\/product"}],"replies":[{"embeddable":true,"href":"https:\/\/uj.adatbank.ro\/lexikon\/wp-json\/wp\/v2\/comments?post=19600"}],"wp:attachment":[{"href":"https:\/\/uj.adatbank.ro\/lexikon\/wp-json\/wp\/v2\/media?parent=19600"}],"wp:term":[{"taxonomy":"product_brand","embeddable":true,"href":"https:\/\/uj.adatbank.ro\/lexikon\/wp-json\/wp\/v2\/product_brand?post=19600"},{"taxonomy":"product_cat","embeddable":true,"href":"https:\/\/uj.adatbank.ro\/lexikon\/wp-json\/wp\/v2\/product_cat?post=19600"},{"taxonomy":"product_tag","embeddable":true,"href":"https:\/\/uj.adatbank.ro\/lexikon\/wp-json\/wp\/v2\/product_tag?post=19600"}],"curies":[{"name":"wp","href":"https:\/\/api.w.org\/{rel}","templated":true}]}}