{"id":19608,"date":"2025-07-22T18:18:11","date_gmt":"2025-07-22T16:18:11","guid":{"rendered":"https:\/\/uj.adatbank.ro\/lexikon\/termek\/salm-antal-reifferscheldi-gr\/"},"modified":"2025-07-22T18:18:11","modified_gmt":"2025-07-22T16:18:11","slug":"salm-antal-reifferscheldi-gr","status":"publish","type":"product","link":"https:\/\/uj.adatbank.ro\/lexikon\/termek\/salm-antal-reifferscheldi-gr\/","title":{"rendered":"SALM Antal, reifferscheldi gr."},"content":{"rendered":"<p>? \u2020?: szen\u00e1tor. \u2013 K\u00e9t fi\u00e1val Xav. Ferenczzel M. Ter\u00e9zia kir\u00e1lyasszony kamar\u00e1s\u00e1val \u00e9s K\u00e1rollyal egy\u00fctt az 1764. \u00e9vi orsz\u00e1ggy\u0171l\u00e9sen magyar honfi\u00fas\u00edt\u00e1st nyertek. Salm Antal gr\u00f3f, magyar indigen\u00e1tust nyert; M\u00e1ria Ter\u00e9zia magyar kir\u00e1lyn\u0151t\u0151l, 1765. \u00e1prilis 10.). <br \/><strong>Irod.:<\/strong> F\u00fcl\u00f6p\u2013Ferencz, Nagy Iv\u00e1n; Sz\u00e1deczky Lajos: A sz\u00e9kely hat\u00e1r\u0151rs\u00e9g szervez\u00e9se 1762\u201364-ben okiratt\u00e1rral (Bp., 1908).<\/br><\/p>\n","protected":false},"excerpt":{"rendered":"<p>? \u2020?: szen\u00e1tor. \u2013 K\u00e9t fi\u00e1val Xav. Ferenczzel M. Ter\u00e9zia kir\u00e1lyasszony kamar\u00e1s\u00e1val \u00e9s K\u00e1rollyal egy\u00fctt az 1764. \u00e9vi orsz\u00e1ggy\u0171l\u00e9sen magyar honfi\u00fas\u00edt\u00e1st nyertek. Salm Antal gr\u00f3f, magyar indigen\u00e1tust nyert; M\u00e1ria Ter\u00e9zia magyar kir\u00e1lyn\u0151t\u0151l, 1765. \u00e1prilis 10.). Irod.: F\u00fcl\u00f6p\u2013Ferencz, Nagy Iv\u00e1n; Sz\u00e1deczky Lajos: A sz\u00e9kely hat\u00e1r\u0151rs\u00e9g szervez\u00e9se 1762\u201364-ben okiratt\u00e1rral (Bp., 1908).<\/p>\n","protected":false},"featured_media":0,"comment_status":"open","ping_status":"closed","template":"","meta":[],"product_brand":[],"product_cat":[137],"product_tag":[],"class_list":{"0":"post-19608","1":"product","2":"type-product","3":"status-publish","5":"product_cat-maros-megyei-eletrajzi-lexikon","7":"first","8":"instock","9":"shipping-taxable","10":"product-type-simple"},"_links":{"self":[{"href":"https:\/\/uj.adatbank.ro\/lexikon\/wp-json\/wp\/v2\/product\/19608","targetHints":{"allow":["GET"]}}],"collection":[{"href":"https:\/\/uj.adatbank.ro\/lexikon\/wp-json\/wp\/v2\/product"}],"about":[{"href":"https:\/\/uj.adatbank.ro\/lexikon\/wp-json\/wp\/v2\/types\/product"}],"replies":[{"embeddable":true,"href":"https:\/\/uj.adatbank.ro\/lexikon\/wp-json\/wp\/v2\/comments?post=19608"}],"wp:attachment":[{"href":"https:\/\/uj.adatbank.ro\/lexikon\/wp-json\/wp\/v2\/media?parent=19608"}],"wp:term":[{"taxonomy":"product_brand","embeddable":true,"href":"https:\/\/uj.adatbank.ro\/lexikon\/wp-json\/wp\/v2\/product_brand?post=19608"},{"taxonomy":"product_cat","embeddable":true,"href":"https:\/\/uj.adatbank.ro\/lexikon\/wp-json\/wp\/v2\/product_cat?post=19608"},{"taxonomy":"product_tag","embeddable":true,"href":"https:\/\/uj.adatbank.ro\/lexikon\/wp-json\/wp\/v2\/product_tag?post=19608"}],"curies":[{"name":"wp","href":"https:\/\/api.w.org\/{rel}","templated":true}]}}