{"id":1961,"date":"2025-06-28T11:59:21","date_gmt":"2025-06-28T09:59:21","guid":{"rendered":"https:\/\/uj.adatbank.ro\/lexikon\/termek\/balazs-andras\/"},"modified":"2025-06-28T11:59:21","modified_gmt":"2025-06-28T09:59:21","slug":"balazs-andras","status":"publish","type":"product","link":"https:\/\/uj.adatbank.ro\/lexikon\/termek\/balazs-andras\/","title":{"rendered":"BAL\u00c1ZS Andr\u00e1s"},"content":{"rendered":"<p>? \u2020 ? : f\u0151tanfel\u00fcgyel\u0151. \u2013 Mv.-en m\u0171k\u00f6d\u00f6tt (1949 k.). \u2013 <strong>F. m.:<\/strong> A rom\u00e1n uralom \u00e9vei, 1919\u20131925. (Dics\u0151szentm\u00e1rton, 1925). <br \/><strong>Irod.:<\/strong> Gy\u00f6rgy 1927; Sipos<\/br><\/p>\n","protected":false},"excerpt":{"rendered":"<p>? \u2020 ? : f\u0151tanfel\u00fcgyel\u0151. \u2013 Mv.-en m\u0171k\u00f6d\u00f6tt (1949 k.). \u2013 F. m.: A rom\u00e1n uralom \u00e9vei, 1919\u20131925. (Dics\u0151szentm\u00e1rton, 1925). Irod.: Gy\u00f6rgy 1927; Sipos<\/p>\n","protected":false},"featured_media":0,"comment_status":"open","ping_status":"closed","template":"","meta":[],"product_brand":[],"product_cat":[137],"product_tag":[],"class_list":{"0":"post-1961","1":"product","2":"type-product","3":"status-publish","5":"product_cat-maros-megyei-eletrajzi-lexikon","7":"first","8":"instock","9":"shipping-taxable","10":"product-type-simple"},"_links":{"self":[{"href":"https:\/\/uj.adatbank.ro\/lexikon\/wp-json\/wp\/v2\/product\/1961","targetHints":{"allow":["GET"]}}],"collection":[{"href":"https:\/\/uj.adatbank.ro\/lexikon\/wp-json\/wp\/v2\/product"}],"about":[{"href":"https:\/\/uj.adatbank.ro\/lexikon\/wp-json\/wp\/v2\/types\/product"}],"replies":[{"embeddable":true,"href":"https:\/\/uj.adatbank.ro\/lexikon\/wp-json\/wp\/v2\/comments?post=1961"}],"wp:attachment":[{"href":"https:\/\/uj.adatbank.ro\/lexikon\/wp-json\/wp\/v2\/media?parent=1961"}],"wp:term":[{"taxonomy":"product_brand","embeddable":true,"href":"https:\/\/uj.adatbank.ro\/lexikon\/wp-json\/wp\/v2\/product_brand?post=1961"},{"taxonomy":"product_cat","embeddable":true,"href":"https:\/\/uj.adatbank.ro\/lexikon\/wp-json\/wp\/v2\/product_cat?post=1961"},{"taxonomy":"product_tag","embeddable":true,"href":"https:\/\/uj.adatbank.ro\/lexikon\/wp-json\/wp\/v2\/product_tag?post=1961"}],"curies":[{"name":"wp","href":"https:\/\/api.w.org\/{rel}","templated":true}]}}