{"id":19615,"date":"2025-07-22T18:18:29","date_gmt":"2025-07-22T16:18:29","guid":{"rendered":"https:\/\/uj.adatbank.ro\/lexikon\/termek\/samarghitan-ion-ioan\/"},"modified":"2025-07-22T18:18:29","modified_gmt":"2025-07-22T16:18:29","slug":"samarghitan-ion-ioan","status":"publish","type":"product","link":"https:\/\/uj.adatbank.ro\/lexikon\/termek\/samarghitan-ion-ioan\/","title":{"rendered":"S\u0102M\u0102RGHI\u0162AN, Ion, Ioan"},"content":{"rendered":"<p>? \u2020?: ort. pap. \u2013 Bonyh\u00e1n, Nagycsergeden tev\u00e9kenykedett, itt b\u00fajtatta az \u00fcld\u00f6z\u00f6tt Nichifor Crainicot, emiatt letart\u00f3ztatt\u00e1k \u00e9s \u00f6t \u00e9vi b\u00f6rt\u00f6nb\u00fcntet\u00e9st t\u00f6lt\u00f6tt le (1951\u2013). Kiszabadul\u00e1sa ut\u00e1n Csergedre, majd Cs\u00fcd\u0151telk\u00e9re ker\u00fclt (1960\u201373), v\u00e9g\u00fcl Dics\u0151szentm\u00e1rtonba, ahol szolg\u00e1lata idej\u00e9ben festett\u00e9k ki az azel\u0151tt fel\u00e9p\u00edtett, de be nem fejezett dics\u0151i ort. Szenth\u00e1roms\u00e1g templomot (1973\u201384). <br \/><strong>Irod.:<\/strong> Iloaie; T\u00e2rn\u0103veni, cult. \u2013 ist.<\/br><\/p>\n","protected":false},"excerpt":{"rendered":"<p>? \u2020?: ort. pap. \u2013 Bonyh\u00e1n, Nagycsergeden tev\u00e9kenykedett, itt b\u00fajtatta az \u00fcld\u00f6z\u00f6tt Nichifor Crainicot, emiatt letart\u00f3ztatt\u00e1k \u00e9s \u00f6t \u00e9vi b\u00f6rt\u00f6nb\u00fcntet\u00e9st t\u00f6lt\u00f6tt le (1951\u2013). Kiszabadul\u00e1sa ut\u00e1n Csergedre, majd Cs\u00fcd\u0151telk\u00e9re ker\u00fclt (1960\u201373), v\u00e9g\u00fcl Dics\u0151szentm\u00e1rtonba, ahol szolg\u00e1lata idej\u00e9ben festett\u00e9k ki az azel\u0151tt fel\u00e9p\u00edtett, de be nem fejezett dics\u0151i ort. Szenth\u00e1roms\u00e1g templomot (1973\u201384). Irod.: Iloaie; T\u00e2rn\u0103veni, cult. \u2013 ist.<\/p>\n","protected":false},"featured_media":0,"comment_status":"open","ping_status":"closed","template":"","meta":[],"product_brand":[],"product_cat":[137],"product_tag":[],"class_list":{"0":"post-19615","1":"product","2":"type-product","3":"status-publish","5":"product_cat-maros-megyei-eletrajzi-lexikon","7":"first","8":"instock","9":"shipping-taxable","10":"product-type-simple"},"_links":{"self":[{"href":"https:\/\/uj.adatbank.ro\/lexikon\/wp-json\/wp\/v2\/product\/19615","targetHints":{"allow":["GET"]}}],"collection":[{"href":"https:\/\/uj.adatbank.ro\/lexikon\/wp-json\/wp\/v2\/product"}],"about":[{"href":"https:\/\/uj.adatbank.ro\/lexikon\/wp-json\/wp\/v2\/types\/product"}],"replies":[{"embeddable":true,"href":"https:\/\/uj.adatbank.ro\/lexikon\/wp-json\/wp\/v2\/comments?post=19615"}],"wp:attachment":[{"href":"https:\/\/uj.adatbank.ro\/lexikon\/wp-json\/wp\/v2\/media?parent=19615"}],"wp:term":[{"taxonomy":"product_brand","embeddable":true,"href":"https:\/\/uj.adatbank.ro\/lexikon\/wp-json\/wp\/v2\/product_brand?post=19615"},{"taxonomy":"product_cat","embeddable":true,"href":"https:\/\/uj.adatbank.ro\/lexikon\/wp-json\/wp\/v2\/product_cat?post=19615"},{"taxonomy":"product_tag","embeddable":true,"href":"https:\/\/uj.adatbank.ro\/lexikon\/wp-json\/wp\/v2\/product_tag?post=19615"}],"curies":[{"name":"wp","href":"https:\/\/api.w.org\/{rel}","templated":true}]}}