{"id":1963,"date":"2025-06-28T11:59:24","date_gmt":"2025-06-28T09:59:24","guid":{"rendered":"https:\/\/uj.adatbank.ro\/lexikon\/termek\/balazs-antal\/"},"modified":"2025-06-28T11:59:24","modified_gmt":"2025-06-28T09:59:24","slug":"balazs-antal","status":"publish","type":"product","link":"https:\/\/uj.adatbank.ro\/lexikon\/termek\/balazs-antal\/","title":{"rendered":"BAL\u00c1ZS Antal"},"content":{"rendered":"<p>Bar\u00f3t, 1834. jan. 17., \u2020 Nagyszeben, 1897. aug. 4.: r. k. pap. \u2013 Gimn.-ot v\u00e9gzett Kant\u00e1n \u00e9s Kv.-on, teol\u00f3gi\u00e1t Gyulafeh\u00e9rv\u00e1ron, ahol papp\u00e1 szentelt\u00e9k (1857. j\u00fan. 7.). Gyulafeh\u00e9rv\u00e1ron tan\u00edtott, majd m\u0171k\u00f6d\u00f6tt Mez\u0151szengyelen (1863\u201366), Cs\u00edkmindszenten (1866\u201368). Gimn.-i tan\u00e1r Mv.-en (1868\u201375), majd a Cs\u00edkszentsimon-Csat\u00f3szeg pl\u00e9b\u00e1ni\u00e1t vezette (1875\u2013), Korondon pl\u00e9b\u00e1nos (1883\u201394). A KMTT tagja (1869). Cikkeket k\u00f6z\u00f6lt az erd\u00e9lyi lapokban (1856\u2013). Az Erd\u00e9ly c. lap szerk.-je (1871. j\u00fan. \u2013 1872. dec.), majd a tulajdonosa (1873\u2013). <br \/><strong>Irod.:<\/strong> Ferenczi S\u00e1ndor 2009; KMTT<\/br><\/p>\n","protected":false},"excerpt":{"rendered":"<p>Bar\u00f3t, 1834. jan. 17., \u2020 Nagyszeben, 1897. aug. 4.: r. k. pap. \u2013 Gimn.-ot v\u00e9gzett Kant\u00e1n \u00e9s Kv.-on, teol\u00f3gi\u00e1t Gyulafeh\u00e9rv\u00e1ron, ahol papp\u00e1 szentelt\u00e9k (1857. j\u00fan. 7.). Gyulafeh\u00e9rv\u00e1ron tan\u00edtott, majd m\u0171k\u00f6d\u00f6tt Mez\u0151szengyelen (1863\u201366), Cs\u00edkmindszenten (1866\u201368). Gimn.-i tan\u00e1r Mv.-en (1868\u201375), majd a Cs\u00edkszentsimon-Csat\u00f3szeg pl\u00e9b\u00e1ni\u00e1t vezette (1875\u2013), Korondon pl\u00e9b\u00e1nos (1883\u201394). A KMTT tagja (1869). Cikkeket k\u00f6z\u00f6lt az erd\u00e9lyi [&hellip;]<\/p>\n","protected":false},"featured_media":0,"comment_status":"open","ping_status":"closed","template":"","meta":[],"product_brand":[],"product_cat":[137],"product_tag":[],"class_list":{"0":"post-1963","1":"product","2":"type-product","3":"status-publish","5":"product_cat-maros-megyei-eletrajzi-lexikon","7":"first","8":"instock","9":"shipping-taxable","10":"product-type-simple"},"_links":{"self":[{"href":"https:\/\/uj.adatbank.ro\/lexikon\/wp-json\/wp\/v2\/product\/1963","targetHints":{"allow":["GET"]}}],"collection":[{"href":"https:\/\/uj.adatbank.ro\/lexikon\/wp-json\/wp\/v2\/product"}],"about":[{"href":"https:\/\/uj.adatbank.ro\/lexikon\/wp-json\/wp\/v2\/types\/product"}],"replies":[{"embeddable":true,"href":"https:\/\/uj.adatbank.ro\/lexikon\/wp-json\/wp\/v2\/comments?post=1963"}],"wp:attachment":[{"href":"https:\/\/uj.adatbank.ro\/lexikon\/wp-json\/wp\/v2\/media?parent=1963"}],"wp:term":[{"taxonomy":"product_brand","embeddable":true,"href":"https:\/\/uj.adatbank.ro\/lexikon\/wp-json\/wp\/v2\/product_brand?post=1963"},{"taxonomy":"product_cat","embeddable":true,"href":"https:\/\/uj.adatbank.ro\/lexikon\/wp-json\/wp\/v2\/product_cat?post=1963"},{"taxonomy":"product_tag","embeddable":true,"href":"https:\/\/uj.adatbank.ro\/lexikon\/wp-json\/wp\/v2\/product_tag?post=1963"}],"curies":[{"name":"wp","href":"https:\/\/api.w.org\/{rel}","templated":true}]}}

BALÁZS Antal

<p>Barót, 1834. jan. 17., † Nagyszeben, 1897. aug. 4.: r. k. pap. – Gimn.-ot végzett Kantán és Kv.-on, teológiát Gyulafehérváron, ahol pappá szentelték (1857. jún. 7.). Gyulafehérváron tanított, majd működött Mezőszengyelen (1863–66), Csíkmindszenten (1866–68). Gimn.-i tanár Mv.-en (1868–75), majd a Csíkszentsimon-Csatószeg plébániát vezette (1875–), Korondon plébános (1883–94). A KMTT tagja (1869). Cikkeket közölt az erdélyi lapokban (1856–). Az Erdély c. lap szerk.-je (1871. jún. – 1872. dec.), majd a tulajdonosa (1873–). <br /><strong>Irod.:</strong> Ferenczi Sándor 2009; KMTT</br></p>

<p>Barót, 1834. jan. 17., † Nagyszeben, 1897. aug. 4.: r. k. pap. – Gimn.-ot végzett Kantán és Kv.-on, teológiát Gyulafehérváron, ahol pappá szentelték (1857. jún. 7.). Gyulafehérváron tanított, majd működött Mezőszengyelen (1863–66), Csíkmindszenten (1866–68). Gimn.-i tanár Mv.-en (1868–75), majd a Csíkszentsimon-Csatószeg plébániát vezette (1875–), Korondon plébános (1883–94). A KMTT tagja (1869). Cikkeket közölt az erdélyi [&hellip;]</p>
