{"id":19639,"date":"2025-07-22T18:19:18","date_gmt":"2025-07-22T16:19:18","guid":{"rendered":"https:\/\/uj.adatbank.ro\/lexikon\/termek\/sandor-6\/"},"modified":"2025-07-22T18:19:18","modified_gmt":"2025-07-22T16:19:18","slug":"sandor-6","status":"publish","type":"product","link":"https:\/\/uj.adatbank.ro\/lexikon\/termek\/sandor-6\/","title":{"rendered":"S\u00c1NDOR"},"content":{"rendered":"<p>Kisbirtokos csal\u00e1d Maroscsap\u00f3n, ahol k\u00fari\u00e1juk volt. <br \/><strong>Irod.:<\/strong> Keresztes Gyula. \u00d6r\u00f6ks\u00e9g\u00fcnk 39.: A maroscsap\u00f3i udvarh\u00e1zak (N\u00fa., 1993. szept. 24.).<\/br><\/p>\n","protected":false},"excerpt":{"rendered":"<p>Kisbirtokos csal\u00e1d Maroscsap\u00f3n, ahol k\u00fari\u00e1juk volt. Irod.: Keresztes Gyula. \u00d6r\u00f6ks\u00e9g\u00fcnk 39.: A maroscsap\u00f3i udvarh\u00e1zak (N\u00fa., 1993. szept. 24.).<\/p>\n","protected":false},"featured_media":0,"comment_status":"open","ping_status":"closed","template":"","meta":[],"product_brand":[],"product_cat":[137],"product_tag":[],"class_list":{"0":"post-19639","1":"product","2":"type-product","3":"status-publish","5":"product_cat-maros-megyei-eletrajzi-lexikon","7":"first","8":"instock","9":"shipping-taxable","10":"product-type-simple"},"_links":{"self":[{"href":"https:\/\/uj.adatbank.ro\/lexikon\/wp-json\/wp\/v2\/product\/19639","targetHints":{"allow":["GET"]}}],"collection":[{"href":"https:\/\/uj.adatbank.ro\/lexikon\/wp-json\/wp\/v2\/product"}],"about":[{"href":"https:\/\/uj.adatbank.ro\/lexikon\/wp-json\/wp\/v2\/types\/product"}],"replies":[{"embeddable":true,"href":"https:\/\/uj.adatbank.ro\/lexikon\/wp-json\/wp\/v2\/comments?post=19639"}],"wp:attachment":[{"href":"https:\/\/uj.adatbank.ro\/lexikon\/wp-json\/wp\/v2\/media?parent=19639"}],"wp:term":[{"taxonomy":"product_brand","embeddable":true,"href":"https:\/\/uj.adatbank.ro\/lexikon\/wp-json\/wp\/v2\/product_brand?post=19639"},{"taxonomy":"product_cat","embeddable":true,"href":"https:\/\/uj.adatbank.ro\/lexikon\/wp-json\/wp\/v2\/product_cat?post=19639"},{"taxonomy":"product_tag","embeddable":true,"href":"https:\/\/uj.adatbank.ro\/lexikon\/wp-json\/wp\/v2\/product_tag?post=19639"}],"curies":[{"name":"wp","href":"https:\/\/api.w.org\/{rel}","templated":true}]}}