{"id":19648,"date":"2025-07-22T18:19:42","date_gmt":"2025-07-22T16:19:42","guid":{"rendered":"https:\/\/uj.adatbank.ro\/lexikon\/termek\/sandor-bonaventura-ferenc-p\/"},"modified":"2025-07-22T18:19:42","modified_gmt":"2025-07-22T16:19:42","slug":"sandor-bonaventura-ferenc-p","status":"publish","type":"product","link":"https:\/\/uj.adatbank.ro\/lexikon\/termek\/sandor-bonaventura-ferenc-p\/","title":{"rendered":"S\u00c1NDOR Bonaventura Ferenc, P."},"content":{"rendered":"<p>K\u00e1szonjakabfalva, 1836. j\u00fal. 19., \u2020 Radn\u00f3t, 1890. m\u00e1j. 22.: ferences szerzetes. \u2013 Be\u00f6lt\u00f6z\u00f6tt (1854. okt. 23.), felszentelt\u00e9k (1859. aug. 29.). A cs\u00edksomly\u00f3i P\u00e1duai Szent Antal-T\u00e1rsulatnak vezet\u0151je (1865\u201366., 1868\u201372). Szt Ferenc-rendi \u00e1ldoz\u00f3 pap Radn\u00f3ton. <br \/><strong>Irod.:<\/strong> Gy\u00e1szjelent\u0151; Gy\u00f6rgy: A ferencrendiek.<\/br><\/p>\n","protected":false},"excerpt":{"rendered":"<p>K\u00e1szonjakabfalva, 1836. j\u00fal. 19., \u2020 Radn\u00f3t, 1890. m\u00e1j. 22.: ferences szerzetes. \u2013 Be\u00f6lt\u00f6z\u00f6tt (1854. okt. 23.), felszentelt\u00e9k (1859. aug. 29.). A cs\u00edksomly\u00f3i P\u00e1duai Szent Antal-T\u00e1rsulatnak vezet\u0151je (1865\u201366., 1868\u201372). Szt Ferenc-rendi \u00e1ldoz\u00f3 pap Radn\u00f3ton. Irod.: Gy\u00e1szjelent\u0151; Gy\u00f6rgy: A ferencrendiek.<\/p>\n","protected":false},"featured_media":0,"comment_status":"open","ping_status":"closed","template":"","meta":[],"product_brand":[],"product_cat":[137],"product_tag":[],"class_list":{"0":"post-19648","1":"product","2":"type-product","3":"status-publish","5":"product_cat-maros-megyei-eletrajzi-lexikon","7":"first","8":"instock","9":"shipping-taxable","10":"product-type-simple"},"_links":{"self":[{"href":"https:\/\/uj.adatbank.ro\/lexikon\/wp-json\/wp\/v2\/product\/19648","targetHints":{"allow":["GET"]}}],"collection":[{"href":"https:\/\/uj.adatbank.ro\/lexikon\/wp-json\/wp\/v2\/product"}],"about":[{"href":"https:\/\/uj.adatbank.ro\/lexikon\/wp-json\/wp\/v2\/types\/product"}],"replies":[{"embeddable":true,"href":"https:\/\/uj.adatbank.ro\/lexikon\/wp-json\/wp\/v2\/comments?post=19648"}],"wp:attachment":[{"href":"https:\/\/uj.adatbank.ro\/lexikon\/wp-json\/wp\/v2\/media?parent=19648"}],"wp:term":[{"taxonomy":"product_brand","embeddable":true,"href":"https:\/\/uj.adatbank.ro\/lexikon\/wp-json\/wp\/v2\/product_brand?post=19648"},{"taxonomy":"product_cat","embeddable":true,"href":"https:\/\/uj.adatbank.ro\/lexikon\/wp-json\/wp\/v2\/product_cat?post=19648"},{"taxonomy":"product_tag","embeddable":true,"href":"https:\/\/uj.adatbank.ro\/lexikon\/wp-json\/wp\/v2\/product_tag?post=19648"}],"curies":[{"name":"wp","href":"https:\/\/api.w.org\/{rel}","templated":true}]}}