{"id":1965,"date":"2025-06-28T11:59:27","date_gmt":"2025-06-28T09:59:27","guid":{"rendered":"https:\/\/uj.adatbank.ro\/lexikon\/termek\/balazs-dezso\/"},"modified":"2025-06-28T11:59:27","modified_gmt":"2025-06-28T09:59:27","slug":"balazs-dezso","status":"publish","type":"product","link":"https:\/\/uj.adatbank.ro\/lexikon\/termek\/balazs-dezso\/","title":{"rendered":"BAL\u00c1ZS Dezs\u0151"},"content":{"rendered":"<p>Cs\u00edktapl\u00f3ca, 1906., \u2020 ? : r. k. pl\u00e9b\u00e1nos. \u2013 Tanulm\u00e1nyait Cs\u00edkszered\u00e1n, Gyulafeh\u00e1rv\u00e1ron v\u00e9gezte. Papp\u00e1 szentelt\u00e9k (1920). Szolg\u00e1lt Sz\u00e1rhegyen mint k\u00e1pl\u00e1n, Sz\u00e9kelyudvarhelyen, Mv.-en, D\u00e9sakn\u00e1n parochus lelk\u00e9sz. Pl\u00e9b\u00e1nos Nasz\u00f3don, G\u00f6rg\u00e9ny\u00fcvegcs\u0171rben (1940\u201343), Dem\u00e9nyh\u00e1z\u00e1n (1947. okt. \u201360). Dem\u00e9nyh\u00e1zi tev\u00e9kenys\u00e9ge idej\u00e9n \u00e1llamos\u00edtott\u00e1k az iskol\u00e1t (1948) \u00e9s megsz\u00fcntett\u00e9k a k\u00e1ntortan\u00edt\u00f3i \u00e1ll\u00e1st. Ny\u00e1r\u00e1dszered\u00e1ban pl\u00e9b\u00e1nos (1959\u201364), Jobb\u00e1gyfalv\u00e1ra helyezt\u00e9k (1964\u201380). <br \/><strong>Irod.:<\/strong> Cs\u00edkfalva; Maros-k\u00fck\u00fcll\u0151i f\u0151esp.; Sz\u00e9kelyf\u00f6ld \u00ed. k.<\/br><\/p>\n","protected":false},"excerpt":{"rendered":"<p>Cs\u00edktapl\u00f3ca, 1906., \u2020 ? : r. k. pl\u00e9b\u00e1nos. \u2013 Tanulm\u00e1nyait Cs\u00edkszered\u00e1n, Gyulafeh\u00e1rv\u00e1ron v\u00e9gezte. Papp\u00e1 szentelt\u00e9k (1920). Szolg\u00e1lt Sz\u00e1rhegyen mint k\u00e1pl\u00e1n, Sz\u00e9kelyudvarhelyen, Mv.-en, D\u00e9sakn\u00e1n parochus lelk\u00e9sz. Pl\u00e9b\u00e1nos Nasz\u00f3don, G\u00f6rg\u00e9ny\u00fcvegcs\u0171rben (1940\u201343), Dem\u00e9nyh\u00e1z\u00e1n (1947. okt. \u201360). Dem\u00e9nyh\u00e1zi tev\u00e9kenys\u00e9ge idej\u00e9n \u00e1llamos\u00edtott\u00e1k az iskol\u00e1t (1948) \u00e9s megsz\u00fcntett\u00e9k a k\u00e1ntortan\u00edt\u00f3i \u00e1ll\u00e1st. Ny\u00e1r\u00e1dszered\u00e1ban pl\u00e9b\u00e1nos (1959\u201364), Jobb\u00e1gyfalv\u00e1ra helyezt\u00e9k (1964\u201380). Irod.: Cs\u00edkfalva; Maros-k\u00fck\u00fcll\u0151i f\u0151esp.; [&hellip;]<\/p>\n","protected":false},"featured_media":0,"comment_status":"open","ping_status":"closed","template":"","meta":[],"product_brand":[],"product_cat":[137],"product_tag":[],"class_list":{"0":"post-1965","1":"product","2":"type-product","3":"status-publish","5":"product_cat-maros-megyei-eletrajzi-lexikon","7":"first","8":"instock","9":"shipping-taxable","10":"product-type-simple"},"_links":{"self":[{"href":"https:\/\/uj.adatbank.ro\/lexikon\/wp-json\/wp\/v2\/product\/1965","targetHints":{"allow":["GET"]}}],"collection":[{"href":"https:\/\/uj.adatbank.ro\/lexikon\/wp-json\/wp\/v2\/product"}],"about":[{"href":"https:\/\/uj.adatbank.ro\/lexikon\/wp-json\/wp\/v2\/types\/product"}],"replies":[{"embeddable":true,"href":"https:\/\/uj.adatbank.ro\/lexikon\/wp-json\/wp\/v2\/comments?post=1965"}],"wp:attachment":[{"href":"https:\/\/uj.adatbank.ro\/lexikon\/wp-json\/wp\/v2\/media?parent=1965"}],"wp:term":[{"taxonomy":"product_brand","embeddable":true,"href":"https:\/\/uj.adatbank.ro\/lexikon\/wp-json\/wp\/v2\/product_brand?post=1965"},{"taxonomy":"product_cat","embeddable":true,"href":"https:\/\/uj.adatbank.ro\/lexikon\/wp-json\/wp\/v2\/product_cat?post=1965"},{"taxonomy":"product_tag","embeddable":true,"href":"https:\/\/uj.adatbank.ro\/lexikon\/wp-json\/wp\/v2\/product_tag?post=1965"}],"curies":[{"name":"wp","href":"https:\/\/api.w.org\/{rel}","templated":true}]}}

BALÁZS Dezső

<p>Csíktaplóca, 1906., † ? : r. k. plébános. – Tanulmányait Csíkszeredán, Gyulafehárváron végezte. Pappá szentelték (1920). Szolgált Szárhegyen mint káplán, Székelyudvarhelyen, Mv.-en, Désaknán parochus lelkész. Plébános Naszódon, Görgényüvegcsűrben (1940–43), Deményházán (1947. okt. –60). Deményházi tevékenysége idején államosították az iskolát (1948) és megszüntették a kántortanítói állást. Nyárádszeredában plébános (1959–64), Jobbágyfalvára helyezték (1964–80). <br /><strong>Irod.:</strong> Csíkfalva; Maros-küküllői főesp.; Székelyföld í. k.</br></p>

<p>Csíktaplóca, 1906., † ? : r. k. plébános. – Tanulmányait Csíkszeredán, Gyulafehárváron végezte. Pappá szentelték (1920). Szolgált Szárhegyen mint káplán, Székelyudvarhelyen, Mv.-en, Désaknán parochus lelkész. Plébános Naszódon, Görgényüvegcsűrben (1940–43), Deményházán (1947. okt. –60). Deményházi tevékenysége idején államosították az iskolát (1948) és megszüntették a kántortanítói állást. Nyárádszeredában plébános (1959–64), Jobbágyfalvára helyezték (1964–80). Irod.: Csíkfalva; Maros-küküllői főesp.; [&hellip;]</p>
