{"id":19651,"date":"2025-07-22T18:19:49","date_gmt":"2025-07-22T16:19:49","guid":{"rendered":"https:\/\/uj.adatbank.ro\/lexikon\/termek\/sandor-domokos\/"},"modified":"2025-07-22T18:19:49","modified_gmt":"2025-07-22T16:19:49","slug":"sandor-domokos","status":"publish","type":"product","link":"https:\/\/uj.adatbank.ro\/lexikon\/termek\/sandor-domokos\/","title":{"rendered":"S\u00c1NDOR Domokos"},"content":{"rendered":"<p>B\u00f6z\u00f6d, 1844. m\u00e1j. 6. (Szinnyei szerint S\u00e1ndorfalv\u00e1n sz\u00fcl. 1839. szept. 2.) \u2020?: tan\u00e1r. \u2013 Apja lelkip\u00e1sztor. A k\u00f6z\u00e9piskol\u00e1t Mv.-en v\u00e9gezte, azut\u00e1n a G\u00f6ttingeni Egy. B\u00f6lcs. Kar\u00e1n (1864\u201365), a Marburgi Egy. Hittud. \u00e9s B\u00f6lcs. Kar\u00e1n (1865), az Utrechti Egy. Hittud. Kar\u00e1n (1865) tanult, de Kv. \u2013 Az Erd\u00e9lyi Figyel\u0151 seg\u00e9dszerkeszt\u0151je, majd a b\u00edr\u00f3i vizsg\u00e1t a mv.-i kir. \u00edt\u00e9l\u0151t\u00e1bl\u00e1n\u00e1l tette le (1880). Itt a m. nemzeti \u00e1lland\u00f3 sz\u00ednh\u00e1z l\u00e9tes\u00edt\u00e9s\u00e9t ind\u00edtv\u00e1nyozta \u00e9s t\u00f6bb t\u00e1ncvigalmat rendezett e sz\u00ednh\u00e1z alapj\u00e1ra; ez\u00e9rt \u00e9s a m. sz\u00edn\u00e9szet emel\u00e9se k\u00f6r\u00fcl kifejtett buzg\u00f3s\u00e1g\u00e1\u00e9rt Sztupa Andor sz\u00ednt\u00e1rsulata d\u00edsztagj\u00e1nak v\u00e1lasztotta (1882. szept. 28). De\u00e1k Ferenc temet\u00e9s\u00e9n mint az egyetemi k\u00f6r k\u00fcld\u00f6tte koszor\u00fat tett a \u00bbhaza b\u00f6lcse\u00ab ravatal\u00e1ra (1876. febr.). A mv.-i J\u00f3t\u00e9kony N\u0151-egylet \u00e9s Sz\u00e9kely \u00c1rvale\u00e1nyh\u00e1z est\u00e9lyein felolvas\u00e1sokat tartott, s e felolvas\u00e1sokat k\u00fcl\u00f6n f\u00fczetekben j\u00f3t\u00e9kony c\u00e9lokra kiadta, melyek 3\u20134 kiad\u00e1st is meg\u00e9rtek. Cs\u00edkmegy\u00e9ben a k\u00f6nyvnyomd\u00e1t \u00e9s a Sz\u00e9kelyf\u00f6ld c. h\u00edrlapot kezdem\u00e9nyezte (1882), Cs\u00edkszentmih\u00e1ly k\u00f6zs\u00e9g iskol\u00e1j\u00e1nak kioszt\u00e1s v\u00e9gett t\u00f6bb \u00edzben t\u00f6rt\u00e9nelmi munk\u00e1kat aj\u00e1nd\u00e9kozott. A gr\u00f3f Zichy Jen\u0151 tisztelet\u00e9re \u00e9s a bukovinai sz\u00e9kelyek fogadtat\u00e1s\u00e1n\u00e1l rendezett f\u00e1kly\u00e1smenetn\u00e9l besz\u00e9det tartott (1883. m\u00e1j. 15). B\u00e1r\u00f3i c\u00edmet nyert (1897). Az EMKE alap\u00edt\u00f3 \u00e9s v\u00e1lasztott v\u00e1lasztm\u00e1nyi tagja (1904\u20131906), a M.-Torda megyei v\u00e1lasztm\u00e1ny eln\u00f6ke. MT\u00e1rstud. Egyes\u00fclet alap\u00edt\u00f3 tagja (1907). Tagja volt a KZST-nek, az Erd\u00e9lyi R\u00f3m. Kat. Irodalmi Egyletnek, a mv.-i Kaszin\u00f3nak aleln\u00f6ke (1885), a Sz\u00e9kely-Egyletnek, a Korcsolya-Egyletnek titk\u00e1ra, a Kisbirtokos Orsz\u00e1gos F\u00f6ldhitelint\u00e9zet sz\u00e9kelyf\u00f6ldi k\u00e9pviselet\u00e9nek igazgat\u00f3ja s t\u00f6bb t\u00e1rsadalmi \u00e9s j\u00f3t\u00e9kony-c\u00e9l\u00fa egyletnek v\u00e1lasztm\u00e1nyi tagja. Kir. t\u00f6rv\u00e9nysz\u00e9ki b\u00edr\u00f3 K\u00e9zdiv\u00e1s\u00e1rhelyen (1886\u2013), majd Tord\u00e1n nyugd\u00edjaz\u00e1s\u00e1ig (1889\u20131897). Virilista Mv.-en (1887). Cikkei a Haz\u00e1nk \u00e9s K\u00fclf\u00f6ld, az Orsz\u00e1g-Vil\u00e1g, a Magyarorsz\u00e1g \u00e9s a Nagyvil\u00e1g, a F\u0151v\u00e1rosi Lapok, a Hermanst\u00e4dter Zeitung, a Vas\u00e1rnapi Ujs\u00e1g. a Pesti Napl\u00f3, a Kelet, a H\u00f6lgyek Lapja, a M. Polg\u00e1r, a Hon, Erd\u00e9lyi Hirad\u00f3, Erd\u00e9lyi \u00c9rtes\u00edt\u0151, Maros-Vid\u00e9k, mint helyettes-szerkeszt\u0151, Sz\u00e9kely Nemzet, Sz\u00e9kelyf\u00f6ld, H\u00f6lgyek Lapja \u00e9s Csal\u00e1di K\u00f6r c. lapokban. Arck\u00e9pe: k\u0151nyomat a H\u00f6lgyek Lapja munkat\u00e1rsai 1880. c. m\u0171lapon. \u00c1lnevei \u00e9s jegyei: Argus, Sz\u00e9kelyfy, Szentmih\u00e1lyi, Sz\u00e9kely g\u00f3b\u00e9. \u2013 <strong><strong>F. m.<\/strong><\/strong>: A n\u0151kr\u0151l a n\u0151knek. (Mv., 1877, 1879, 1880, 1903); A tiszteletbeli \u00e1llamhivatalnok: Humorisztikus rajz (Mv., 1879); Hull\u00f3 levelek. (Bp., 1905); Cs\u00f3k t\u00f6rt\u00e9nete; N\u0151kr\u0151l a n\u0151knek. <strong>antol\u00f3g.:<\/strong> A b\u0151r\u00f6nd-tolvaj = Eml\u00e9kk\u00f6nyv (Mv., 1883). <br \/><strong>Irod.:<\/strong> Bi\u00e1s Istv\u00e1n; F\u00fcl\u00f6p\u2013Ferencz; Gy\u00e1szjelent\u0151; Id\u0151t\u00e1r 2; Keresztes Gyula: \u00d6r\u00f6ks\u00e9g\u00fcnk 59.: A Mez\u0151s\u00e9g udvarh\u00e1zai (N\u00fa., 1994. j\u00fal. 15.); Kusz\u00e1lik\u2013Zal\u00e1nyi; Marosi-KZST; MT\u00e1rstud. Egyes\u00fclet; A M. T\u00e1rsadalomtudom\u00e1nyi Egyes\u00fclet alakul\u00e1sa (Bp., 1907), \u00d6kr\u00f6s; P\u00e1lmay, Rugonfalvi Kiss; S\u00e1ndor; Szinnyei.<\/br><\/p>\n","protected":false},"excerpt":{"rendered":"<p>B\u00f6z\u00f6d, 1844. m\u00e1j. 6. (Szinnyei szerint S\u00e1ndorfalv\u00e1n sz\u00fcl. 1839. szept. 2.) \u2020?: tan\u00e1r. \u2013 Apja lelkip\u00e1sztor. A k\u00f6z\u00e9piskol\u00e1t Mv.-en v\u00e9gezte, azut\u00e1n a G\u00f6ttingeni Egy. B\u00f6lcs. Kar\u00e1n (1864\u201365), a Marburgi Egy. Hittud. \u00e9s B\u00f6lcs. Kar\u00e1n (1865), az Utrechti Egy. Hittud. Kar\u00e1n (1865) tanult, de Kv. \u2013 Az Erd\u00e9lyi Figyel\u0151 seg\u00e9dszerkeszt\u0151je, majd a b\u00edr\u00f3i vizsg\u00e1t a mv.-i [&hellip;]<\/p>\n","protected":false},"featured_media":0,"comment_status":"open","ping_status":"closed","template":"","meta":[],"product_brand":[],"product_cat":[137],"product_tag":[],"class_list":{"0":"post-19651","1":"product","2":"type-product","3":"status-publish","5":"product_cat-maros-megyei-eletrajzi-lexikon","7":"first","8":"instock","9":"shipping-taxable","10":"product-type-simple"},"_links":{"self":[{"href":"https:\/\/uj.adatbank.ro\/lexikon\/wp-json\/wp\/v2\/product\/19651","targetHints":{"allow":["GET"]}}],"collection":[{"href":"https:\/\/uj.adatbank.ro\/lexikon\/wp-json\/wp\/v2\/product"}],"about":[{"href":"https:\/\/uj.adatbank.ro\/lexikon\/wp-json\/wp\/v2\/types\/product"}],"replies":[{"embeddable":true,"href":"https:\/\/uj.adatbank.ro\/lexikon\/wp-json\/wp\/v2\/comments?post=19651"}],"wp:attachment":[{"href":"https:\/\/uj.adatbank.ro\/lexikon\/wp-json\/wp\/v2\/media?parent=19651"}],"wp:term":[{"taxonomy":"product_brand","embeddable":true,"href":"https:\/\/uj.adatbank.ro\/lexikon\/wp-json\/wp\/v2\/product_brand?post=19651"},{"taxonomy":"product_cat","embeddable":true,"href":"https:\/\/uj.adatbank.ro\/lexikon\/wp-json\/wp\/v2\/product_cat?post=19651"},{"taxonomy":"product_tag","embeddable":true,"href":"https:\/\/uj.adatbank.ro\/lexikon\/wp-json\/wp\/v2\/product_tag?post=19651"}],"curies":[{"name":"wp","href":"https:\/\/api.w.org\/{rel}","templated":true}]}}