{"id":19652,"date":"2025-07-22T18:19:52","date_gmt":"2025-07-22T16:19:52","guid":{"rendered":"https:\/\/uj.adatbank.ro\/lexikon\/termek\/sandor-erno\/"},"modified":"2025-07-22T18:19:52","modified_gmt":"2025-07-22T16:19:52","slug":"sandor-erno","status":"publish","type":"product","link":"https:\/\/uj.adatbank.ro\/lexikon\/termek\/sandor-erno\/","title":{"rendered":"S\u00c1NDOR Ern\u0151"},"content":{"rendered":"<p>Arad, 1930. okt. 18., \u2020Mikh\u00e1za,: amat\u0151r szobr\u00e1sz. \u2013 Mikh\u00e1z\u00e1n \u00e9lt \u00e9s alkotott. <br \/><strong>Irod.:<\/strong> N.\u00fa. (2001. j\u00fal. 28.).<\/br><\/p>\n","protected":false},"excerpt":{"rendered":"<p>Arad, 1930. okt. 18., \u2020Mikh\u00e1za,: amat\u0151r szobr\u00e1sz. \u2013 Mikh\u00e1z\u00e1n \u00e9lt \u00e9s alkotott. Irod.: N.\u00fa. (2001. j\u00fal. 28.).<\/p>\n","protected":false},"featured_media":0,"comment_status":"open","ping_status":"closed","template":"","meta":[],"product_brand":[],"product_cat":[137],"product_tag":[],"class_list":{"0":"post-19652","1":"product","2":"type-product","3":"status-publish","5":"product_cat-maros-megyei-eletrajzi-lexikon","7":"first","8":"instock","9":"shipping-taxable","10":"product-type-simple"},"_links":{"self":[{"href":"https:\/\/uj.adatbank.ro\/lexikon\/wp-json\/wp\/v2\/product\/19652","targetHints":{"allow":["GET"]}}],"collection":[{"href":"https:\/\/uj.adatbank.ro\/lexikon\/wp-json\/wp\/v2\/product"}],"about":[{"href":"https:\/\/uj.adatbank.ro\/lexikon\/wp-json\/wp\/v2\/types\/product"}],"replies":[{"embeddable":true,"href":"https:\/\/uj.adatbank.ro\/lexikon\/wp-json\/wp\/v2\/comments?post=19652"}],"wp:attachment":[{"href":"https:\/\/uj.adatbank.ro\/lexikon\/wp-json\/wp\/v2\/media?parent=19652"}],"wp:term":[{"taxonomy":"product_brand","embeddable":true,"href":"https:\/\/uj.adatbank.ro\/lexikon\/wp-json\/wp\/v2\/product_brand?post=19652"},{"taxonomy":"product_cat","embeddable":true,"href":"https:\/\/uj.adatbank.ro\/lexikon\/wp-json\/wp\/v2\/product_cat?post=19652"},{"taxonomy":"product_tag","embeddable":true,"href":"https:\/\/uj.adatbank.ro\/lexikon\/wp-json\/wp\/v2\/product_tag?post=19652"}],"curies":[{"name":"wp","href":"https:\/\/api.w.org\/{rel}","templated":true}]}}