{"id":19653,"date":"2025-07-22T18:19:53","date_gmt":"2025-07-22T16:19:53","guid":{"rendered":"https:\/\/uj.adatbank.ro\/lexikon\/termek\/sandor-farkas-gyorgy-p\/"},"modified":"2025-07-22T18:19:53","modified_gmt":"2025-07-22T16:19:53","slug":"sandor-farkas-gyorgy-p","status":"publish","type":"product","link":"https:\/\/uj.adatbank.ro\/lexikon\/termek\/sandor-farkas-gyorgy-p\/","title":{"rendered":"S\u00c1NDOR Farkas Gy\u00f6rgy, P."},"content":{"rendered":"<p>Cs\u00edkszentsimon, 1711., \u2020 Fej\u00e9regyh\u00e1za, 1762. m\u00e1j. 18.: ferences szerzetes. \u2013 Be\u00f6lt\u00f6z\u00f6tt (1735. aug. 19.), felszentelt\u00e9k (1741. febr. 24.). Fej\u00e9regyh\u00e1z\u00e1n Haller P\u00e1l h\u00e1zi k\u00e1pl\u00e1nja volt. <br \/><strong>Irod.:<\/strong> Gy\u00f6rgy: A ferencrendiek.<\/br><\/p>\n","protected":false},"excerpt":{"rendered":"<p>Cs\u00edkszentsimon, 1711., \u2020 Fej\u00e9regyh\u00e1za, 1762. m\u00e1j. 18.: ferences szerzetes. \u2013 Be\u00f6lt\u00f6z\u00f6tt (1735. aug. 19.), felszentelt\u00e9k (1741. febr. 24.). Fej\u00e9regyh\u00e1z\u00e1n Haller P\u00e1l h\u00e1zi k\u00e1pl\u00e1nja volt. Irod.: Gy\u00f6rgy: A ferencrendiek.<\/p>\n","protected":false},"featured_media":0,"comment_status":"open","ping_status":"closed","template":"","meta":[],"product_brand":[],"product_cat":[137],"product_tag":[],"class_list":{"0":"post-19653","1":"product","2":"type-product","3":"status-publish","5":"product_cat-maros-megyei-eletrajzi-lexikon","7":"first","8":"instock","9":"shipping-taxable","10":"product-type-simple"},"_links":{"self":[{"href":"https:\/\/uj.adatbank.ro\/lexikon\/wp-json\/wp\/v2\/product\/19653","targetHints":{"allow":["GET"]}}],"collection":[{"href":"https:\/\/uj.adatbank.ro\/lexikon\/wp-json\/wp\/v2\/product"}],"about":[{"href":"https:\/\/uj.adatbank.ro\/lexikon\/wp-json\/wp\/v2\/types\/product"}],"replies":[{"embeddable":true,"href":"https:\/\/uj.adatbank.ro\/lexikon\/wp-json\/wp\/v2\/comments?post=19653"}],"wp:attachment":[{"href":"https:\/\/uj.adatbank.ro\/lexikon\/wp-json\/wp\/v2\/media?parent=19653"}],"wp:term":[{"taxonomy":"product_brand","embeddable":true,"href":"https:\/\/uj.adatbank.ro\/lexikon\/wp-json\/wp\/v2\/product_brand?post=19653"},{"taxonomy":"product_cat","embeddable":true,"href":"https:\/\/uj.adatbank.ro\/lexikon\/wp-json\/wp\/v2\/product_cat?post=19653"},{"taxonomy":"product_tag","embeddable":true,"href":"https:\/\/uj.adatbank.ro\/lexikon\/wp-json\/wp\/v2\/product_tag?post=19653"}],"curies":[{"name":"wp","href":"https:\/\/api.w.org\/{rel}","templated":true}]}}