{"id":19654,"date":"2025-07-22T18:19:55","date_gmt":"2025-07-22T16:19:55","guid":{"rendered":"https:\/\/uj.adatbank.ro\/lexikon\/termek\/sandor-ferenc\/"},"modified":"2025-07-22T18:19:55","modified_gmt":"2025-07-22T16:19:55","slug":"sandor-ferenc","status":"publish","type":"product","link":"https:\/\/uj.adatbank.ro\/lexikon\/termek\/sandor-ferenc\/","title":{"rendered":"S\u00c1NDOR Ferenc"},"content":{"rendered":"<p>Cs\u00edktapolca? \u2020 1770. m\u00e1j. 20.: r. k. pap. \u2013 Cs\u00edksomly\u00f3n \u00e9s Kv.-on tanult. Pl\u00e9b\u00e1nos volt Kozm\u00e1son (1748), Sz\u00e9kelyhodoson (1766), marosi esperes, apostoli f\u0151jegyz\u0151 (1762\u201370). <br \/><strong>Irod.:<\/strong> Ferenczi S\u00e1ndor 2009.<\/br><\/p>\n","protected":false},"excerpt":{"rendered":"<p>Cs\u00edktapolca? \u2020 1770. m\u00e1j. 20.: r. k. pap. \u2013 Cs\u00edksomly\u00f3n \u00e9s Kv.-on tanult. Pl\u00e9b\u00e1nos volt Kozm\u00e1son (1748), Sz\u00e9kelyhodoson (1766), marosi esperes, apostoli f\u0151jegyz\u0151 (1762\u201370). Irod.: Ferenczi S\u00e1ndor 2009.<\/p>\n","protected":false},"featured_media":0,"comment_status":"open","ping_status":"closed","template":"","meta":[],"product_brand":[],"product_cat":[137],"product_tag":[],"class_list":{"0":"post-19654","1":"product","2":"type-product","3":"status-publish","5":"product_cat-maros-megyei-eletrajzi-lexikon","7":"first","8":"instock","9":"shipping-taxable","10":"product-type-simple"},"_links":{"self":[{"href":"https:\/\/uj.adatbank.ro\/lexikon\/wp-json\/wp\/v2\/product\/19654","targetHints":{"allow":["GET"]}}],"collection":[{"href":"https:\/\/uj.adatbank.ro\/lexikon\/wp-json\/wp\/v2\/product"}],"about":[{"href":"https:\/\/uj.adatbank.ro\/lexikon\/wp-json\/wp\/v2\/types\/product"}],"replies":[{"embeddable":true,"href":"https:\/\/uj.adatbank.ro\/lexikon\/wp-json\/wp\/v2\/comments?post=19654"}],"wp:attachment":[{"href":"https:\/\/uj.adatbank.ro\/lexikon\/wp-json\/wp\/v2\/media?parent=19654"}],"wp:term":[{"taxonomy":"product_brand","embeddable":true,"href":"https:\/\/uj.adatbank.ro\/lexikon\/wp-json\/wp\/v2\/product_brand?post=19654"},{"taxonomy":"product_cat","embeddable":true,"href":"https:\/\/uj.adatbank.ro\/lexikon\/wp-json\/wp\/v2\/product_cat?post=19654"},{"taxonomy":"product_tag","embeddable":true,"href":"https:\/\/uj.adatbank.ro\/lexikon\/wp-json\/wp\/v2\/product_tag?post=19654"}],"curies":[{"name":"wp","href":"https:\/\/api.w.org\/{rel}","templated":true}]}}