{"id":19660,"date":"2025-07-22T18:20:11","date_gmt":"2025-07-22T16:20:11","guid":{"rendered":"https:\/\/uj.adatbank.ro\/lexikon\/termek\/sandor-gergely-kenosi\/"},"modified":"2025-07-22T18:20:11","modified_gmt":"2025-07-22T16:20:11","slug":"sandor-gergely-kenosi","status":"publish","type":"product","link":"https:\/\/uj.adatbank.ro\/lexikon\/termek\/sandor-gergely-kenosi\/","title":{"rendered":"S\u00c1NDOR Gergely, k\u00e9nosi"},"content":{"rendered":"<p>? \u2020\u00a01728. szept. 18.: \u00edt\u00e9l\u0151mester, f\u00f6ldbirtokos. \u2013 Apja S. P\u00e1l. \u2013 Kelementelk\u00e9n birtokos, amikor Kov\u00e1sznai Kelemen ott volt lelk\u00e9sz (1722\u201327). \u2013 Az erd\u00e9lyi korm\u00e1ny egyik tagja, a Deput\u00e1ci\u00f3, a t\u00f6rv\u00e9nyhat\u00f3s\u00e1gi f\u0151tiszts\u00e9g tagja (1709\u2013), udvarhelysz\u00e9ki alkir\u00e1lyb\u00edr\u00f3, majd kir\u00e1lyi \u00edt\u00e9l\u0151mester (1713\u201320 k.). Kiv\u00e1l\u00f3 unit. jog\u00e1sz, az unit.-ok egyik vez\u00e9regy\u00e9nis\u00e9ge, egy erd\u00e9lyirendi gazdas\u00e1gi reformbizotts\u00e1g eln\u00f6ke, fontos gazdas\u00e1gpolitikai koncepci\u00f3t dolgoztak ki (1725). Kelementelk\u00e9r\u0151l \u00e9venk\u00e9nt 100 v\u00e9ka b\u00faza sz\u00e1ll\u00edt\u00e1s\u00e1t \u00edg\u00e9rte a kv.-i tanoda fenntart\u00e1s\u00e1ra. <br \/><strong>Irod.:<\/strong> Kov\u00e1szna; K\u0151v\u00e1ry L\u00e1szl\u00f3 1899; Tr\u00f3cs\u00e1nyi 1988.<\/br><\/p>\n","protected":false},"excerpt":{"rendered":"<p>? \u2020\u00a01728. szept. 18.: \u00edt\u00e9l\u0151mester, f\u00f6ldbirtokos. \u2013 Apja S. P\u00e1l. \u2013 Kelementelk\u00e9n birtokos, amikor Kov\u00e1sznai Kelemen ott volt lelk\u00e9sz (1722\u201327). \u2013 Az erd\u00e9lyi korm\u00e1ny egyik tagja, a Deput\u00e1ci\u00f3, a t\u00f6rv\u00e9nyhat\u00f3s\u00e1gi f\u0151tiszts\u00e9g tagja (1709\u2013), udvarhelysz\u00e9ki alkir\u00e1lyb\u00edr\u00f3, majd kir\u00e1lyi \u00edt\u00e9l\u0151mester (1713\u201320 k.). Kiv\u00e1l\u00f3 unit. jog\u00e1sz, az unit.-ok egyik vez\u00e9regy\u00e9nis\u00e9ge, egy erd\u00e9lyirendi gazdas\u00e1gi reformbizotts\u00e1g eln\u00f6ke, fontos gazdas\u00e1gpolitikai koncepci\u00f3t [&hellip;]<\/p>\n","protected":false},"featured_media":0,"comment_status":"open","ping_status":"closed","template":"","meta":[],"product_brand":[],"product_cat":[137],"product_tag":[],"class_list":{"0":"post-19660","1":"product","2":"type-product","3":"status-publish","5":"product_cat-maros-megyei-eletrajzi-lexikon","7":"first","8":"instock","9":"shipping-taxable","10":"product-type-simple"},"_links":{"self":[{"href":"https:\/\/uj.adatbank.ro\/lexikon\/wp-json\/wp\/v2\/product\/19660","targetHints":{"allow":["GET"]}}],"collection":[{"href":"https:\/\/uj.adatbank.ro\/lexikon\/wp-json\/wp\/v2\/product"}],"about":[{"href":"https:\/\/uj.adatbank.ro\/lexikon\/wp-json\/wp\/v2\/types\/product"}],"replies":[{"embeddable":true,"href":"https:\/\/uj.adatbank.ro\/lexikon\/wp-json\/wp\/v2\/comments?post=19660"}],"wp:attachment":[{"href":"https:\/\/uj.adatbank.ro\/lexikon\/wp-json\/wp\/v2\/media?parent=19660"}],"wp:term":[{"taxonomy":"product_brand","embeddable":true,"href":"https:\/\/uj.adatbank.ro\/lexikon\/wp-json\/wp\/v2\/product_brand?post=19660"},{"taxonomy":"product_cat","embeddable":true,"href":"https:\/\/uj.adatbank.ro\/lexikon\/wp-json\/wp\/v2\/product_cat?post=19660"},{"taxonomy":"product_tag","embeddable":true,"href":"https:\/\/uj.adatbank.ro\/lexikon\/wp-json\/wp\/v2\/product_tag?post=19660"}],"curies":[{"name":"wp","href":"https:\/\/api.w.org\/{rel}","templated":true}]}}