{"id":19664,"date":"2025-07-22T18:20:19","date_gmt":"2025-07-22T16:20:19","guid":{"rendered":"https:\/\/uj.adatbank.ro\/lexikon\/termek\/sandor-istvan\/"},"modified":"2025-07-22T18:20:19","modified_gmt":"2025-07-22T16:20:19","slug":"sandor-istvan","status":"publish","type":"product","link":"https:\/\/uj.adatbank.ro\/lexikon\/termek\/sandor-istvan\/","title":{"rendered":"S\u00c1NDOR Istv\u00e1n"},"content":{"rendered":"<p>Mez\u0151kapus, 1878., \u2020 Mez\u0151kapus?: \u00e1llamtitk\u00e1r. \u2013 Miniszteri rang\u00fa \u00e1llamtitk\u00e1r Bp.-en.A mez\u0151kapusi kast\u00e9ly \u00e9s t\u00f6bb mint 1000 ha f\u00f6ld (sz\u00e1nt\u00f3, erd\u0151, legel\u0151) tulajdonosa. Tagja volt a Mez\u0151b\u00e1ndi Tak\u00e1r\u00e9kp\u00e9nzt\u00e1r igazgat\u00f3tan\u00e1cs\u00e1nak. A kisaj\u00e1t\u00edt\u00e1s ut\u00e1n a kast\u00e9lyban \u00f6regotthon m\u0171k\u00f6d\u00f6tt. <br \/><strong>Irod.:<\/strong> C\u0103pu\u015ful de C\u00e2mpie; Pan\u0103.<\/br><\/p>\n","protected":false},"excerpt":{"rendered":"<p>Mez\u0151kapus, 1878., \u2020 Mez\u0151kapus?: \u00e1llamtitk\u00e1r. \u2013 Miniszteri rang\u00fa \u00e1llamtitk\u00e1r Bp.-en.A mez\u0151kapusi kast\u00e9ly \u00e9s t\u00f6bb mint 1000 ha f\u00f6ld (sz\u00e1nt\u00f3, erd\u0151, legel\u0151) tulajdonosa. Tagja volt a Mez\u0151b\u00e1ndi Tak\u00e1r\u00e9kp\u00e9nzt\u00e1r igazgat\u00f3tan\u00e1cs\u00e1nak. A kisaj\u00e1t\u00edt\u00e1s ut\u00e1n a kast\u00e9lyban \u00f6regotthon m\u0171k\u00f6d\u00f6tt. Irod.: C\u0103pu\u015ful de C\u00e2mpie; Pan\u0103.<\/p>\n","protected":false},"featured_media":0,"comment_status":"open","ping_status":"closed","template":"","meta":[],"product_brand":[],"product_cat":[137],"product_tag":[],"class_list":{"0":"post-19664","1":"product","2":"type-product","3":"status-publish","5":"product_cat-maros-megyei-eletrajzi-lexikon","7":"first","8":"instock","9":"shipping-taxable","10":"product-type-simple"},"_links":{"self":[{"href":"https:\/\/uj.adatbank.ro\/lexikon\/wp-json\/wp\/v2\/product\/19664","targetHints":{"allow":["GET"]}}],"collection":[{"href":"https:\/\/uj.adatbank.ro\/lexikon\/wp-json\/wp\/v2\/product"}],"about":[{"href":"https:\/\/uj.adatbank.ro\/lexikon\/wp-json\/wp\/v2\/types\/product"}],"replies":[{"embeddable":true,"href":"https:\/\/uj.adatbank.ro\/lexikon\/wp-json\/wp\/v2\/comments?post=19664"}],"wp:attachment":[{"href":"https:\/\/uj.adatbank.ro\/lexikon\/wp-json\/wp\/v2\/media?parent=19664"}],"wp:term":[{"taxonomy":"product_brand","embeddable":true,"href":"https:\/\/uj.adatbank.ro\/lexikon\/wp-json\/wp\/v2\/product_brand?post=19664"},{"taxonomy":"product_cat","embeddable":true,"href":"https:\/\/uj.adatbank.ro\/lexikon\/wp-json\/wp\/v2\/product_cat?post=19664"},{"taxonomy":"product_tag","embeddable":true,"href":"https:\/\/uj.adatbank.ro\/lexikon\/wp-json\/wp\/v2\/product_tag?post=19664"}],"curies":[{"name":"wp","href":"https:\/\/api.w.org\/{rel}","templated":true}]}}