{"id":1967,"date":"2025-06-28T11:59:30","date_gmt":"2025-06-28T09:59:30","guid":{"rendered":"https:\/\/uj.adatbank.ro\/lexikon\/termek\/balazs-ferenc-2\/"},"modified":"2025-06-28T11:59:30","modified_gmt":"2025-06-28T09:59:30","slug":"balazs-ferenc-2","status":"publish","type":"product","link":"https:\/\/uj.adatbank.ro\/lexikon\/termek\/balazs-ferenc-2\/","title":{"rendered":"BAL\u00c1ZS Ferenc"},"content":{"rendered":"<p>Kv., 1901. okt. 24., \u2020\u00a0Torda, 1937. m\u00e1j. 22. M\u00e9szk\u0151n temett\u00e9k: unit. lelk\u00e9sz. \u2013 Kv.-on \u00e9retts\u00e9gizett, az egyetemen zen\u00e9t, b\u00f6lcs\u00e9szetet \u00e9s unit. teol\u00f3gi\u00e1t v\u00e9gzett, Oxfordban volt \u00f6sz\u00f6nd\u00edjas, majd Amerik\u00e1ba gy\u0171jt\u00f6tt ismereteket. Teol\u00f3gus kor\u00e1ban l\u00e9g\u00e1ci\u00f3ban volt a Szentgeric\u00e9n. Ott ismerkedett meg a falu \u00e9let\u00e9vel \u00e9s a szerelemmel, Imbery Melinda szem\u00e9ly\u00e9ben. M\u00e9g n\u00e9h\u00e1nyszor visszat\u00e9rt a faluba miel\u0151tt elindult volna vil\u00e1got l\u00e1tni. Az ottani \u00e9lm\u00e9nyeit \u00edrta le a Mes\u00e9k c. m\u0171v\u00e9ben (1921). \u2013 <strong>F. m.:<\/strong> Bej\u00e1rom a kerek vil\u00e1got; R\u00f6g alatt; Mes\u00e9k (Mv., 2007). <br \/><strong>Irod.:<\/strong> Adamovits S\u00e1ndor: Bal\u00e1zs Ferenc pap (N\u00fa., 2002., m\u00e1j, 24); F\u00e9ja; Helikon 1924\u20131944; Kuti M\u00e1rta; Marosi-Helikon<\/br><\/p>\n","protected":false},"excerpt":{"rendered":"<p>Kv., 1901. okt. 24., \u2020\u00a0Torda, 1937. m\u00e1j. 22. M\u00e9szk\u0151n temett\u00e9k: unit. lelk\u00e9sz. \u2013 Kv.-on \u00e9retts\u00e9gizett, az egyetemen zen\u00e9t, b\u00f6lcs\u00e9szetet \u00e9s unit. teol\u00f3gi\u00e1t v\u00e9gzett, Oxfordban volt \u00f6sz\u00f6nd\u00edjas, majd Amerik\u00e1ba gy\u0171jt\u00f6tt ismereteket. Teol\u00f3gus kor\u00e1ban l\u00e9g\u00e1ci\u00f3ban volt a Szentgeric\u00e9n. Ott ismerkedett meg a falu \u00e9let\u00e9vel \u00e9s a szerelemmel, Imbery Melinda szem\u00e9ly\u00e9ben. M\u00e9g n\u00e9h\u00e1nyszor visszat\u00e9rt a faluba miel\u0151tt elindult [&hellip;]<\/p>\n","protected":false},"featured_media":0,"comment_status":"open","ping_status":"closed","template":"","meta":[],"product_brand":[],"product_cat":[137],"product_tag":[],"class_list":{"0":"post-1967","1":"product","2":"type-product","3":"status-publish","5":"product_cat-maros-megyei-eletrajzi-lexikon","7":"first","8":"instock","9":"shipping-taxable","10":"product-type-simple"},"_links":{"self":[{"href":"https:\/\/uj.adatbank.ro\/lexikon\/wp-json\/wp\/v2\/product\/1967","targetHints":{"allow":["GET"]}}],"collection":[{"href":"https:\/\/uj.adatbank.ro\/lexikon\/wp-json\/wp\/v2\/product"}],"about":[{"href":"https:\/\/uj.adatbank.ro\/lexikon\/wp-json\/wp\/v2\/types\/product"}],"replies":[{"embeddable":true,"href":"https:\/\/uj.adatbank.ro\/lexikon\/wp-json\/wp\/v2\/comments?post=1967"}],"wp:attachment":[{"href":"https:\/\/uj.adatbank.ro\/lexikon\/wp-json\/wp\/v2\/media?parent=1967"}],"wp:term":[{"taxonomy":"product_brand","embeddable":true,"href":"https:\/\/uj.adatbank.ro\/lexikon\/wp-json\/wp\/v2\/product_brand?post=1967"},{"taxonomy":"product_cat","embeddable":true,"href":"https:\/\/uj.adatbank.ro\/lexikon\/wp-json\/wp\/v2\/product_cat?post=1967"},{"taxonomy":"product_tag","embeddable":true,"href":"https:\/\/uj.adatbank.ro\/lexikon\/wp-json\/wp\/v2\/product_tag?post=1967"}],"curies":[{"name":"wp","href":"https:\/\/api.w.org\/{rel}","templated":true}]}}

BALÁZS Ferenc

<p>Kv., 1901. okt. 24., † Torda, 1937. máj. 22. Mészkőn temették: unit. lelkész. – Kv.-on érettségizett, az egyetemen zenét, bölcsészetet és unit. teológiát végzett, Oxfordban volt öszöndíjas, majd Amerikába gyűjtött ismereteket. Teológus korában légációban volt a Szentgericén. Ott ismerkedett meg a falu életével és a szerelemmel, Imbery Melinda személyében. Még néhányszor visszatért a faluba mielőtt elindult volna világot látni. Az ottani élményeit írta le a Mesék c. művében (1921). – <strong>F. m.:</strong> Bejárom a kerek világot; Rög alatt; Mesék (Mv., 2007). <br /><strong>Irod.:</strong> Adamovits Sándor: Balázs Ferenc pap (Nú., 2002., máj, 24); Féja; Helikon 1924–1944; Kuti Márta; Marosi-Helikon</br></p>

<p>Kv., 1901. okt. 24., † Torda, 1937. máj. 22. Mészkőn temették: unit. lelkész. – Kv.-on érettségizett, az egyetemen zenét, bölcsészetet és unit. teológiát végzett, Oxfordban volt öszöndíjas, majd Amerikába gyűjtött ismereteket. Teológus korában légációban volt a Szentgericén. Ott ismerkedett meg a falu életével és a szerelemmel, Imbery Melinda személyében. Még néhányszor visszatért a faluba mielőtt elindult [&hellip;]</p>
