{"id":19670,"date":"2025-07-22T18:20:33","date_gmt":"2025-07-22T16:20:33","guid":{"rendered":"https:\/\/uj.adatbank.ro\/lexikon\/termek\/sandor-janos-2\/"},"modified":"2025-07-22T18:20:33","modified_gmt":"2025-07-22T16:20:33","slug":"sandor-janos-2","status":"publish","type":"product","link":"https:\/\/uj.adatbank.ro\/lexikon\/termek\/sandor-janos-2\/","title":{"rendered":"S\u00c1NDOR J\u00e1nos"},"content":{"rendered":"<p>Havadt\u0151, 1920., \u2020 Havadt\u0151, 2012. \u00e1pr. 19.: csend\u0151r. \u2013 S\u00e1ndor Istv\u00e1n \u00e9s L\u00e1szl\u00f3 Ilka fia. \u2013 A M. Kir. Honv\u00e9ds\u00e9g I. t\u00e1bori p\u00e1nc\u00e9los hadoszt\u00e1ly\u00e1hoz vonult be (1942) \u00e9s frontszolg\u00e1latot teljes\u00edtett a keleti hadsz\u00ednt\u00e9ren. R\u00e1di\u00f3s egy harckocsiban, kilenc bevet\u00e9sen vett r\u00e9szt. Megsebes\u00fclt, 23 h\u00f3napos szolg\u00e1lat ut\u00e1n \u0151rvezet\u0151i rendfokozattal leszerelt. <strong>Kit\u00fcntet\u00e9sei:<\/strong> Bronz Vit\u00e9zs\u00e9gi \u00c9rem, T\u0171zkereszt egy sebes\u00fcl\u00e9si p\u00e1nttal. Felvett\u00e9k a M. Kir. Csend\u0151rs\u00e9gbe, L\u00f6v\u00e9t\u00e9n, Vargyason, Sz\u00e9kelyudvarhelyen teljes\u00edtett szolg\u00e1latot. A M.o. fel\u00e9 h\u00e1tr\u00e1l\u00f3 z\u00e1szl\u00f3alja Bp.-ig h\u00e1tr\u00e1lt, itt r\u00e9szt vett a j\u00e1r\u0151rszolg\u00e1latokban, majd a z\u00e1szl\u00f3alja \u00fajra bevet\u00e9sre ker\u00fclt. Orosz hadifogoly (1945. jan. \u2013 1950. dec.). M\u00e1ramarosszigeten a rom\u00e1n hat\u00f3s\u00e1gok t\u00f6bbedmag\u00e1val egy\u00fctt sz\u00e1ll\u00edtott\u00e1k a Ploie\u015fti melletti T\u0103rgu\u0219or b\u00f6rt\u00f6nbe (1951. \u00e1pr.-ig). <br \/><strong>Irod.:<\/strong> Nemes \u2013 Csend\u0151rs\u00e9g.<\/br><\/p>\n","protected":false},"excerpt":{"rendered":"<p>Havadt\u0151, 1920., \u2020 Havadt\u0151, 2012. \u00e1pr. 19.: csend\u0151r. \u2013 S\u00e1ndor Istv\u00e1n \u00e9s L\u00e1szl\u00f3 Ilka fia. \u2013 A M. Kir. Honv\u00e9ds\u00e9g I. t\u00e1bori p\u00e1nc\u00e9los hadoszt\u00e1ly\u00e1hoz vonult be (1942) \u00e9s frontszolg\u00e1latot teljes\u00edtett a keleti hadsz\u00ednt\u00e9ren. R\u00e1di\u00f3s egy harckocsiban, kilenc bevet\u00e9sen vett r\u00e9szt. Megsebes\u00fclt, 23 h\u00f3napos szolg\u00e1lat ut\u00e1n \u0151rvezet\u0151i rendfokozattal leszerelt. Kit\u00fcntet\u00e9sei: Bronz Vit\u00e9zs\u00e9gi \u00c9rem, T\u0171zkereszt egy sebes\u00fcl\u00e9si [&hellip;]<\/p>\n","protected":false},"featured_media":0,"comment_status":"open","ping_status":"closed","template":"","meta":[],"product_brand":[],"product_cat":[137],"product_tag":[],"class_list":{"0":"post-19670","1":"product","2":"type-product","3":"status-publish","5":"product_cat-maros-megyei-eletrajzi-lexikon","7":"first","8":"instock","9":"shipping-taxable","10":"product-type-simple"},"_links":{"self":[{"href":"https:\/\/uj.adatbank.ro\/lexikon\/wp-json\/wp\/v2\/product\/19670","targetHints":{"allow":["GET"]}}],"collection":[{"href":"https:\/\/uj.adatbank.ro\/lexikon\/wp-json\/wp\/v2\/product"}],"about":[{"href":"https:\/\/uj.adatbank.ro\/lexikon\/wp-json\/wp\/v2\/types\/product"}],"replies":[{"embeddable":true,"href":"https:\/\/uj.adatbank.ro\/lexikon\/wp-json\/wp\/v2\/comments?post=19670"}],"wp:attachment":[{"href":"https:\/\/uj.adatbank.ro\/lexikon\/wp-json\/wp\/v2\/media?parent=19670"}],"wp:term":[{"taxonomy":"product_brand","embeddable":true,"href":"https:\/\/uj.adatbank.ro\/lexikon\/wp-json\/wp\/v2\/product_brand?post=19670"},{"taxonomy":"product_cat","embeddable":true,"href":"https:\/\/uj.adatbank.ro\/lexikon\/wp-json\/wp\/v2\/product_cat?post=19670"},{"taxonomy":"product_tag","embeddable":true,"href":"https:\/\/uj.adatbank.ro\/lexikon\/wp-json\/wp\/v2\/product_tag?post=19670"}],"curies":[{"name":"wp","href":"https:\/\/api.w.org\/{rel}","templated":true}]}}