{"id":19671,"date":"2025-07-22T18:20:35","date_gmt":"2025-07-22T16:20:35","guid":{"rendered":"https:\/\/uj.adatbank.ro\/lexikon\/termek\/sandor-janos-agyagfalvi\/"},"modified":"2025-07-22T18:20:35","modified_gmt":"2025-07-22T16:20:35","slug":"sandor-janos-agyagfalvi","status":"publish","type":"product","link":"https:\/\/uj.adatbank.ro\/lexikon\/termek\/sandor-janos-agyagfalvi\/","title":{"rendered":"S\u00c1NDOR J\u00e1nos, agyagfalvi"},"content":{"rendered":"<p>?, \u2020 1788. m\u00e1rc. 4.: alisp\u00e1n. \u2013 Feles\u00e9ge: F\u00e1bi\u00e1n Zsuzsa, gyermektelen\u00fcl halt meg. \u2013 Jogot v\u00e9gzett. Fiatal \u00e9veiben Hollandi\u00e1ban szolg\u00e1lt mint sz\u00e1zados. Katonai p\u00e1ly\u00e1ja kett\u00e9t\u00f6r\u00f6tt a Sz\u00e1lk\u00e1i Antal nev\u0171 kapit\u00e1nyt\u00e1rs\u00e1val szerencs\u00e9tlen\u00fcl v\u00e9gz\u0151d\u00f6tt p\u00e1rbaj miatt, ellenfel\u00e9nek egyik karj\u00e1t t\u0151b\u0151l lev\u00e1gta. A szerencs\u00e9tlens\u00e9g ut\u00e1n a gy\u0151ztes tiszt, b\u00e1tyja, S\u00e1ndor Gergely, hollandiai ezredes seg\u00edts\u00e9g\u00e9vel Erd\u00e9lybe menek\u00fclt \u00e9s Mez\u0151madarason, anyj\u00e1t\u00f3l \u00f6r\u00f6k\u00f6lt birtok\u00e1n letelepedett le. H\u00edres gazdas\u00e1got folytatott. Id\u0151k\u00f6zben egykori katonat\u00e1rs\u00e1val, Sz\u00e1lk\u00e1i Antal mez\u0151b\u00e1ndi birtokossal kib\u00e9k\u00fclt, \u00e9s azt hal\u00e1l\u00e1ig t\u00e1mogatta. Marossz\u00e9k t\u00e1blab\u00edr\u00f3ja (1754\u2013), kir. p\u00e9nzt\u00e1rnok (1763\u2013). A II. J\u00f3zsef cs\u00e1sz\u00e1r alatt egyes\u00edtett K\u00fck\u00fcll\u0151-Marossz\u00e9k t\u00f6rv\u00e9nyhat\u00f3s\u00e1g\u00e1nak els\u0151 rendes alisp\u00e1nj\u00e1v\u00e1 v\u00e1lasztott\u00e1k (1784. szept. 22.\u2013). <br \/><strong>Irod.:<\/strong> Bern\u00e1dy; Fogarasi; Kr\u00f3n. F\u00fcz., (1939. 4\/9); Popa, Traian: Tg.\u00a0M.<\/br><\/p>\n","protected":false},"excerpt":{"rendered":"<p>?, \u2020 1788. m\u00e1rc. 4.: alisp\u00e1n. \u2013 Feles\u00e9ge: F\u00e1bi\u00e1n Zsuzsa, gyermektelen\u00fcl halt meg. \u2013 Jogot v\u00e9gzett. Fiatal \u00e9veiben Hollandi\u00e1ban szolg\u00e1lt mint sz\u00e1zados. Katonai p\u00e1ly\u00e1ja kett\u00e9t\u00f6r\u00f6tt a Sz\u00e1lk\u00e1i Antal nev\u0171 kapit\u00e1nyt\u00e1rs\u00e1val szerencs\u00e9tlen\u00fcl v\u00e9gz\u0151d\u00f6tt p\u00e1rbaj miatt, ellenfel\u00e9nek egyik karj\u00e1t t\u0151b\u0151l lev\u00e1gta. A szerencs\u00e9tlens\u00e9g ut\u00e1n a gy\u0151ztes tiszt, b\u00e1tyja, S\u00e1ndor Gergely, hollandiai ezredes seg\u00edts\u00e9g\u00e9vel Erd\u00e9lybe menek\u00fclt \u00e9s Mez\u0151madarason, [&hellip;]<\/p>\n","protected":false},"featured_media":0,"comment_status":"open","ping_status":"closed","template":"","meta":[],"product_brand":[],"product_cat":[137],"product_tag":[],"class_list":{"0":"post-19671","1":"product","2":"type-product","3":"status-publish","5":"product_cat-maros-megyei-eletrajzi-lexikon","7":"first","8":"instock","9":"shipping-taxable","10":"product-type-simple"},"_links":{"self":[{"href":"https:\/\/uj.adatbank.ro\/lexikon\/wp-json\/wp\/v2\/product\/19671","targetHints":{"allow":["GET"]}}],"collection":[{"href":"https:\/\/uj.adatbank.ro\/lexikon\/wp-json\/wp\/v2\/product"}],"about":[{"href":"https:\/\/uj.adatbank.ro\/lexikon\/wp-json\/wp\/v2\/types\/product"}],"replies":[{"embeddable":true,"href":"https:\/\/uj.adatbank.ro\/lexikon\/wp-json\/wp\/v2\/comments?post=19671"}],"wp:attachment":[{"href":"https:\/\/uj.adatbank.ro\/lexikon\/wp-json\/wp\/v2\/media?parent=19671"}],"wp:term":[{"taxonomy":"product_brand","embeddable":true,"href":"https:\/\/uj.adatbank.ro\/lexikon\/wp-json\/wp\/v2\/product_brand?post=19671"},{"taxonomy":"product_cat","embeddable":true,"href":"https:\/\/uj.adatbank.ro\/lexikon\/wp-json\/wp\/v2\/product_cat?post=19671"},{"taxonomy":"product_tag","embeddable":true,"href":"https:\/\/uj.adatbank.ro\/lexikon\/wp-json\/wp\/v2\/product_tag?post=19671"}],"curies":[{"name":"wp","href":"https:\/\/api.w.org\/{rel}","templated":true}]}}