{"id":1969,"date":"2025-06-28T11:59:33","date_gmt":"2025-06-28T09:59:33","guid":{"rendered":"https:\/\/uj.adatbank.ro\/lexikon\/termek\/balazs-gergely\/"},"modified":"2025-06-28T11:59:33","modified_gmt":"2025-06-28T09:59:33","slug":"balazs-gergely","status":"publish","type":"product","link":"https:\/\/uj.adatbank.ro\/lexikon\/termek\/balazs-gergely\/","title":{"rendered":"BAL\u00c1ZS Gergely"},"content":{"rendered":"<p>Ditr\u00f3, 1911. m\u00e1rc. 12., \u2020\u00a0Ditr\u00f3, 1992. dec. 20.: r. k. pap. \u2013 Cs\u00edkszered\u00e1ban gimn.-ot \u00e9s Gyulafeh\u00e9rv\u00e1ron teol\u00f3gi\u00e1t v\u00e9gzett. Papp\u00e1 szentelt\u00e9k Cs\u00edksomly\u00f3n (1939. j\u00fan. 29.). K\u00e1pl\u00e1n volt Zetelak\u00e1n (1939), Gelenc\u00e9n (1940\u2013), K\u00e9zdiszentl\u00e9leken \u00e9s Gyergy\u00f3csomafalv\u00e1n (1942). K\u00e1pl\u00e1n volt Szov\u00e1t\u00e1n (1943\u2013). Pl\u00e9b\u00e1nos \u00c1kosfalv\u00e1n (1944\u201349). A h\u00edvek seg\u00edts\u00e9g\u00e9vel kezdte az \u00e1kosfalvi templomot helyre\u00e1ll\u00edtani, amit tal\u00e1lat \u00e9rt (1944). Lelkip\u00e1sztor Atyh\u00e1ban (1949\u2013), majd pl\u00e9b\u00e1nos Parajdon (1968\u2013). <br \/><strong>Irod.:<\/strong> Ferenczi S\u00e1ndor 2009; Maros-k\u00fck\u00fcll\u0151i f\u0151esp<\/br><\/p>\n","protected":false},"excerpt":{"rendered":"<p>Ditr\u00f3, 1911. m\u00e1rc. 12., \u2020\u00a0Ditr\u00f3, 1992. dec. 20.: r. k. pap. \u2013 Cs\u00edkszered\u00e1ban gimn.-ot \u00e9s Gyulafeh\u00e9rv\u00e1ron teol\u00f3gi\u00e1t v\u00e9gzett. Papp\u00e1 szentelt\u00e9k Cs\u00edksomly\u00f3n (1939. j\u00fan. 29.). K\u00e1pl\u00e1n volt Zetelak\u00e1n (1939), Gelenc\u00e9n (1940\u2013), K\u00e9zdiszentl\u00e9leken \u00e9s Gyergy\u00f3csomafalv\u00e1n (1942). K\u00e1pl\u00e1n volt Szov\u00e1t\u00e1n (1943\u2013). Pl\u00e9b\u00e1nos \u00c1kosfalv\u00e1n (1944\u201349). A h\u00edvek seg\u00edts\u00e9g\u00e9vel kezdte az \u00e1kosfalvi templomot helyre\u00e1ll\u00edtani, amit tal\u00e1lat \u00e9rt (1944). Lelkip\u00e1sztor Atyh\u00e1ban [&hellip;]<\/p>\n","protected":false},"featured_media":0,"comment_status":"open","ping_status":"closed","template":"","meta":[],"product_brand":[],"product_cat":[137],"product_tag":[],"class_list":{"0":"post-1969","1":"product","2":"type-product","3":"status-publish","5":"product_cat-maros-megyei-eletrajzi-lexikon","7":"first","8":"instock","9":"shipping-taxable","10":"product-type-simple"},"_links":{"self":[{"href":"https:\/\/uj.adatbank.ro\/lexikon\/wp-json\/wp\/v2\/product\/1969","targetHints":{"allow":["GET"]}}],"collection":[{"href":"https:\/\/uj.adatbank.ro\/lexikon\/wp-json\/wp\/v2\/product"}],"about":[{"href":"https:\/\/uj.adatbank.ro\/lexikon\/wp-json\/wp\/v2\/types\/product"}],"replies":[{"embeddable":true,"href":"https:\/\/uj.adatbank.ro\/lexikon\/wp-json\/wp\/v2\/comments?post=1969"}],"wp:attachment":[{"href":"https:\/\/uj.adatbank.ro\/lexikon\/wp-json\/wp\/v2\/media?parent=1969"}],"wp:term":[{"taxonomy":"product_brand","embeddable":true,"href":"https:\/\/uj.adatbank.ro\/lexikon\/wp-json\/wp\/v2\/product_brand?post=1969"},{"taxonomy":"product_cat","embeddable":true,"href":"https:\/\/uj.adatbank.ro\/lexikon\/wp-json\/wp\/v2\/product_cat?post=1969"},{"taxonomy":"product_tag","embeddable":true,"href":"https:\/\/uj.adatbank.ro\/lexikon\/wp-json\/wp\/v2\/product_tag?post=1969"}],"curies":[{"name":"wp","href":"https:\/\/api.w.org\/{rel}","templated":true}]}}

BALÁZS Gergely

<p>Ditró, 1911. márc. 12., † Ditró, 1992. dec. 20.: r. k. pap. – Csíkszeredában gimn.-ot és Gyulafehérváron teológiát végzett. Pappá szentelték Csíksomlyón (1939. jún. 29.). Káplán volt Zetelakán (1939), Gelencén (1940–), Kézdiszentléleken és Gyergyócsomafalván (1942). Káplán volt Szovátán (1943–). Plébános Ákosfalván (1944–49). A hívek segítségével kezdte az ákosfalvi templomot helyreállítani, amit találat ért (1944). Lelkipásztor Atyhában (1949–), majd plébános Parajdon (1968–). <br /><strong>Irod.:</strong> Ferenczi Sándor 2009; Maros-küküllői főesp</br></p>

<p>Ditró, 1911. márc. 12., † Ditró, 1992. dec. 20.: r. k. pap. – Csíkszeredában gimn.-ot és Gyulafehérváron teológiát végzett. Pappá szentelték Csíksomlyón (1939. jún. 29.). Káplán volt Zetelakán (1939), Gelencén (1940–), Kézdiszentléleken és Gyergyócsomafalván (1942). Káplán volt Szovátán (1943–). Plébános Ákosfalván (1944–49). A hívek segítségével kezdte az ákosfalvi templomot helyreállítani, amit találat ért (1944). Lelkipásztor Atyhában [&hellip;]</p>
