{"id":19690,"date":"2025-07-22T18:21:17","date_gmt":"2025-07-22T16:21:17","guid":{"rendered":"https:\/\/uj.adatbank.ro\/lexikon\/termek\/sandor-mihaly\/"},"modified":"2025-07-22T18:21:17","modified_gmt":"2025-07-22T16:21:17","slug":"sandor-mihaly","status":"publish","type":"product","link":"https:\/\/uj.adatbank.ro\/lexikon\/termek\/sandor-mihaly\/","title":{"rendered":"S\u00c1NDOR Mih\u00e1ly"},"content":{"rendered":"<p>? \u2020?: f\u00f6ldbirtokos. \u2013 Udvarh\u00e1za volt Szab\u00e9don (1738). Mester S\u00f3v\u00e1radon (1739\u20131741) <br \/><strong>Irod.:<\/strong> Imreh Barna; Keresztes Gyula: \u00d6r\u00f6ks\u00e9g\u00fcnk 61: A Mez\u0151s\u00e9g udvarh\u00e1zai (N\u00fa., 1994. aug. 5.).<\/br><\/p>\n","protected":false},"excerpt":{"rendered":"<p>? \u2020?: f\u00f6ldbirtokos. \u2013 Udvarh\u00e1za volt Szab\u00e9don (1738). Mester S\u00f3v\u00e1radon (1739\u20131741) Irod.: Imreh Barna; Keresztes Gyula: \u00d6r\u00f6ks\u00e9g\u00fcnk 61: A Mez\u0151s\u00e9g udvarh\u00e1zai (N\u00fa., 1994. aug. 5.).<\/p>\n","protected":false},"featured_media":0,"comment_status":"open","ping_status":"closed","template":"","meta":[],"product_brand":[],"product_cat":[137],"product_tag":[],"class_list":{"0":"post-19690","1":"product","2":"type-product","3":"status-publish","5":"product_cat-maros-megyei-eletrajzi-lexikon","7":"first","8":"instock","9":"shipping-taxable","10":"product-type-simple"},"_links":{"self":[{"href":"https:\/\/uj.adatbank.ro\/lexikon\/wp-json\/wp\/v2\/product\/19690","targetHints":{"allow":["GET"]}}],"collection":[{"href":"https:\/\/uj.adatbank.ro\/lexikon\/wp-json\/wp\/v2\/product"}],"about":[{"href":"https:\/\/uj.adatbank.ro\/lexikon\/wp-json\/wp\/v2\/types\/product"}],"replies":[{"embeddable":true,"href":"https:\/\/uj.adatbank.ro\/lexikon\/wp-json\/wp\/v2\/comments?post=19690"}],"wp:attachment":[{"href":"https:\/\/uj.adatbank.ro\/lexikon\/wp-json\/wp\/v2\/media?parent=19690"}],"wp:term":[{"taxonomy":"product_brand","embeddable":true,"href":"https:\/\/uj.adatbank.ro\/lexikon\/wp-json\/wp\/v2\/product_brand?post=19690"},{"taxonomy":"product_cat","embeddable":true,"href":"https:\/\/uj.adatbank.ro\/lexikon\/wp-json\/wp\/v2\/product_cat?post=19690"},{"taxonomy":"product_tag","embeddable":true,"href":"https:\/\/uj.adatbank.ro\/lexikon\/wp-json\/wp\/v2\/product_tag?post=19690"}],"curies":[{"name":"wp","href":"https:\/\/api.w.org\/{rel}","templated":true}]}}