{"id":19715,"date":"2025-07-22T18:22:13","date_gmt":"2025-07-22T16:22:13","guid":{"rendered":"https:\/\/uj.adatbank.ro\/lexikon\/termek\/sangeorzan-motora-nicolae-%c2%a7\/"},"modified":"2025-07-22T18:22:13","modified_gmt":"2025-07-22T16:22:13","slug":"sangeorzan-motora-nicolae-%c2%a7","status":"publish","type":"product","link":"https:\/\/uj.adatbank.ro\/lexikon\/termek\/sangeorzan-motora-nicolae-%c2%a7\/","title":{"rendered":"S\u00c2NGEORZAN, Motora Nicolae, \u00a7"},"content":{"rendered":"<p>Top\u00e1nfalva, 1850., \u2020 Mv., 1933. febr. 22., eltemetve a sz\u00fcl\u0151faluj\u00e1ban: ort. lelk\u00e9sz. \u2013 Szebenben, az Andrei \u015eaguna Int\u00e9zetben v\u00e9gezte teol\u00f3giai tanulm\u00e1nyait (1868\u201371). Tan\u00edt\u00f3 \u00e9s k\u00e1pl\u00e1n volt Aranyosszohodolban (Feh\u00e9r) 19 \u00e9vig \u00e9s K\u00e9nesden (Feh\u00e9r) 10 \u00e9vig, k\u00e9t felekezeti iskola \u00e9p\u00edt\u00e9s\u00e9hez j\u00e1rult hozz\u00e1. Marosszentgy\u00f6rgy\u00f6n ortodox lelk\u00e9szk\u00e9nt szolg\u00e1lt 28 \u00e9vig (1901. jan. 21. \u2013 1929), egy ideig tan\u00edt\u00f3 is volt. Nagy er\u0151fesz\u00edt\u00e9seket tett a helyi hat\u00f3s\u00e1gok \u00e1ltal bez\u00e1rt ortodox templom \u00fajranyit\u00e1s\u00e1\u00e9rt. Saj\u00e1t k\u00f6lts\u00e9g\u00e9n t\u00e9gl\u00e1val er\u0151s\u00edttette meg a templom alapzat\u00e1t, renov\u00e1ltatta az eg\u00e9sz \u00e9p\u00fcletet \u00e9s megfelel\u0151 b\u00fatorzattal l\u00e1tta el. Adom\u00e1nyozott egy harangot is, amelyen a neve, sz\u00fclet\u00e9si helye \u00e9s az 1909-es \u00e9v van fel\u00edrva. Nev\u00e9hez f\u0171z\u0151dik a t\u00f3falvi k\u0151kereszt fel\u00e1ll\u00edt\u00e1sa is (1909). Az ASTRA \u00f6r\u00f6k\u00f6s tagj\u00e1v\u00e1 v\u00e1lasztott\u00e1k Mv.-en (1911\u2013). A marosszentgy\u00f6rgyi rom\u00e1n elemi iskola tan\u00edt\u00f3ja volt (1901\u201323). J\u00f3m\u00f3d\u00fa volt \u00e9s sz\u00edvesen adakozott nagyobb p\u00e9nz\u00f6sszegeket iskol\u00e1k \u00e9p\u00edt\u00e9s\u00e9re, templomoknak \u00e9s k\u00f3rh\u00e1zaknak. A legnagyobb adom\u00e1nnyal t\u00e1mogatta a mv.-i nagy ortodox katedr\u00e1lis \u00e9p\u00edt\u00e9s\u00e9t. Bev\u00e1lasztott\u00e1k a Maros-Torda Megyei Rom\u00e1n Nemzeti Tan\u00e1csba (1918), \u00e9s megv\u00e1lasztott\u00e1k a marosszentgy\u00f6rgyi Helyi Rom\u00e1n Nemzeti Tan\u00e1cs aleln\u00f6k\u00e9v\u00e9 (1918. nov. 17.). Szakmai tev\u00e9kenys\u00e9g\u00e9t R\u0103splata muncii, cl. a III.-a kit\u00fcntet\u00e9ssel jutalmazt\u00e1k (1923). <br \/><strong>Irod.:<\/strong> Id\u0151t\u00e1r 3; S\u00e2ngeorgiu de Mure\u015f; S\u00e2ngeorgiu de Mure\u015f: Biserica; S\u00e2ngeorgiu de Mure\u015f \u2013 \u015ecoala.<\/br><\/p>\n","protected":false},"excerpt":{"rendered":"<p>Top\u00e1nfalva, 1850., \u2020 Mv., 1933. febr. 22., eltemetve a sz\u00fcl\u0151faluj\u00e1ban: ort. lelk\u00e9sz. \u2013 Szebenben, az Andrei \u015eaguna Int\u00e9zetben v\u00e9gezte teol\u00f3giai tanulm\u00e1nyait (1868\u201371). Tan\u00edt\u00f3 \u00e9s k\u00e1pl\u00e1n volt Aranyosszohodolban (Feh\u00e9r) 19 \u00e9vig \u00e9s K\u00e9nesden (Feh\u00e9r) 10 \u00e9vig, k\u00e9t felekezeti iskola \u00e9p\u00edt\u00e9s\u00e9hez j\u00e1rult hozz\u00e1. Marosszentgy\u00f6rgy\u00f6n ortodox lelk\u00e9szk\u00e9nt szolg\u00e1lt 28 \u00e9vig (1901. jan. 21. \u2013 1929), egy ideig tan\u00edt\u00f3 [&hellip;]<\/p>\n","protected":false},"featured_media":0,"comment_status":"open","ping_status":"closed","template":"","meta":[],"product_brand":[],"product_cat":[137],"product_tag":[],"class_list":{"0":"post-19715","1":"product","2":"type-product","3":"status-publish","5":"product_cat-maros-megyei-eletrajzi-lexikon","7":"first","8":"instock","9":"shipping-taxable","10":"product-type-simple"},"_links":{"self":[{"href":"https:\/\/uj.adatbank.ro\/lexikon\/wp-json\/wp\/v2\/product\/19715","targetHints":{"allow":["GET"]}}],"collection":[{"href":"https:\/\/uj.adatbank.ro\/lexikon\/wp-json\/wp\/v2\/product"}],"about":[{"href":"https:\/\/uj.adatbank.ro\/lexikon\/wp-json\/wp\/v2\/types\/product"}],"replies":[{"embeddable":true,"href":"https:\/\/uj.adatbank.ro\/lexikon\/wp-json\/wp\/v2\/comments?post=19715"}],"wp:attachment":[{"href":"https:\/\/uj.adatbank.ro\/lexikon\/wp-json\/wp\/v2\/media?parent=19715"}],"wp:term":[{"taxonomy":"product_brand","embeddable":true,"href":"https:\/\/uj.adatbank.ro\/lexikon\/wp-json\/wp\/v2\/product_brand?post=19715"},{"taxonomy":"product_cat","embeddable":true,"href":"https:\/\/uj.adatbank.ro\/lexikon\/wp-json\/wp\/v2\/product_cat?post=19715"},{"taxonomy":"product_tag","embeddable":true,"href":"https:\/\/uj.adatbank.ro\/lexikon\/wp-json\/wp\/v2\/product_tag?post=19715"}],"curies":[{"name":"wp","href":"https:\/\/api.w.org\/{rel}","templated":true}]}}