{"id":19716,"date":"2025-07-22T18:22:15","date_gmt":"2025-07-22T16:22:15","guid":{"rendered":"https:\/\/uj.adatbank.ro\/lexikon\/termek\/sangeorzan-partenie\/"},"modified":"2025-07-22T18:22:15","modified_gmt":"2025-07-22T16:22:15","slug":"sangeorzan-partenie","status":"publish","type":"product","link":"https:\/\/uj.adatbank.ro\/lexikon\/termek\/sangeorzan-partenie\/","title":{"rendered":"S\u00c2NGEORZAN, Partenie"},"content":{"rendered":"<p>N\u00e1zn\u00e1nfalva, 1920. aug. 12., \u2020 Alp\u00e1r (Magyaro.), 1944. okt. 26.: hadnagy. A ploie\u015fti katonai iskol\u00e1t v\u00e9gezte, tartal\u00e9kos gyalogs\u00e1gi tiszt lett (1944) \u00e9s a 94. gyalogs\u00e1gi ezredhez osztott\u00e1k be. R\u00e9szt vett haz\u00e1ja \u00e9s Magyaro. felszabad\u00edt\u00e1s\u00e1ban. Hal\u00e1la ut\u00e1n kit\u00fcntett\u00e9k a Rom\u00e1nia Koronarendj\u00e9vel, \u00e9s Mihai Viteazul renddel. <br \/><strong>Irod.:<\/strong> Du\u0163u, Al: Armata rom\u00e2n\u0103 \u00een al doilea r\u0103zboi mondial: Dic\u0163ionar enciclopedic; Loghin, L.: B\u0103rba\u0163i ai datoriei (Buc., 1985).<\/br><\/p>\n","protected":false},"excerpt":{"rendered":"<p>N\u00e1zn\u00e1nfalva, 1920. aug. 12., \u2020 Alp\u00e1r (Magyaro.), 1944. okt. 26.: hadnagy. A ploie\u015fti katonai iskol\u00e1t v\u00e9gezte, tartal\u00e9kos gyalogs\u00e1gi tiszt lett (1944) \u00e9s a 94. gyalogs\u00e1gi ezredhez osztott\u00e1k be. R\u00e9szt vett haz\u00e1ja \u00e9s Magyaro. felszabad\u00edt\u00e1s\u00e1ban. Hal\u00e1la ut\u00e1n kit\u00fcntett\u00e9k a Rom\u00e1nia Koronarendj\u00e9vel, \u00e9s Mihai Viteazul renddel. Irod.: Du\u0163u, Al: Armata rom\u00e2n\u0103 \u00een al doilea r\u0103zboi mondial: Dic\u0163ionar [&hellip;]<\/p>\n","protected":false},"featured_media":0,"comment_status":"open","ping_status":"closed","template":"","meta":[],"product_brand":[],"product_cat":[137],"product_tag":[],"class_list":{"0":"post-19716","1":"product","2":"type-product","3":"status-publish","5":"product_cat-maros-megyei-eletrajzi-lexikon","7":"first","8":"instock","9":"shipping-taxable","10":"product-type-simple"},"_links":{"self":[{"href":"https:\/\/uj.adatbank.ro\/lexikon\/wp-json\/wp\/v2\/product\/19716","targetHints":{"allow":["GET"]}}],"collection":[{"href":"https:\/\/uj.adatbank.ro\/lexikon\/wp-json\/wp\/v2\/product"}],"about":[{"href":"https:\/\/uj.adatbank.ro\/lexikon\/wp-json\/wp\/v2\/types\/product"}],"replies":[{"embeddable":true,"href":"https:\/\/uj.adatbank.ro\/lexikon\/wp-json\/wp\/v2\/comments?post=19716"}],"wp:attachment":[{"href":"https:\/\/uj.adatbank.ro\/lexikon\/wp-json\/wp\/v2\/media?parent=19716"}],"wp:term":[{"taxonomy":"product_brand","embeddable":true,"href":"https:\/\/uj.adatbank.ro\/lexikon\/wp-json\/wp\/v2\/product_brand?post=19716"},{"taxonomy":"product_cat","embeddable":true,"href":"https:\/\/uj.adatbank.ro\/lexikon\/wp-json\/wp\/v2\/product_cat?post=19716"},{"taxonomy":"product_tag","embeddable":true,"href":"https:\/\/uj.adatbank.ro\/lexikon\/wp-json\/wp\/v2\/product_tag?post=19716"}],"curies":[{"name":"wp","href":"https:\/\/api.w.org\/{rel}","templated":true}]}}