{"id":1973,"date":"2025-06-28T11:59:40","date_gmt":"2025-06-28T09:59:40","guid":{"rendered":"https:\/\/uj.adatbank.ro\/lexikon\/termek\/balazs-imre\/"},"modified":"2025-06-28T11:59:40","modified_gmt":"2025-06-28T09:59:40","slug":"balazs-imre","status":"publish","type":"product","link":"https:\/\/uj.adatbank.ro\/lexikon\/termek\/balazs-imre\/","title":{"rendered":"BAL\u00c1ZS Imre"},"content":{"rendered":"<p>? \u2020\u00a0? : ref. lelk\u00e9sz. \u2013 Segesv\u00e1ron volt ref. lelk\u00e9sz. Megszervezte Segesv\u00e1ron a M. Polg\u00e1ri K\u00f6rt (a k\u00e9s\u0151bbi Kaszin\u00f3t), amelynek eln\u00f6ke is volt (1898). A MPK \u2013ben nagy k\u00f6lcs\u00f6nk\u00f6nyvt\u00e1rat, sz\u00ednj\u00e1tsz\u00f3 csoportot l\u00e9tes\u00edtett, vegyeskart szervezett (1898) s megalakul\u00e1s\u00e1t\u00f3l kezdve, mint az \u00e9venk\u00e9nti feh\u00e9regyh\u00e1zi Pet\u0151fi \u00fcnneps\u00e9geknek szervez\u0151je, gazd\u00e1ja, szerepet j\u00e1tszott az erd\u00e9lyi Pet\u0151fi kultusz \u00e1pol\u00e1s\u00e1ban. Az EMKE alap\u00edt\u00f3tagja, r\u00e9szt vett a kv.-i alap\u00edt\u00f3\u00fcl\u00e9sen (1885. \u00e1pr. 12), a nagyk\u00fck\u00fcll\u0151i v\u00e1lasztm\u00e1ny titk\u00e1ra volt. <br \/><strong>Irod.:<\/strong> RMIL; S\u00e1ndor<\/br><\/p>\n","protected":false},"excerpt":{"rendered":"<p>? \u2020\u00a0? : ref. lelk\u00e9sz. \u2013 Segesv\u00e1ron volt ref. lelk\u00e9sz. Megszervezte Segesv\u00e1ron a M. Polg\u00e1ri K\u00f6rt (a k\u00e9s\u0151bbi Kaszin\u00f3t), amelynek eln\u00f6ke is volt (1898). A MPK \u2013ben nagy k\u00f6lcs\u00f6nk\u00f6nyvt\u00e1rat, sz\u00ednj\u00e1tsz\u00f3 csoportot l\u00e9tes\u00edtett, vegyeskart szervezett (1898) s megalakul\u00e1s\u00e1t\u00f3l kezdve, mint az \u00e9venk\u00e9nti feh\u00e9regyh\u00e1zi Pet\u0151fi \u00fcnneps\u00e9geknek szervez\u0151je, gazd\u00e1ja, szerepet j\u00e1tszott az erd\u00e9lyi Pet\u0151fi kultusz \u00e1pol\u00e1s\u00e1ban. Az EMKE [&hellip;]<\/p>\n","protected":false},"featured_media":0,"comment_status":"open","ping_status":"closed","template":"","meta":[],"product_brand":[],"product_cat":[137],"product_tag":[],"class_list":{"0":"post-1973","1":"product","2":"type-product","3":"status-publish","5":"product_cat-maros-megyei-eletrajzi-lexikon","7":"first","8":"instock","9":"shipping-taxable","10":"product-type-simple"},"_links":{"self":[{"href":"https:\/\/uj.adatbank.ro\/lexikon\/wp-json\/wp\/v2\/product\/1973","targetHints":{"allow":["GET"]}}],"collection":[{"href":"https:\/\/uj.adatbank.ro\/lexikon\/wp-json\/wp\/v2\/product"}],"about":[{"href":"https:\/\/uj.adatbank.ro\/lexikon\/wp-json\/wp\/v2\/types\/product"}],"replies":[{"embeddable":true,"href":"https:\/\/uj.adatbank.ro\/lexikon\/wp-json\/wp\/v2\/comments?post=1973"}],"wp:attachment":[{"href":"https:\/\/uj.adatbank.ro\/lexikon\/wp-json\/wp\/v2\/media?parent=1973"}],"wp:term":[{"taxonomy":"product_brand","embeddable":true,"href":"https:\/\/uj.adatbank.ro\/lexikon\/wp-json\/wp\/v2\/product_brand?post=1973"},{"taxonomy":"product_cat","embeddable":true,"href":"https:\/\/uj.adatbank.ro\/lexikon\/wp-json\/wp\/v2\/product_cat?post=1973"},{"taxonomy":"product_tag","embeddable":true,"href":"https:\/\/uj.adatbank.ro\/lexikon\/wp-json\/wp\/v2\/product_tag?post=1973"}],"curies":[{"name":"wp","href":"https:\/\/api.w.org\/{rel}","templated":true}]}}

BALÁZS Imre

<p>? † ? : ref. lelkész. – Segesváron volt ref. lelkész. Megszervezte Segesváron a M. Polgári Kört (a későbbi Kaszinót), amelynek elnöke is volt (1898). A MPK –ben nagy kölcsönkönyvtárat, színjátszó csoportot létesített, vegyeskart szervezett (1898) s megalakulásától kezdve, mint az évenkénti fehéregyházi Petőfi ünnepségeknek szervezője, gazdája, szerepet játszott az erdélyi Petőfi kultusz ápolásában. Az EMKE alapítótagja, részt vett a kv.-i alapítóülésen (1885. ápr. 12), a nagyküküllői választmány titkára volt. <br /><strong>Irod.:</strong> RMIL; Sándor</br></p>

<p>? † ? : ref. lelkész. – Segesváron volt ref. lelkész. Megszervezte Segesváron a M. Polgári Kört (a későbbi Kaszinót), amelynek elnöke is volt (1898). A MPK –ben nagy kölcsönkönyvtárat, színjátszó csoportot létesített, vegyeskart szervezett (1898) s megalakulásától kezdve, mint az évenkénti fehéregyházi Petőfi ünnepségeknek szervezője, gazdája, szerepet játszott az erdélyi Petőfi kultusz ápolásában. Az EMKE [&hellip;]</p>
