{"id":19733,"date":"2025-07-22T18:22:58","date_gmt":"2025-07-22T16:22:58","guid":{"rendered":"https:\/\/uj.adatbank.ro\/lexikon\/termek\/santa-peter\/"},"modified":"2025-07-22T18:22:58","modified_gmt":"2025-07-22T16:22:58","slug":"santa-peter","status":"publish","type":"product","link":"https:\/\/uj.adatbank.ro\/lexikon\/termek\/santa-peter\/","title":{"rendered":"S\u00c1NTA P\u00e9ter"},"content":{"rendered":"<p>S\u00f3v\u00e1rad, 1868., \u2020?: gazd\u00e1lkod\u00f3. \u2013 Iskol\u00e1i elv\u00e9gz\u00e9se ut\u00e1n a sz\u00fcl\u0151i h\u00e1zn\u00e1l tanulta a gazd\u00e1lkod\u00e1st, majd \u00f6n\u00e1ll\u00f3 lett 70 hold f\u00f6ldbirtok\u00e1n haszon\u00e1llat-teny\u00e9szt\u00e9ssel \u00e9s \u0151stermel\u00e9ssel foglalkozott. Tekint\u00e9lyes polg\u00e1ra volt a k\u00f6zs\u00e9gnek. A csal\u00e1db\u00f3l G\u00e1bor r\u00e9szt vett a sz\u00e9kely felkel\u00e9sben, elfogt\u00e1k \u00e9s beb\u00f6rt\u00f6n\u00f6zt\u00e9k \u00e9s az ott szerzett szenved\u00e9seiben hunyt el. <br \/><strong>Irod.:<\/strong> Sz\u00e9kelyf\u00f6ld \u00ed. k.<\/br><\/p>\n","protected":false},"excerpt":{"rendered":"<p>S\u00f3v\u00e1rad, 1868., \u2020?: gazd\u00e1lkod\u00f3. \u2013 Iskol\u00e1i elv\u00e9gz\u00e9se ut\u00e1n a sz\u00fcl\u0151i h\u00e1zn\u00e1l tanulta a gazd\u00e1lkod\u00e1st, majd \u00f6n\u00e1ll\u00f3 lett 70 hold f\u00f6ldbirtok\u00e1n haszon\u00e1llat-teny\u00e9szt\u00e9ssel \u00e9s \u0151stermel\u00e9ssel foglalkozott. Tekint\u00e9lyes polg\u00e1ra volt a k\u00f6zs\u00e9gnek. A csal\u00e1db\u00f3l G\u00e1bor r\u00e9szt vett a sz\u00e9kely felkel\u00e9sben, elfogt\u00e1k \u00e9s beb\u00f6rt\u00f6n\u00f6zt\u00e9k \u00e9s az ott szerzett szenved\u00e9seiben hunyt el. Irod.: Sz\u00e9kelyf\u00f6ld \u00ed. k.<\/p>\n","protected":false},"featured_media":0,"comment_status":"open","ping_status":"closed","template":"","meta":[],"product_brand":[],"product_cat":[137],"product_tag":[],"class_list":{"0":"post-19733","1":"product","2":"type-product","3":"status-publish","5":"product_cat-maros-megyei-eletrajzi-lexikon","7":"first","8":"instock","9":"shipping-taxable","10":"product-type-simple"},"_links":{"self":[{"href":"https:\/\/uj.adatbank.ro\/lexikon\/wp-json\/wp\/v2\/product\/19733","targetHints":{"allow":["GET"]}}],"collection":[{"href":"https:\/\/uj.adatbank.ro\/lexikon\/wp-json\/wp\/v2\/product"}],"about":[{"href":"https:\/\/uj.adatbank.ro\/lexikon\/wp-json\/wp\/v2\/types\/product"}],"replies":[{"embeddable":true,"href":"https:\/\/uj.adatbank.ro\/lexikon\/wp-json\/wp\/v2\/comments?post=19733"}],"wp:attachment":[{"href":"https:\/\/uj.adatbank.ro\/lexikon\/wp-json\/wp\/v2\/media?parent=19733"}],"wp:term":[{"taxonomy":"product_brand","embeddable":true,"href":"https:\/\/uj.adatbank.ro\/lexikon\/wp-json\/wp\/v2\/product_brand?post=19733"},{"taxonomy":"product_cat","embeddable":true,"href":"https:\/\/uj.adatbank.ro\/lexikon\/wp-json\/wp\/v2\/product_cat?post=19733"},{"taxonomy":"product_tag","embeddable":true,"href":"https:\/\/uj.adatbank.ro\/lexikon\/wp-json\/wp\/v2\/product_tag?post=19733"}],"curies":[{"name":"wp","href":"https:\/\/api.w.org\/{rel}","templated":true}]}}