{"id":19735,"date":"2025-07-22T18:23:02","date_gmt":"2025-07-22T16:23:02","guid":{"rendered":"https:\/\/uj.adatbank.ro\/lexikon\/termek\/santerini-nello\/"},"modified":"2025-07-22T18:23:02","modified_gmt":"2025-07-22T16:23:02","slug":"santerini-nello","status":"publish","type":"product","link":"https:\/\/uj.adatbank.ro\/lexikon\/termek\/santerini-nello\/","title":{"rendered":"SANTERINI Nello"},"content":{"rendered":"<p>? \u2020?: olasz v\u00edv\u00f3mester. \u2013 Mv.-en telepedett le, a Calvin t\u00e9ren lev\u0151 v\u00edv\u00f3iskol\u00e1j\u00e1b\u00f3l \u00e9rt\u00e9kes v\u00edv\u00f3k ker\u00fcltek ki (1909\u201314). Kezdem\u00e9nyez\u00e9s\u00e9re alakult meg a Mv.-i V\u00edv\u00f3 Egylet MVVE (1910). Nem egy tan\u00edtv\u00e1nya k\u00e9s\u0151bb elismert v\u00edv\u00f3 lett. A h\u00e1bor\u00fa kit\u00f6r\u00e9sekor hagyta el v\u00e1rosunkat. <br \/><strong>Irod.:<\/strong> Id\u0151t\u00e1r 2; Illy\u00e9s, Kl\u00f3sz\u2013Tolok\u00e1n.<\/br><\/p>\n","protected":false},"excerpt":{"rendered":"<p>? \u2020?: olasz v\u00edv\u00f3mester. \u2013 Mv.-en telepedett le, a Calvin t\u00e9ren lev\u0151 v\u00edv\u00f3iskol\u00e1j\u00e1b\u00f3l \u00e9rt\u00e9kes v\u00edv\u00f3k ker\u00fcltek ki (1909\u201314). Kezdem\u00e9nyez\u00e9s\u00e9re alakult meg a Mv.-i V\u00edv\u00f3 Egylet MVVE (1910). Nem egy tan\u00edtv\u00e1nya k\u00e9s\u0151bb elismert v\u00edv\u00f3 lett. A h\u00e1bor\u00fa kit\u00f6r\u00e9sekor hagyta el v\u00e1rosunkat. Irod.: Id\u0151t\u00e1r 2; Illy\u00e9s, Kl\u00f3sz\u2013Tolok\u00e1n.<\/p>\n","protected":false},"featured_media":0,"comment_status":"open","ping_status":"closed","template":"","meta":[],"product_brand":[],"product_cat":[137],"product_tag":[],"class_list":{"0":"post-19735","1":"product","2":"type-product","3":"status-publish","5":"product_cat-maros-megyei-eletrajzi-lexikon","7":"first","8":"instock","9":"shipping-taxable","10":"product-type-simple"},"_links":{"self":[{"href":"https:\/\/uj.adatbank.ro\/lexikon\/wp-json\/wp\/v2\/product\/19735","targetHints":{"allow":["GET"]}}],"collection":[{"href":"https:\/\/uj.adatbank.ro\/lexikon\/wp-json\/wp\/v2\/product"}],"about":[{"href":"https:\/\/uj.adatbank.ro\/lexikon\/wp-json\/wp\/v2\/types\/product"}],"replies":[{"embeddable":true,"href":"https:\/\/uj.adatbank.ro\/lexikon\/wp-json\/wp\/v2\/comments?post=19735"}],"wp:attachment":[{"href":"https:\/\/uj.adatbank.ro\/lexikon\/wp-json\/wp\/v2\/media?parent=19735"}],"wp:term":[{"taxonomy":"product_brand","embeddable":true,"href":"https:\/\/uj.adatbank.ro\/lexikon\/wp-json\/wp\/v2\/product_brand?post=19735"},{"taxonomy":"product_cat","embeddable":true,"href":"https:\/\/uj.adatbank.ro\/lexikon\/wp-json\/wp\/v2\/product_cat?post=19735"},{"taxonomy":"product_tag","embeddable":true,"href":"https:\/\/uj.adatbank.ro\/lexikon\/wp-json\/wp\/v2\/product_tag?post=19735"}],"curies":[{"name":"wp","href":"https:\/\/api.w.org\/{rel}","templated":true}]}}