{"id":19739,"date":"2025-07-22T18:23:11","date_gmt":"2025-07-22T16:23:11","guid":{"rendered":"https:\/\/uj.adatbank.ro\/lexikon\/termek\/santha-jozsef-santa-josif\/"},"modified":"2025-07-22T18:23:11","modified_gmt":"2025-07-22T16:23:11","slug":"santha-jozsef-santa-josif","status":"publish","type":"product","link":"https:\/\/uj.adatbank.ro\/lexikon\/termek\/santha-jozsef-santa-josif\/","title":{"rendered":"S\u00c1NTHA J\u00f3zsef, S\u00e1nta Josif"},"content":{"rendered":"<p>Vadasd, 1890, \u2020 Vadasd, 1949. aug. 7. s\u00edrja Vadasdon a ref. templomkertben tal\u00e1lhat\u00f3.: ref. k\u00e1ntortan\u00edt\u00f3. \u2013 Tanulm\u00e1nyait Sz\u00e9kelyudvarhelyen \u00e9s Nagyenyeden v\u00e9gezte. Oklevelet szerzett (1911). Gegesen kezdte p\u00e1lyafut\u00e1s\u00e1t, majd Vadasdon tan\u00edtott (1917\u201328, 1929\u201349), egy\u00fattal hitoktat\u00f3 is volt. Az els\u0151 vh.-ban megbetegedett \u00e9s f\u00f6lmentett\u00e9k. 100 hold f\u00f6ldje volt. A megsz\u00e1ll\u00e1s alatt hadb\u00edr\u00f3s\u00e1g el\u00e9 \u00e1ll\u00edtott\u00e1k \u00e9s zaklatt\u00e1k. A Dal\u00e1rda alap\u00edt\u00f3ja \u00e9s vezet\u0151je, leventevezet\u0151, a Hangya sz\u00f6vetkezet \u00fcgyvezet\u0151 igazgat\u00f3ja. A rendszerelleness\u00e9ge miatt, a sz\u00e9r\u0171cs\u00e9pl\u00e9snek ellen\u00e1ll\u00f3 vid\u00e9ki lakoss\u00e1g megf\u00e9leml\u00edt\u00e9se miatt, a falut\u00f3l mintegy 500 m\u00e9terre, a Csegely laposa nev\u0171 helyen a Securitate k\u00e9t tisztje, L\u0151te L\u00e1szl\u00f3 \u00e9s T\u00f3th Zolt\u00e1n brut\u00e1lisan lel\u0151tte. Csal\u00e1dj\u00e1t elvitt\u00e9k Ny\u00e1r\u00e1szered\u00e1ba, majd Cernavod\u00e1ra, Mircea Vod\u0103-ra deport\u00e1lt\u00e1k, v\u00e9g\u00fcl Dics\u0151szentm\u00e1rtonban volt k\u00e9nyszerlakhely\u00fck. Kihantolt\u00e1k (1992. \u00e1pr. 23.) \u00e9s \u00fajratemett\u00e9k. <br \/><strong>Irod.:<\/strong> Bak\u00f3 Zolt\u00e1n: Mi volt a b\u0171ne? (N\u00fa., 1992. \u00e1pr. 29.); Balint; Cs\u00edkfalva; Ioni\u0163oiu; [Nekrol\u00f3g] (N\u00fa., 1992. \u00e1pr. 24.); M\u00e1rton L\u00e1szl\u00f3 k\u00f6zl\u00e9se; Ref. egyetemes n\u00e9vt\u00e1r; Sepsisz\u00e9ki, Sz\u00e9kelyf\u00f6ld \u00ed.k; Vadasdi kr\u00f3nika.<\/br><\/p>\n","protected":false},"excerpt":{"rendered":"<p>Vadasd, 1890, \u2020 Vadasd, 1949. aug. 7. s\u00edrja Vadasdon a ref. templomkertben tal\u00e1lhat\u00f3.: ref. k\u00e1ntortan\u00edt\u00f3. \u2013 Tanulm\u00e1nyait Sz\u00e9kelyudvarhelyen \u00e9s Nagyenyeden v\u00e9gezte. Oklevelet szerzett (1911). Gegesen kezdte p\u00e1lyafut\u00e1s\u00e1t, majd Vadasdon tan\u00edtott (1917\u201328, 1929\u201349), egy\u00fattal hitoktat\u00f3 is volt. Az els\u0151 vh.-ban megbetegedett \u00e9s f\u00f6lmentett\u00e9k. 100 hold f\u00f6ldje volt. A megsz\u00e1ll\u00e1s alatt hadb\u00edr\u00f3s\u00e1g el\u00e9 \u00e1ll\u00edtott\u00e1k \u00e9s zaklatt\u00e1k. A [&hellip;]<\/p>\n","protected":false},"featured_media":0,"comment_status":"open","ping_status":"closed","template":"","meta":[],"product_brand":[],"product_cat":[137],"product_tag":[],"class_list":{"0":"post-19739","1":"product","2":"type-product","3":"status-publish","5":"product_cat-maros-megyei-eletrajzi-lexikon","7":"first","8":"instock","9":"shipping-taxable","10":"product-type-simple"},"_links":{"self":[{"href":"https:\/\/uj.adatbank.ro\/lexikon\/wp-json\/wp\/v2\/product\/19739","targetHints":{"allow":["GET"]}}],"collection":[{"href":"https:\/\/uj.adatbank.ro\/lexikon\/wp-json\/wp\/v2\/product"}],"about":[{"href":"https:\/\/uj.adatbank.ro\/lexikon\/wp-json\/wp\/v2\/types\/product"}],"replies":[{"embeddable":true,"href":"https:\/\/uj.adatbank.ro\/lexikon\/wp-json\/wp\/v2\/comments?post=19739"}],"wp:attachment":[{"href":"https:\/\/uj.adatbank.ro\/lexikon\/wp-json\/wp\/v2\/media?parent=19739"}],"wp:term":[{"taxonomy":"product_brand","embeddable":true,"href":"https:\/\/uj.adatbank.ro\/lexikon\/wp-json\/wp\/v2\/product_brand?post=19739"},{"taxonomy":"product_cat","embeddable":true,"href":"https:\/\/uj.adatbank.ro\/lexikon\/wp-json\/wp\/v2\/product_cat?post=19739"},{"taxonomy":"product_tag","embeddable":true,"href":"https:\/\/uj.adatbank.ro\/lexikon\/wp-json\/wp\/v2\/product_tag?post=19739"}],"curies":[{"name":"wp","href":"https:\/\/api.w.org\/{rel}","templated":true}]}}