{"id":1974,"date":"2025-06-28T11:59:43","date_gmt":"2025-06-28T09:59:43","guid":{"rendered":"https:\/\/uj.adatbank.ro\/lexikon\/termek\/balazs-imre-2\/"},"modified":"2025-06-28T11:59:43","modified_gmt":"2025-06-28T09:59:43","slug":"balazs-imre-2","status":"publish","type":"product","link":"https:\/\/uj.adatbank.ro\/lexikon\/termek\/balazs-imre-2\/","title":{"rendered":"BAL\u00c1ZS Imre"},"content":{"rendered":"<p>M\u00e1r\u00e9falva, 1931. okt. 26., \u2020\u00a0V\u00e1c, 2012 : fest\u0151. \u2013 B. J\u00e1nos\u00e9s P\u00e1lfi Veronika fia. Feles\u00e9ge\u00a0: Both Juli\u00e9nna, biol\u00f3gus (1961). Gyermekeik: \u00c1ron (1967\u2013) fest\u0151, a bp.-i k\u00e9pz\u0151m\u0171v\u00e9szeti f\u0151iskol\u00e1n szerzett diplom\u00e1t (1955); R\u00e9ka (1971) gy\u00f3gyszer\u00e9sz asszisztens. \u2013 A mv.-i V\u00e1rosi fest\u0151iskol\u00e1ban tanult (1946\u20131949) \u00e9s a mv.-i M\u0171v\u00e9szeti L\u00edc-ban folytatta, Bordi Andr\u00e1s tan\u00edtv\u00e1nya. F\u0151iskol\u00e1t Buk.-ben a Nicolae Grigorescu K\u00e9pz\u0151m\u0171v\u00e9szeti Int\u00e9zetben kezdte (1952\u20131956) \u00e9s Kv.-on a Ion Andreescu K\u00e9pz\u0151m\u0171v\u00e9szeti F\u0151iskol\u00e1n folytatta \u00e9s fejezte be (1952\u20131956). Mestere Mikl\u00f3ssy G\u00e1bor volt. Az 1956-os di\u00e1kmegmozdul\u00e1s egyik szervez\u0151je, letart\u00f3ztatt\u00e1k (1956. okt. 25.), nyilv\u00e1nos l\u00e1z\u00edt\u00e1s v\u00e1dj\u00e1val 7 \u00e9v b\u00f6rt\u00f6nre \u00edt\u00e9lt\u00e9k, amit 5 \u00e9vre m\u00e9rs\u00e9keltek, beb\u00f6rt\u00f6n\u00f6zt\u00e9k Szamos\u00fajv\u00e1ron rab, szabadult 1959. dec. 4., jogilag rehabil\u00edt\u00e9lt\u00e1k (1970\u2013). Mv.-en grafikus, kirakatrendez\u0151 (1961\u20131963). Az \u00daj \u00c9Let c. k\u00e9pes foly\u00f3irat grafikai tervez\u0151je \u00e9s a m\u0171v\u00e9szeti rovat szerkeszt\u0151je (1970\u20131986). Erd\u00e9lyi arcok, portr\u00e9sorozat, Shakespeare-k\u00e9pek sorozat. A szerkeszt\u0151s\u00e9gi gal\u00e9ri\u00e1ban ki\u00e1ll\u00edt\u00e1sok szervez\u0151je, rendszeresen k\u00e9pz\u0151m\u0171v\u00e9szeti cikkek szerz\u0151je. A Barab\u00e1s Mikl\u00f3s C\u00e9h tagja. Festm\u00e9nyeinek sz\u00ednei s\u00f6t\u00e9tek, komorak (1970 \u2013es \u00e9vek v\u00e9gefel\u00e9 old\u00f3dnak). Az absztrakci\u00f3 ir\u00e1ny\u00e1ba haladva fest t\u00e1jk\u00e9peket, portr\u00e9kat, sz\u00e1mos jelent\u0151s kort\u00e1rs arck\u00e9p\u00e9t festette meg, pasztellek, akvarellek t\u00fckr\u00f6zik a v\u00e1ltozatos munk\u00e1ss\u00e1g\u00e1t. Ki\u00e1ll.: My Galeria (Jeruzs\u00e1lem, 1980); P\u00fcski Gal\u00e9ria (NewYork); Iserlohn (N\u00e9meto., 1984); Martin Luther King Center (Washington, 1989); Magyar H\u00e1z (Stockholm, 1993); Fano (Olaszo., 1993); Lippinghausen (N\u00e9meto., 1996). D\u00edjai. Orsz\u00e1gos t\u00e1rlat portr\u00e9d\u00edja (Buk., 1983); Orsz\u00e1gos T\u00e1jk\u00e9p Bienn\u00e1l\u00e9 bronz\u00e9rem (Hatvan, 1988), III. D\u00edj (V\u00e1c v\u00e1ros fest\u00e9szeti d\u00edja, 1992), AE\u00c1, Izrael, N\u00e9meto., Olaszo., Sv\u00e9do., Norv\u00e9gia, Hollandia, Oroszo., Lengyelo. A Rom. K\u00e9pz\u0151m\u00fcv. Orsz. Sz\u00f6v. <br \/><strong>Irod.:<\/strong> 100 \u00e9v; 1956 Erd\u00e9lyben; Armonia; Borghida Istv\u00e1n: Bal\u00e1zs Imre (Buk., 1982); Erd\u00e9lyi Lajos 2018; Erd\u00e9lyi L 2009, fot\u00f31976; EMKK 2010; Korunk gal\u00e9ria; RMIL1.; Szab\u00f3\u2013K\u00e1llai; V\u00e9csi Nagy Zolt\u00e1n: Bal\u00e1zs Imre (Sepsiszentgy\u00f6rgy, 2016); Sz\u00e9kely J\u00e1nos: B. I. k\u00e9pe el\u0151tt (Korunk gal\u00e9ria: 1973\u20131982\u20131997\/Szerk. K\u00e1ntor Lajos. (Kv., 1997)<\/br><\/p>\n","protected":false},"excerpt":{"rendered":"<p>M\u00e1r\u00e9falva, 1931. okt. 26., \u2020\u00a0V\u00e1c, 2012 : fest\u0151. \u2013 B. J\u00e1nos\u00e9s P\u00e1lfi Veronika fia. Feles\u00e9ge\u00a0: Both Juli\u00e9nna, biol\u00f3gus (1961). Gyermekeik: \u00c1ron (1967\u2013) fest\u0151, a bp.-i k\u00e9pz\u0151m\u0171v\u00e9szeti f\u0151iskol\u00e1n szerzett diplom\u00e1t (1955); R\u00e9ka (1971) gy\u00f3gyszer\u00e9sz asszisztens. \u2013 A mv.-i V\u00e1rosi fest\u0151iskol\u00e1ban tanult (1946\u20131949) \u00e9s a mv.-i M\u0171v\u00e9szeti L\u00edc-ban folytatta, Bordi Andr\u00e1s tan\u00edtv\u00e1nya. F\u0151iskol\u00e1t Buk.-ben a Nicolae Grigorescu [&hellip;]<\/p>\n","protected":false},"featured_media":0,"comment_status":"open","ping_status":"closed","template":"","meta":[],"product_brand":[],"product_cat":[137],"product_tag":[],"class_list":{"0":"post-1974","1":"product","2":"type-product","3":"status-publish","5":"product_cat-maros-megyei-eletrajzi-lexikon","7":"first","8":"instock","9":"shipping-taxable","10":"product-type-simple"},"_links":{"self":[{"href":"https:\/\/uj.adatbank.ro\/lexikon\/wp-json\/wp\/v2\/product\/1974","targetHints":{"allow":["GET"]}}],"collection":[{"href":"https:\/\/uj.adatbank.ro\/lexikon\/wp-json\/wp\/v2\/product"}],"about":[{"href":"https:\/\/uj.adatbank.ro\/lexikon\/wp-json\/wp\/v2\/types\/product"}],"replies":[{"embeddable":true,"href":"https:\/\/uj.adatbank.ro\/lexikon\/wp-json\/wp\/v2\/comments?post=1974"}],"wp:attachment":[{"href":"https:\/\/uj.adatbank.ro\/lexikon\/wp-json\/wp\/v2\/media?parent=1974"}],"wp:term":[{"taxonomy":"product_brand","embeddable":true,"href":"https:\/\/uj.adatbank.ro\/lexikon\/wp-json\/wp\/v2\/product_brand?post=1974"},{"taxonomy":"product_cat","embeddable":true,"href":"https:\/\/uj.adatbank.ro\/lexikon\/wp-json\/wp\/v2\/product_cat?post=1974"},{"taxonomy":"product_tag","embeddable":true,"href":"https:\/\/uj.adatbank.ro\/lexikon\/wp-json\/wp\/v2\/product_tag?post=1974"}],"curies":[{"name":"wp","href":"https:\/\/api.w.org\/{rel}","templated":true}]}}

BALÁZS Imre

<p>Máréfalva, 1931. okt. 26., † Vác, 2012 : festő. – B. Jánosés Pálfi Veronika fia. Felesége : Both Juliénna, biológus (1961). Gyermekeik: Áron (1967–) festő, a bp.-i képzőművészeti főiskolán szerzett diplomát (1955); Réka (1971) gyógyszerész asszisztens. – A mv.-i Városi festőiskolában tanult (1946–1949) és a mv.-i Művészeti Líc-ban folytatta, Bordi András tanítványa. Főiskolát Buk.-ben a Nicolae Grigorescu Képzőművészeti Intézetben kezdte (1952–1956) és Kv.-on a Ion Andreescu Képzőművészeti Főiskolán folytatta és fejezte be (1952–1956). Mestere Miklóssy Gábor volt. Az 1956-os diákmegmozdulás egyik szervezője, letartóztatták (1956. okt. 25.), nyilvános lázítás vádjával 7 év börtönre ítélték, amit 5 évre mérsékeltek, bebörtönözték Szamosújváron rab, szabadult 1959. dec. 4., jogilag rehabilítélták (1970–). Mv.-en grafikus, kirakatrendező (1961–1963). Az Új ÉLet c. képes folyóirat grafikai tervezője és a művészeti rovat szerkesztője (1970–1986). Erdélyi arcok, portrésorozat, Shakespeare-képek sorozat. A szerkesztőségi galériában kiállítások szervezője, rendszeresen képzőművészeti cikkek szerzője. A Barabás Miklós Céh tagja. Festményeinek színei sötétek, komorak (1970 –es évek végefelé oldódnak). Az absztrakció irányába haladva fest tájképeket, portrékat, számos jelentős kortárs arcképét festette meg, pasztellek, akvarellek tükrözik a változatos munkásságát. Kiáll.: My Galeria (Jeruzsálem, 1980); Püski Galéria (NewYork); Iserlohn (Németo., 1984); Martin Luther King Center (Washington, 1989); Magyar Ház (Stockholm, 1993); Fano (Olaszo., 1993); Lippinghausen (Németo., 1996). Díjai. Országos tárlat portrédíja (Buk., 1983); Országos Tájkép Biennálé bronzérem (Hatvan, 1988), III. Díj (Vác város festészeti díja, 1992), AEÁ, Izrael, Németo., Olaszo., Svédo., Norvégia, Hollandia, Oroszo., Lengyelo. A Rom. Képzőmüv. Orsz. Szöv. <br /><strong>Irod.:</strong> 100 év; 1956 Erdélyben; Armonia; Borghida István: Balázs Imre (Buk., 1982); Erdélyi Lajos 2018; Erdélyi L 2009, fotó1976; EMKK 2010; Korunk galéria; RMIL1.; Szabó–Kállai; Vécsi Nagy Zoltán: Balázs Imre (Sepsiszentgyörgy, 2016); Székely János: B. I. képe előtt (Korunk galéria: 1973–1982–1997/Szerk. Kántor Lajos. (Kv., 1997)</br></p>

<p>Máréfalva, 1931. okt. 26., † Vác, 2012 : festő. – B. Jánosés Pálfi Veronika fia. Felesége : Both Juliénna, biológus (1961). Gyermekeik: Áron (1967–) festő, a bp.-i képzőművészeti főiskolán szerzett diplomát (1955); Réka (1971) gyógyszerész asszisztens. – A mv.-i Városi festőiskolában tanult (1946–1949) és a mv.-i Művészeti Líc-ban folytatta, Bordi András tanítványa. Főiskolát Buk.-ben a Nicolae Grigorescu [&hellip;]</p>
