{"id":19740,"date":"2025-07-22T18:23:12","date_gmt":"2025-07-22T16:23:12","guid":{"rendered":"https:\/\/uj.adatbank.ro\/lexikon\/termek\/santha-karoly-sovaradi-es-szentimrei\/"},"modified":"2025-07-22T18:23:12","modified_gmt":"2025-07-22T16:23:12","slug":"santha-karoly-sovaradi-es-szentimrei","status":"publish","type":"product","link":"https:\/\/uj.adatbank.ro\/lexikon\/termek\/santha-karoly-sovaradi-es-szentimrei\/","title":{"rendered":"S\u00c1NTHA K\u00e1roly, s\u00f3v\u00e1radi \u00e9s szentimrei"},"content":{"rendered":"<p>1865, \u2020 1900.: f\u0151jegyz\u0151. \u2013 Feles\u00e9ge: 1. Jeney Irma (1874\u20131940); 2. szentgericzei Jakab Kl\u00e1ra (1828.? \u2013 Mv., 1882. febr. 18. P\u00f3k\u00e1ban temett\u00e9k). Fia: Jakab Rudolf. \u2013 Maros-Torda vm. f\u0151jegyz\u0151je. <br \/><strong>Irod.:<\/strong> Gy\u00e1szjelent\u0151; P\u00e1lmay.<\/br><\/p>\n","protected":false},"excerpt":{"rendered":"<p>1865, \u2020 1900.: f\u0151jegyz\u0151. \u2013 Feles\u00e9ge: 1. Jeney Irma (1874\u20131940); 2. szentgericzei Jakab Kl\u00e1ra (1828.? \u2013 Mv., 1882. febr. 18. P\u00f3k\u00e1ban temett\u00e9k). Fia: Jakab Rudolf. \u2013 Maros-Torda vm. f\u0151jegyz\u0151je. Irod.: Gy\u00e1szjelent\u0151; P\u00e1lmay.<\/p>\n","protected":false},"featured_media":0,"comment_status":"open","ping_status":"closed","template":"","meta":[],"product_brand":[],"product_cat":[137],"product_tag":[],"class_list":{"0":"post-19740","1":"product","2":"type-product","3":"status-publish","5":"product_cat-maros-megyei-eletrajzi-lexikon","7":"first","8":"instock","9":"shipping-taxable","10":"product-type-simple"},"_links":{"self":[{"href":"https:\/\/uj.adatbank.ro\/lexikon\/wp-json\/wp\/v2\/product\/19740","targetHints":{"allow":["GET"]}}],"collection":[{"href":"https:\/\/uj.adatbank.ro\/lexikon\/wp-json\/wp\/v2\/product"}],"about":[{"href":"https:\/\/uj.adatbank.ro\/lexikon\/wp-json\/wp\/v2\/types\/product"}],"replies":[{"embeddable":true,"href":"https:\/\/uj.adatbank.ro\/lexikon\/wp-json\/wp\/v2\/comments?post=19740"}],"wp:attachment":[{"href":"https:\/\/uj.adatbank.ro\/lexikon\/wp-json\/wp\/v2\/media?parent=19740"}],"wp:term":[{"taxonomy":"product_brand","embeddable":true,"href":"https:\/\/uj.adatbank.ro\/lexikon\/wp-json\/wp\/v2\/product_brand?post=19740"},{"taxonomy":"product_cat","embeddable":true,"href":"https:\/\/uj.adatbank.ro\/lexikon\/wp-json\/wp\/v2\/product_cat?post=19740"},{"taxonomy":"product_tag","embeddable":true,"href":"https:\/\/uj.adatbank.ro\/lexikon\/wp-json\/wp\/v2\/product_tag?post=19740"}],"curies":[{"name":"wp","href":"https:\/\/api.w.org\/{rel}","templated":true}]}}