{"id":19757,"date":"2025-07-22T18:23:53","date_gmt":"2025-07-22T16:23:53","guid":{"rendered":"https:\/\/uj.adatbank.ro\/lexikon\/termek\/sarer-jozsef\/"},"modified":"2025-07-22T18:23:53","modified_gmt":"2025-07-22T16:23:53","slug":"sarer-jozsef","status":"publish","type":"product","link":"https:\/\/uj.adatbank.ro\/lexikon\/termek\/sarer-jozsef\/","title":{"rendered":"S\u00c1RER J\u00f3zsef"},"content":{"rendered":"<p>? \u2020?: sportember. \u2013 Az \u00e1ltal\u00e1nos sporttal foglalkoz\u00f3 egyes\u00fclet egyik tagja. A MSE titk\u00e1ra (1919). <br \/><strong>Irod.:<\/strong> \u00d6kr\u00f6s.<\/br><\/p>\n","protected":false},"excerpt":{"rendered":"<p>? \u2020?: sportember. \u2013 Az \u00e1ltal\u00e1nos sporttal foglalkoz\u00f3 egyes\u00fclet egyik tagja. A MSE titk\u00e1ra (1919). Irod.: \u00d6kr\u00f6s.<\/p>\n","protected":false},"featured_media":0,"comment_status":"open","ping_status":"closed","template":"","meta":[],"product_brand":[],"product_cat":[137],"product_tag":[],"class_list":{"0":"post-19757","1":"product","2":"type-product","3":"status-publish","5":"product_cat-maros-megyei-eletrajzi-lexikon","7":"first","8":"instock","9":"shipping-taxable","10":"product-type-simple"},"_links":{"self":[{"href":"https:\/\/uj.adatbank.ro\/lexikon\/wp-json\/wp\/v2\/product\/19757","targetHints":{"allow":["GET"]}}],"collection":[{"href":"https:\/\/uj.adatbank.ro\/lexikon\/wp-json\/wp\/v2\/product"}],"about":[{"href":"https:\/\/uj.adatbank.ro\/lexikon\/wp-json\/wp\/v2\/types\/product"}],"replies":[{"embeddable":true,"href":"https:\/\/uj.adatbank.ro\/lexikon\/wp-json\/wp\/v2\/comments?post=19757"}],"wp:attachment":[{"href":"https:\/\/uj.adatbank.ro\/lexikon\/wp-json\/wp\/v2\/media?parent=19757"}],"wp:term":[{"taxonomy":"product_brand","embeddable":true,"href":"https:\/\/uj.adatbank.ro\/lexikon\/wp-json\/wp\/v2\/product_brand?post=19757"},{"taxonomy":"product_cat","embeddable":true,"href":"https:\/\/uj.adatbank.ro\/lexikon\/wp-json\/wp\/v2\/product_cat?post=19757"},{"taxonomy":"product_tag","embeddable":true,"href":"https:\/\/uj.adatbank.ro\/lexikon\/wp-json\/wp\/v2\/product_tag?post=19757"}],"curies":[{"name":"wp","href":"https:\/\/api.w.org\/{rel}","templated":true}]}}