{"id":19766,"date":"2025-07-22T18:24:11","date_gmt":"2025-07-22T16:24:11","guid":{"rendered":"https:\/\/uj.adatbank.ro\/lexikon\/termek\/sarkany-fabian-ilencfalvi\/"},"modified":"2025-07-22T18:24:11","modified_gmt":"2025-07-22T16:24:11","slug":"sarkany-fabian-ilencfalvi","status":"publish","type":"product","link":"https:\/\/uj.adatbank.ro\/lexikon\/termek\/sarkany-fabian-ilencfalvi\/","title":{"rendered":"S\u00c1RK\u00c1NY F\u00e1bi\u00e1n, ilencfalvi"},"content":{"rendered":"<p>1830., \u2020 Mez\u0151madaras, 1880. \u00e1pr. 8.: f\u00f6ldbirtokos. \u2013 S.\u00a0J\u00f3zsef \u00e9s Sz\u00e9p Anna fia. Testv\u00e9re: D\u00e1niel. Feles\u00e9ge: Kov\u00e1cs Ter\u00e9z (1847\u20131883). Gyermekeik: Mikl\u00f3s (1868\u20131936); Anna, Muzsnai P\u00e1ln\u00e9; (1873\u20131961); Bal\u00e1zs (1875\u20131968); Erzs\u00e9bet, Horv\u00e1th Ferencn\u00e9 (1877\u20131944), Ilona, t\u00e1blab\u00edr\u00f3 Horv\u00e1th J\u00f3zsefn\u00e9 (1879\u20131920). \u2013 Apj\u00e1t\u00f3l birtokot kapott Mez\u0151madarason (1850 k.), 110 holdon gazd\u00e1lkodott. <br \/><strong>Irod.:<\/strong> Gy\u00e1szjelent\u0151; Mez\u0151madaras.<\/br><\/p>\n","protected":false},"excerpt":{"rendered":"<p>1830., \u2020 Mez\u0151madaras, 1880. \u00e1pr. 8.: f\u00f6ldbirtokos. \u2013 S.\u00a0J\u00f3zsef \u00e9s Sz\u00e9p Anna fia. Testv\u00e9re: D\u00e1niel. Feles\u00e9ge: Kov\u00e1cs Ter\u00e9z (1847\u20131883). Gyermekeik: Mikl\u00f3s (1868\u20131936); Anna, Muzsnai P\u00e1ln\u00e9; (1873\u20131961); Bal\u00e1zs (1875\u20131968); Erzs\u00e9bet, Horv\u00e1th Ferencn\u00e9 (1877\u20131944), Ilona, t\u00e1blab\u00edr\u00f3 Horv\u00e1th J\u00f3zsefn\u00e9 (1879\u20131920). \u2013 Apj\u00e1t\u00f3l birtokot kapott Mez\u0151madarason (1850 k.), 110 holdon gazd\u00e1lkodott. Irod.: Gy\u00e1szjelent\u0151; Mez\u0151madaras.<\/p>\n","protected":false},"featured_media":0,"comment_status":"open","ping_status":"closed","template":"","meta":[],"product_brand":[],"product_cat":[137],"product_tag":[],"class_list":{"0":"post-19766","1":"product","2":"type-product","3":"status-publish","5":"product_cat-maros-megyei-eletrajzi-lexikon","7":"first","8":"instock","9":"shipping-taxable","10":"product-type-simple"},"_links":{"self":[{"href":"https:\/\/uj.adatbank.ro\/lexikon\/wp-json\/wp\/v2\/product\/19766","targetHints":{"allow":["GET"]}}],"collection":[{"href":"https:\/\/uj.adatbank.ro\/lexikon\/wp-json\/wp\/v2\/product"}],"about":[{"href":"https:\/\/uj.adatbank.ro\/lexikon\/wp-json\/wp\/v2\/types\/product"}],"replies":[{"embeddable":true,"href":"https:\/\/uj.adatbank.ro\/lexikon\/wp-json\/wp\/v2\/comments?post=19766"}],"wp:attachment":[{"href":"https:\/\/uj.adatbank.ro\/lexikon\/wp-json\/wp\/v2\/media?parent=19766"}],"wp:term":[{"taxonomy":"product_brand","embeddable":true,"href":"https:\/\/uj.adatbank.ro\/lexikon\/wp-json\/wp\/v2\/product_brand?post=19766"},{"taxonomy":"product_cat","embeddable":true,"href":"https:\/\/uj.adatbank.ro\/lexikon\/wp-json\/wp\/v2\/product_cat?post=19766"},{"taxonomy":"product_tag","embeddable":true,"href":"https:\/\/uj.adatbank.ro\/lexikon\/wp-json\/wp\/v2\/product_tag?post=19766"}],"curies":[{"name":"wp","href":"https:\/\/api.w.org\/{rel}","templated":true}]}}