{"id":19785,"date":"2025-07-22T18:24:56","date_gmt":"2025-07-22T16:24:56","guid":{"rendered":"https:\/\/uj.adatbank.ro\/lexikon\/termek\/sarosi-gyorgy-sarossy-gyorgy-kissarosi-pokai\/"},"modified":"2025-07-22T18:24:56","modified_gmt":"2025-07-22T16:24:56","slug":"sarosi-gyorgy-sarossy-gyorgy-kissarosi-pokai","status":"publish","type":"product","link":"https:\/\/uj.adatbank.ro\/lexikon\/termek\/sarosi-gyorgy-sarossy-gyorgy-kissarosi-pokai\/","title":{"rendered":"S\u00c1ROSI Gy\u00f6rgy, S\u00e1rossy Gy\u00f6rgy; kiss\u00e1rosi, p\u00f3kai"},"content":{"rendered":"<p>? \u2020 1706. m\u00e1rc.: marossz\u00e9ki f\u0151kir\u00e1lyb\u00edr\u00f3, ogy.-i k\u00f6vet, tan\u00e1cs\u00far. P\u00f3k\u00e1ban szerzett birtokot \u00e9s vette feles\u00e9g\u00fcl a Szentront\u00e1son lak\u00f3 \u00d3zdi Gergely le\u00e1ny\u00e1t, Zsuzsann\u00e1t. \u2013 Fiai: Gy\u00f6rgy, Zsigmond, J\u00f3zsef, D\u00e1niel \u00e9s le\u00e1nya Krisztina. \u2013 El\u0151kel\u0151 szerepet vitt Marossz\u00e9k \u00e9let\u00e9ben: f\u0151kir\u00e1lyb\u00edr\u00f3 (1662. dec. 12. \u2013 1675.), a Fejedelmi T\u00e1bla \u00fcln\u00f6ke (1663\u201375), Marossz\u00e9k k\u00f6vete az ogy.-en, tan\u00e1cs\u00far, f\u0151ad\u00f3szed\u0151 (1664). \u0150 is al\u00e1\u00edrta Bal\u00e1zsfalv\u00e1n Teleki Mih\u00e1ly megb\u00edz\u00f3level\u00e9t b\u00e9csi kik\u00fcldet\u00e9sre; megint f\u0151b\u00edr\u00f3 Marossz\u00e9ken (1666); a k\u00f6vetkez\u0151 \u00e9vben alkir\u00e1lyb\u00edr\u00f3, egy oklev\u00e9l ism\u00e9t mint f\u0151kir\u00e1lyb\u00edr\u00f3t emlegeti (1672), Marossz\u00e9k k\u00f6vete (1702). Pestisben halt meg Marossz\u00e9ken. <br \/><strong>Irod.:<\/strong> Kelemen Lajos 2006; K\u0151v\u00e1ry L\u00e1szl\u00f3 1899; Kraus: Erd\u00e9lyi kr\u00f3nika; P\u00f3ka; SzOkl, 6; Teleki Mih\u00e1ly udvartart\u00e1si napl\u00f3ja (1673\u20131681) (Kv., 2007).<\/br><\/p>\n","protected":false},"excerpt":{"rendered":"<p>? \u2020 1706. m\u00e1rc.: marossz\u00e9ki f\u0151kir\u00e1lyb\u00edr\u00f3, ogy.-i k\u00f6vet, tan\u00e1cs\u00far. P\u00f3k\u00e1ban szerzett birtokot \u00e9s vette feles\u00e9g\u00fcl a Szentront\u00e1son lak\u00f3 \u00d3zdi Gergely le\u00e1ny\u00e1t, Zsuzsann\u00e1t. \u2013 Fiai: Gy\u00f6rgy, Zsigmond, J\u00f3zsef, D\u00e1niel \u00e9s le\u00e1nya Krisztina. \u2013 El\u0151kel\u0151 szerepet vitt Marossz\u00e9k \u00e9let\u00e9ben: f\u0151kir\u00e1lyb\u00edr\u00f3 (1662. dec. 12. \u2013 1675.), a Fejedelmi T\u00e1bla \u00fcln\u00f6ke (1663\u201375), Marossz\u00e9k k\u00f6vete az ogy.-en, tan\u00e1cs\u00far, f\u0151ad\u00f3szed\u0151 (1664). [&hellip;]<\/p>\n","protected":false},"featured_media":0,"comment_status":"open","ping_status":"closed","template":"","meta":[],"product_brand":[],"product_cat":[137],"product_tag":[],"class_list":{"0":"post-19785","1":"product","2":"type-product","3":"status-publish","5":"product_cat-maros-megyei-eletrajzi-lexikon","7":"first","8":"instock","9":"shipping-taxable","10":"product-type-simple"},"_links":{"self":[{"href":"https:\/\/uj.adatbank.ro\/lexikon\/wp-json\/wp\/v2\/product\/19785","targetHints":{"allow":["GET"]}}],"collection":[{"href":"https:\/\/uj.adatbank.ro\/lexikon\/wp-json\/wp\/v2\/product"}],"about":[{"href":"https:\/\/uj.adatbank.ro\/lexikon\/wp-json\/wp\/v2\/types\/product"}],"replies":[{"embeddable":true,"href":"https:\/\/uj.adatbank.ro\/lexikon\/wp-json\/wp\/v2\/comments?post=19785"}],"wp:attachment":[{"href":"https:\/\/uj.adatbank.ro\/lexikon\/wp-json\/wp\/v2\/media?parent=19785"}],"wp:term":[{"taxonomy":"product_brand","embeddable":true,"href":"https:\/\/uj.adatbank.ro\/lexikon\/wp-json\/wp\/v2\/product_brand?post=19785"},{"taxonomy":"product_cat","embeddable":true,"href":"https:\/\/uj.adatbank.ro\/lexikon\/wp-json\/wp\/v2\/product_cat?post=19785"},{"taxonomy":"product_tag","embeddable":true,"href":"https:\/\/uj.adatbank.ro\/lexikon\/wp-json\/wp\/v2\/product_tag?post=19785"}],"curies":[{"name":"wp","href":"https:\/\/api.w.org\/{rel}","templated":true}]}}

SÁROSI György, Sárossy György; kissárosi, pókai

<p>? † 1706. márc.: marosszéki főkirálybíró, ogy.-i követ, tanácsúr. Pókában szerzett birtokot és vette feleségül a Szentrontáson lakó Ózdi Gergely leányát, Zsuzsannát. – Fiai: György, Zsigmond, József, Dániel és leánya Krisztina. – Előkelő szerepet vitt Marosszék életében: főkirálybíró (1662. dec. 12. – 1675.), a Fejedelmi Tábla ülnöke (1663–75), Marosszék követe az ogy.-en, tanácsúr, főadószedő (1664). Ő is aláírta Balázsfalván Teleki Mihály megbízólevelét bécsi kiküldetésre; megint főbíró Marosszéken (1666); a következő évben alkirálybíró, egy oklevél ismét mint főkirálybírót emlegeti (1672), Marosszék követe (1702). Pestisben halt meg Marosszéken. <br /><strong>Irod.:</strong> Kelemen Lajos 2006; Kőváry László 1899; Kraus: Erdélyi krónika; Póka; SzOkl, 6; Teleki Mihály udvartartási naplója (1673–1681) (Kv., 2007).</br></p>

<p>? † 1706. márc.: marosszéki főkirálybíró, ogy.-i követ, tanácsúr. Pókában szerzett birtokot és vette feleségül a Szentrontáson lakó Ózdi Gergely leányát, Zsuzsannát. – Fiai: György, Zsigmond, József, Dániel és leánya Krisztina. – Előkelő szerepet vitt Marosszék életében: főkirálybíró (1662. dec. 12. – 1675.), a Fejedelmi Tábla ülnöke (1663–75), Marosszék követe az ogy.-en, tanácsúr, főadószedő (1664). [&hellip;]</p>
