{"id":1979,"date":"2025-06-28T11:59:56","date_gmt":"2025-06-28T09:59:56","guid":{"rendered":"https:\/\/uj.adatbank.ro\/lexikon\/termek\/balazs-lajos-2\/"},"modified":"2026-02-17T16:43:42","modified_gmt":"2026-02-17T15:43:42","slug":"balazs-lajos-2","status":"publish","type":"product","link":"https:\/\/uj.adatbank.ro\/lexikon\/termek\/balazs-lajos-2\/","title":{"rendered":"BAL\u00c1ZS Lajos"},"content":{"rendered":"<p>1918. febr. 10., \u2020 Mv., 1997. m\u00e1rc. 4.: tan\u00e1r, k\u00f6nyvt\u00e1ros, bibliogr\u00e1fus. \u2013 K\u00f6z\u00e9piskolai tanulm\u00e1nyait a nagyv\u00e1radi Szent L\u00e1szl\u00f3 Gimn.-ban v\u00e9gezte, majd a sv\u00e1jci Fribourgban teol\u00f3giai tanulm\u00e1nyokat folytatott \u00e9s ott doktor\u00e1lt is. A mv.-i Teleki T\u00e9k\u00e1ban dolgozott (1951\u201355), a kezdetben K\u00f3nya Imre k\u00f6nyvt\u00e1rossal a t\u00f6bbmint 50\u00a0000 k\u00f6tetnyi \u00e1llom\u00e1nyt lelt\u00e1rozt\u00e1k, tartalom szerint oszt\u00e1lyozt\u00e1k, elrendezt\u00e9k \u00e9s elk\u00e9sz\u00edtett\u00e9k a bet\u0171rendes katal\u00f3gus\u00e1t (1951\u201353). R\u00f6vid ideig az \u00c1llami Irodalmi \u00e9s M\u0171v\u00e9szeti Kiad\u00f3 (\u00c1IMK) mv.-i fi\u00f3kj\u00e1nak vezet\u0151je (1955\u201360). Visszat\u00e9rt \u00e9s a Teleki T\u00e9k\u00e1ba nyugdijaz\u00e1s\u00e1ig (1960. m\u00e1j. \u2013 1984), el\u0151bb mint oszt\u00e1lyvezet\u0151, majd a k\u00f6nyvt\u00e1r \u00f6n\u00e1ll\u00f3s\u00e1g\u00e1nak megsz\u0171nte ut\u00e1n a Teleki Bolyai r\u00e9szleg vezet\u0151jek\u00e9nt dolgozott (1974\u2013). Fikk L\u00e1szl\u00f3 hal\u00e1la ut\u00e1n \u00e1tvette a k\u00f6nyvt\u00e1r \u0151snyomtatv\u00e1ny-katal\u00f3gus\u00e1nak sajt\u00f3 al\u00e1 rendez\u00e9s\u00e9t. Egyik alapmunk\u00e1ja (1966\u2013) a 16. sz\u00e1zadi nyomtatv\u00e1nyok analitikus le\u00edr\u00e1sa, mely alapj\u00e1ul szolg\u00e1lt a k\u00e9tk\u00f6tetes antikva katal\u00f3gusnak: Catalogus Librorum Sedecimo Saeculo (2001). \u00c9veken kereszt\u00fcl a Bolyai K\u00f6nyvt\u00e1r lev\u00e9lt\u00e1ri anyag\u00e1nak c\u00e9dula-katal\u00f3gus\u00e1t k\u00e9sz\u00edtette. Latin, n\u00e9met, francia, angol nyelvtud\u00e1s\u00e1t remek\u00fcl hasznos\u00edtotta a k\u00f6nyvt\u00e1r k\u00fclf\u00f6ldi l\u00e1togat\u00f3inak vezet\u00e9sekor, de mindenekel\u0151tt az \u00e1llom\u00e1ny idegen nyelv\u0171 nyomtatv\u00e1nyainak feldolgoz\u00e1s\u00e1ban. A fiatal munkat\u00e1rsak, olvas\u00f3k, kutat\u00f3k \u00f6nzetlen seg\u00edt\u0151je volt. A Tudom\u00e1ny \u00e9s Kult\u00faraterjeszt\u0151 T\u00e1rsas\u00e1g Bizotts\u00e1g\u00e1nak tagja (1953. okt. 18. \u2013). \u2013 <strong>F. m.:<\/strong> <strong>t\u00e1rssz.:<\/strong> Catalogus incunabulorum Bibliothecae Teleki-Bolyai (Fikk L\u00e1szl\u00f3val; Tg. M., 1971); Catalogus Librorum Sedecimo Saeculo impressorum Bibliotheca Teleki-Bolyai Novum Forum Siculorum \/ Composerunt: Sebesty\u00e9n-Spielmann Mih\u00e1ly, Ambrus Hedvig, Mesaro\u015f Ovidia. Tom. 1\u20132. (Tg. M., 2001); <strong>szerk.:<\/strong> A szocializmus v\u00e9delm\u00e9ben: Dokumentumok a MAT-b\u00f3l az 1956 oktoberi-novemberi magyarorsz\u00e1gi ellenforradalommal kapcsolatban (Mv., 1957).<br \/>\n<strong>Irod.:<\/strong> Bottoni 2006; Bottoni 2008; De\u00e9; Farcz\u00e1dy Elek: A Teleki-Bolyai k\u00f6nyvt\u00e1r \u0151snyomtatv\u00e1ny-katal\u00f3gusa (V. Z., 1972. m\u00e1rc. 12.); ); Id\u0151t\u00e1r 4.; [Nekrol\u00f3g] (N\u00fa., 1997. m\u00e1rc. 6.); Todea 2013<\/p>\n","protected":false},"excerpt":{"rendered":"<p>1918. febr. 10., \u2020 Mv., 1997. m\u00e1rc. 4.: tan\u00e1r, k\u00f6nyvt\u00e1ros, bibliogr\u00e1fus. \u2013 K\u00f6z\u00e9piskolai tanulm\u00e1nyait a nagyv\u00e1radi Szent L\u00e1szl\u00f3 Gimn.-ban v\u00e9gezte, majd a sv\u00e1jci Fribourgban teol\u00f3giai tanulm\u00e1nyokat folytatott \u00e9s ott doktor\u00e1lt is. A mv.-i Teleki T\u00e9k\u00e1ban dolgozott (1951\u201355), a kezdetben K\u00f3nya Imre k\u00f6nyvt\u00e1rossal a t\u00f6bbmint 50\u00a0000 k\u00f6tetnyi \u00e1llom\u00e1nyt lelt\u00e1rozt\u00e1k, tartalom szerint oszt\u00e1lyozt\u00e1k, elrendezt\u00e9k \u00e9s elk\u00e9sz\u00edtett\u00e9k a [&hellip;]<\/p>\n","protected":false},"featured_media":0,"comment_status":"open","ping_status":"closed","template":"","meta":[],"product_brand":[],"product_cat":[137],"product_tag":[],"class_list":{"0":"post-1979","1":"product","2":"type-product","3":"status-publish","5":"product_cat-maros-megyei-eletrajzi-lexikon","7":"first","8":"instock","9":"shipping-taxable","10":"product-type-simple"},"_links":{"self":[{"href":"https:\/\/uj.adatbank.ro\/lexikon\/wp-json\/wp\/v2\/product\/1979","targetHints":{"allow":["GET"]}}],"collection":[{"href":"https:\/\/uj.adatbank.ro\/lexikon\/wp-json\/wp\/v2\/product"}],"about":[{"href":"https:\/\/uj.adatbank.ro\/lexikon\/wp-json\/wp\/v2\/types\/product"}],"replies":[{"embeddable":true,"href":"https:\/\/uj.adatbank.ro\/lexikon\/wp-json\/wp\/v2\/comments?post=1979"}],"wp:attachment":[{"href":"https:\/\/uj.adatbank.ro\/lexikon\/wp-json\/wp\/v2\/media?parent=1979"}],"wp:term":[{"taxonomy":"product_brand","embeddable":true,"href":"https:\/\/uj.adatbank.ro\/lexikon\/wp-json\/wp\/v2\/product_brand?post=1979"},{"taxonomy":"product_cat","embeddable":true,"href":"https:\/\/uj.adatbank.ro\/lexikon\/wp-json\/wp\/v2\/product_cat?post=1979"},{"taxonomy":"product_tag","embeddable":true,"href":"https:\/\/uj.adatbank.ro\/lexikon\/wp-json\/wp\/v2\/product_tag?post=1979"}],"curies":[{"name":"wp","href":"https:\/\/api.w.org\/{rel}","templated":true}]}}

BALÁZS Lajos

<p>1918. febr. 10., † Mv., 1997. márc. 4.: tanár, könyvtáros, bibliográfus. – Középiskolai tanulmányait a nagyváradi Szent László Gimn.-ban végezte, majd a svájci Fribourgban teológiai tanulmányokat folytatott és ott doktorált is. A mv.-i Teleki Tékában dolgozott (1951–55), a kezdetben Kónya Imre könyvtárossal a többmint 50 000 kötetnyi állományt leltározták, tartalom szerint osztályozták, elrendezték és elkészítették a betűrendes katalógusát (1951–53). Rövid ideig az Állami Irodalmi és Művészeti Kiadó (ÁIMK) mv.-i fiókjának vezetője (1955–60). Visszatért és a Teleki Tékába nyugdijazásáig (1960. máj. – 1984), előbb mint osztályvezető, majd a könyvtár önállóságának megszűnte után a Teleki Bolyai részleg vezetőjeként dolgozott (1974–). Fikk László halála után átvette a könyvtár ősnyomtatvány-katalógusának sajtó alá rendezését. Egyik alapmunkája (1966–) a 16. századi nyomtatványok analitikus leírása, mely alapjául szolgált a kétkötetes antikva katalógusnak: Catalogus Librorum Sedecimo Saeculo (2001). Éveken keresztül a Bolyai Könyvtár levéltári anyagának cédula-katalógusát készítette. Latin, német, francia, angol nyelvtudását remekül hasznosította a könyvtár külföldi látogatóinak vezetésekor, de mindenekelőtt az állomány idegen nyelvű nyomtatványainak feldolgozásában. A fiatal munkatársak, olvasók, kutatók önzetlen segítője volt. A Tudomány és Kultúraterjesztő Társaság Bizottságának tagja (1953. okt. 18. –). – <strong>F. m.:</strong> <strong>társsz.:</strong> Catalogus incunabulorum Bibliothecae Teleki-Bolyai (Fikk Lászlóval; Tg. M., 1971); Catalogus Librorum Sedecimo Saeculo impressorum Bibliotheca Teleki-Bolyai Novum Forum Siculorum / Composerunt: Sebestyén-Spielmann Mihály, Ambrus Hedvig, Mesaroş Ovidia. Tom. 1–2. (Tg. M., 2001); <strong>szerk.:</strong> A szocializmus védelmében: Dokumentumok a MAT-ból az 1956 oktoberi-novemberi magyarországi ellenforradalommal kapcsolatban (Mv., 1957).<br />
<strong>Irod.:</strong> Bottoni 2006; Bottoni 2008; Deé; Farczády Elek: A Teleki-Bolyai könyvtár ősnyomtatvány-katalógusa (V. Z., 1972. márc. 12.); ); Időtár 4.; [Nekrológ] (Nú., 1997. márc. 6.); Todea 2013</p>

<p>1918. febr. 10., † Mv., 1997. márc. 4.: tanár, könyvtáros, bibliográfus. – Középiskolai tanulmányait a nagyváradi Szent László Gimn.-ban végezte, majd a svájci Fribourgban teológiai tanulmányokat folytatott és ott doktorált is. A mv.-i Teleki Tékában dolgozott (1951–55), a kezdetben Kónya Imre könyvtárossal a többmint 50 000 kötetnyi állományt leltározták, tartalom szerint osztályozták, elrendezték és elkészítették a [&hellip;]</p>
