{"id":19791,"date":"2025-07-22T18:25:09","date_gmt":"2025-07-22T16:25:09","guid":{"rendered":"https:\/\/uj.adatbank.ro\/lexikon\/termek\/sarosi-janos\/"},"modified":"2025-07-22T18:25:09","modified_gmt":"2025-07-22T16:25:09","slug":"sarosi-janos","status":"publish","type":"product","link":"https:\/\/uj.adatbank.ro\/lexikon\/termek\/sarosi-janos\/","title":{"rendered":"S\u00c1ROSI J\u00e1nos"},"content":{"rendered":"<p>\u00cdt\u00e9l\u0151mester. \u2013 A kiss\u00e1rosi S\u00e1rosi J\u00e1nos vezette portai k\u00f6vets\u00e9g tagja (1687). Marossz\u00e9ki f\u0151kir\u00e1lyb\u00edr\u00f3, m\u00e9g a R\u00e1k\u00f3czi Ferenc szabads\u00e1gharca idej\u00e9n is (1699) \u2013 C\u00edmeres nemess\u00e9get kapott (1619). Fiscalis \u00fcgy\u00e9sz (1633), fiscalis director (1634\u201339). Mo.-r\u00f3l j\u00f6tt \u00e9s P\u00f3k\u00e1ra kapott adom\u00e1nyt (1635) \u00e9s onnan a kiss\u00e1rosi el\u0151nev\u00e9t a p\u00f3kaira v\u00e1ltotta fel. I. R\u00e1k\u00f3czi Gy\u00f6rgy \u00edt\u00e9l\u0151mestere volt, tekint\u00e9lyes r\u00e9sze volt Z\u00f3lyomi D\u00e1vid h\u0171tlens\u00e9gi per\u00e9nek R\u00e1k\u00f3czi Gy\u00f6rgy jav\u00e1ra t\u00f6rt\u00e9n\u0151 int\u00e9z\u00e9s\u00e9ben, s szerepel a d\u00e9si complanatio idej\u00e9n is. Val\u00f3sz\u00edn\u0171leg ezen \u00fcgyben kifejtett tev\u00e9kenys\u00e9ge jutalm\u00e1ul a fejedelem adom\u00e1nylevel\u00e9ben Ny\u00e1r\u00e1dszentl\u00e1szl\u00f3n a r\u00e9gi Sig\u00e9r, \u00e9s \u00d3zdi birtokot rendelte tulajdon\u00e1ba, majd egy k\u00fari\u00e1t kapott nej\u00e9vel \u00d3zdi Zsuzsann\u00e1val (1641. jan. 26.). Szenth\u00e1roms\u00e1gon is voltak birtokai. Szentiv\u00e1nyi Mih\u00e1llyal a jegyz\u0151i teend\u0151ket l\u00e1tt\u00e1k el Ny\u00e1r\u00e1dszentl\u00e1szl\u00f3n (1620\u201347). R\u00e9szt vett az I. R\u00e1k\u00f3czi Gy\u00f6rgy vezet\u00e9se alatt D\u00e9sen tartott ogy.-en (1638. j\u00fal. 7. \u2013). A Fejedelmi T\u00e1bla eln\u00f6ke (1640\u201342), t\u00f6bbsz\u00f6r\u00f6s portai k\u00f6vet. Patr\u00f3nusa volt a ny\u00e1r\u00e1dszentl\u00e1szl\u00f3i unit. egyh\u00e1znak. A templom\u00e1ban ma is megvan a d\u00edszes feliratos csal\u00e1di sz\u00e9ke (1645. j\u00fan. 30), ekkor adott az egyh\u00e1znak egy aranyos poharat is, azzal a kik\u00f6t\u00e9ssel, hogy az addig maradjon a templomban, am\u00edg az az unit\u00e1riusok kez\u00e9n lesz. Szentl\u00e1szl\u00f3n az esperess\u00e9g Protocolluma mint boldog eml\u00e9kezet\u0171t eml\u00edti (1648. jan. 7.). Fia: Gy\u00f6rgy, Marossz\u00e9k f\u0151kir\u00e1lyb\u00edr\u00f3ja, k\u00f6vete \u00e9s Apafi tan\u00e1csura; Gergely, J\u00e1nos. \u2013 kort\u00e1rsa kiss\u00e1rosi S. J\u00e1nos \u00edt\u00e9l\u0151mesternek. Ut\u00f3dai a p\u00f3kai \u00e9s szentl\u00e1szl\u00f3i el\u0151nevet egyar\u00e1nt haszn\u00e1lt\u00e1k. <br \/><strong>Irod.:<\/strong> Kelemen Lajos 2006; K\u00e9nosi\u2013Uzoni 2.; Kraus: Erd\u00e9lyi kr\u00f3nika; Ny\u00e1r\u00e1dszentl\u00e1szl\u00f3, P\u00e1l-Antal; P\u00e1l-Antal 2002; P\u00e1l-Antal 2013; Pesty 2014; P\u00f3kai S\u00e1rosi J\u00e1nos v\u00e9grendelete (1706) = Kelemen Lajos 2006; P\u00f3kai S\u00e1rosi Gy\u00f6rgy csal\u00e1di f\u00f6ljegyz\u00e9sei = Kelemen Lajos 2006.<\/br><\/p>\n","protected":false},"excerpt":{"rendered":"<p>\u00cdt\u00e9l\u0151mester. \u2013 A kiss\u00e1rosi S\u00e1rosi J\u00e1nos vezette portai k\u00f6vets\u00e9g tagja (1687). Marossz\u00e9ki f\u0151kir\u00e1lyb\u00edr\u00f3, m\u00e9g a R\u00e1k\u00f3czi Ferenc szabads\u00e1gharca idej\u00e9n is (1699) \u2013 C\u00edmeres nemess\u00e9get kapott (1619). Fiscalis \u00fcgy\u00e9sz (1633), fiscalis director (1634\u201339). Mo.-r\u00f3l j\u00f6tt \u00e9s P\u00f3k\u00e1ra kapott adom\u00e1nyt (1635) \u00e9s onnan a kiss\u00e1rosi el\u0151nev\u00e9t a p\u00f3kaira v\u00e1ltotta fel. I. R\u00e1k\u00f3czi Gy\u00f6rgy \u00edt\u00e9l\u0151mestere volt, tekint\u00e9lyes r\u00e9sze [&hellip;]<\/p>\n","protected":false},"featured_media":0,"comment_status":"open","ping_status":"closed","template":"","meta":[],"product_brand":[],"product_cat":[137],"product_tag":[],"class_list":{"0":"post-19791","1":"product","2":"type-product","3":"status-publish","5":"product_cat-maros-megyei-eletrajzi-lexikon","7":"first","8":"instock","9":"shipping-taxable","10":"product-type-simple"},"_links":{"self":[{"href":"https:\/\/uj.adatbank.ro\/lexikon\/wp-json\/wp\/v2\/product\/19791","targetHints":{"allow":["GET"]}}],"collection":[{"href":"https:\/\/uj.adatbank.ro\/lexikon\/wp-json\/wp\/v2\/product"}],"about":[{"href":"https:\/\/uj.adatbank.ro\/lexikon\/wp-json\/wp\/v2\/types\/product"}],"replies":[{"embeddable":true,"href":"https:\/\/uj.adatbank.ro\/lexikon\/wp-json\/wp\/v2\/comments?post=19791"}],"wp:attachment":[{"href":"https:\/\/uj.adatbank.ro\/lexikon\/wp-json\/wp\/v2\/media?parent=19791"}],"wp:term":[{"taxonomy":"product_brand","embeddable":true,"href":"https:\/\/uj.adatbank.ro\/lexikon\/wp-json\/wp\/v2\/product_brand?post=19791"},{"taxonomy":"product_cat","embeddable":true,"href":"https:\/\/uj.adatbank.ro\/lexikon\/wp-json\/wp\/v2\/product_cat?post=19791"},{"taxonomy":"product_tag","embeddable":true,"href":"https:\/\/uj.adatbank.ro\/lexikon\/wp-json\/wp\/v2\/product_tag?post=19791"}],"curies":[{"name":"wp","href":"https:\/\/api.w.org\/{rel}","templated":true}]}}