{"id":19799,"date":"2025-07-22T18:25:25","date_gmt":"2025-07-22T16:25:25","guid":{"rendered":"https:\/\/uj.adatbank.ro\/lexikon\/termek\/sarosi-janos-sarossy-kissarosi\/"},"modified":"2025-07-22T18:25:25","modified_gmt":"2025-07-22T16:25:25","slug":"sarosi-janos-sarossy-kissarosi","status":"publish","type":"product","link":"https:\/\/uj.adatbank.ro\/lexikon\/termek\/sarosi-janos-sarossy-kissarosi\/","title":{"rendered":"S\u00c1ROSI J\u00e1nos, S\u00e1rossy; kiss\u00e1rosi"},"content":{"rendered":"<p>? \u2020\u00a01706: f\u00f6ldbirtokos, \u00edt\u00e9l\u0151mester, k\u00f6vet. \u2013 Feles\u00e9ge: T\u00f3th Borb\u00e1ra (\u2020 Sz\u0151kefalva, 1699. aug. 21.). Le\u00e1nya Ilona, az unit. egyh\u00e1z egyik els\u0151 f\u0151gondnok\u00e1nak, Vargyasi Daniel P\u00e9ternek a feles\u00e9ge, aki a javait \u00f6r\u00f6k\u00f6lte. M\u00e1sik l\u00e1nyuk, Zs\u00f3fia gr. Haller J\u00e1nos gubern\u00e1tor feles\u00e9ge, id\u0151sen \u00e1tt\u00e9rt a katolikus vall\u00e1sra, megvonta a sz\u0151kefalvi unit. egyh\u00e1zt\u00f3l az apja, S.\u00a0J\u00e1nos \u00e1ltal tett d\u00e9zsmaalap\u00edtv\u00e1nyt \u00e9s a sz\u0151kefalvi templomot is \u00e1tadta a katolikusoknak. \u2013 Apafi Mih\u00e1ly uralkod\u00e1sa alatt, K\u00fck\u00fcll\u0151 megye ogy.-i k\u00f6vete, majd portai k\u00f6vet (1687), \u00e9s v\u00e9gig az orsz\u00e1g \u00edt\u00e9l\u0151mestere, a guberni\u00e1lis korszak f\u0151comiss\u00e1riusa. A feles\u00e9g\u00e9vel T\u00f3th Borb\u00e1l\u00e1val a Ny\u00e1r\u00e1d ment\u00e9n nagy birtokokat kapott, legink\u00e1bb Sz\u0151kefalv\u00e1n \u00e9ltek, ahol az unit. egyh\u00e1zr\u00f3l nagylelk\u0171en gondoskodott. \u00c9ppen \u00fagy az unit. egyh. patr\u00f3nusa volt, mint a p\u00f3kai S\u00e1rosiak. A ny\u00e1r\u00e1dszentm\u00e1rtoni unit. ekl\u00e9zsi\u00e1nak (1693. m\u00e1rc. 22.) egy ez\u00fcst-aranyos l\u00e1bas-fedeles poharat aj\u00e1nd\u00e9kozott, majd a feles\u00e9ge is (1699) h\u00fasv\u00e9t t\u00e1j\u00e1n egy sz\u00e9p nagy abroszt adott, amelyet az egyh\u00e1zt\u00f3l t\u00f6bb m\u00e1s \u00farasztali felszerel\u00e9ssel egy\u00fctt elloptak (1710). <br \/><strong>Irod.:<\/strong> Cs\u00edkfalva; K\u00e9nosi\u2013Uzoni 2.; P\u00f3kai S\u00e1rosi J\u00e1nos v\u00e9grendelete (1706) = Kelemen Lajos 2006.<\/br><\/p>\n","protected":false},"excerpt":{"rendered":"<p>? \u2020\u00a01706: f\u00f6ldbirtokos, \u00edt\u00e9l\u0151mester, k\u00f6vet. \u2013 Feles\u00e9ge: T\u00f3th Borb\u00e1ra (\u2020 Sz\u0151kefalva, 1699. aug. 21.). Le\u00e1nya Ilona, az unit. egyh\u00e1z egyik els\u0151 f\u0151gondnok\u00e1nak, Vargyasi Daniel P\u00e9ternek a feles\u00e9ge, aki a javait \u00f6r\u00f6k\u00f6lte. M\u00e1sik l\u00e1nyuk, Zs\u00f3fia gr. Haller J\u00e1nos gubern\u00e1tor feles\u00e9ge, id\u0151sen \u00e1tt\u00e9rt a katolikus vall\u00e1sra, megvonta a sz\u0151kefalvi unit. egyh\u00e1zt\u00f3l az apja, S.\u00a0J\u00e1nos \u00e1ltal tett d\u00e9zsmaalap\u00edtv\u00e1nyt [&hellip;]<\/p>\n","protected":false},"featured_media":0,"comment_status":"open","ping_status":"closed","template":"","meta":[],"product_brand":[],"product_cat":[137],"product_tag":[],"class_list":{"0":"post-19799","1":"product","2":"type-product","3":"status-publish","5":"product_cat-maros-megyei-eletrajzi-lexikon","7":"first","8":"instock","9":"shipping-taxable","10":"product-type-simple"},"_links":{"self":[{"href":"https:\/\/uj.adatbank.ro\/lexikon\/wp-json\/wp\/v2\/product\/19799","targetHints":{"allow":["GET"]}}],"collection":[{"href":"https:\/\/uj.adatbank.ro\/lexikon\/wp-json\/wp\/v2\/product"}],"about":[{"href":"https:\/\/uj.adatbank.ro\/lexikon\/wp-json\/wp\/v2\/types\/product"}],"replies":[{"embeddable":true,"href":"https:\/\/uj.adatbank.ro\/lexikon\/wp-json\/wp\/v2\/comments?post=19799"}],"wp:attachment":[{"href":"https:\/\/uj.adatbank.ro\/lexikon\/wp-json\/wp\/v2\/media?parent=19799"}],"wp:term":[{"taxonomy":"product_brand","embeddable":true,"href":"https:\/\/uj.adatbank.ro\/lexikon\/wp-json\/wp\/v2\/product_brand?post=19799"},{"taxonomy":"product_cat","embeddable":true,"href":"https:\/\/uj.adatbank.ro\/lexikon\/wp-json\/wp\/v2\/product_cat?post=19799"},{"taxonomy":"product_tag","embeddable":true,"href":"https:\/\/uj.adatbank.ro\/lexikon\/wp-json\/wp\/v2\/product_tag?post=19799"}],"curies":[{"name":"wp","href":"https:\/\/api.w.org\/{rel}","templated":true}]}}