{"id":1980,"date":"2025-06-28T11:59:58","date_gmt":"2025-06-28T09:59:58","guid":{"rendered":"https:\/\/uj.adatbank.ro\/lexikon\/termek\/balazs-laszlo\/"},"modified":"2025-06-28T11:59:58","modified_gmt":"2025-06-28T09:59:58","slug":"balazs-laszlo","status":"publish","type":"product","link":"https:\/\/uj.adatbank.ro\/lexikon\/termek\/balazs-laszlo\/","title":{"rendered":"BAL\u00c1ZS L\u00e1szl\u00f3"},"content":{"rendered":"<p>Oroszhegy, 1921. \u00e1pr. 7, \u2020 Sz\u00e1szr\u00e9gen, 1989. j\u00fan. 19.: tan\u00e1r. \u2013 Oroszhegyen (1928\u201329), Et\u00e9den (1929\u201332), Nagyv\u00e1radon tanult. Tan\u00e1rk\u00e9pz\u0151 f\u0151iskol\u00e1t Mv.-en, majd Szegeden \u00e9s a BBTE m. nyelv \u00e9s irodalom levelez\u0151 szak\u00e1n v\u00e9gzett \u00e9s szerzett oklevelet. B\u00f6z\u00f6d\u00fajfalun tan\u00edt\u00f3 volt (1940-t\u0151l). Sz\u00e9kelykereszt\u00faron, Mv.-en tan\u00edtott \u00e9s Sz\u00e1szr\u00e9genben (1956\u201381) m. nyelv \u00e9s irodalmat. A securitate megfigyeltette (1967 k.). K\u00f6z\u00f6lt az Almanahul Muzeului din Cristuru Secuiesc (1971), M\u0171vel\u0151d\u00e9s, A H\u00e9t, Brass\u00f3i Lapok, Tan\u00fcgyi \u00dajs\u00e1g, \u00daj \u00c9let \u00e9s V. Z.-ban. \u2013 <strong>F. m.:<\/strong> Nyelvm\u0171vel\u00e9s a l\u00edceumban (Buc., 1980). <br \/><strong>Irod.:<\/strong> [Nekrol\u00f3g] (V. Z., 1989. j\u00fan. 20.); Bartos 2012; Kusz\u00e1lik; Profiluri reghinene; Sz\u00e9kelyf\u00f6ld \u00ed. k.<\/br><\/p>\n","protected":false},"excerpt":{"rendered":"<p>Oroszhegy, 1921. \u00e1pr. 7, \u2020 Sz\u00e1szr\u00e9gen, 1989. j\u00fan. 19.: tan\u00e1r. \u2013 Oroszhegyen (1928\u201329), Et\u00e9den (1929\u201332), Nagyv\u00e1radon tanult. Tan\u00e1rk\u00e9pz\u0151 f\u0151iskol\u00e1t Mv.-en, majd Szegeden \u00e9s a BBTE m. nyelv \u00e9s irodalom levelez\u0151 szak\u00e1n v\u00e9gzett \u00e9s szerzett oklevelet. B\u00f6z\u00f6d\u00fajfalun tan\u00edt\u00f3 volt (1940-t\u0151l). Sz\u00e9kelykereszt\u00faron, Mv.-en tan\u00edtott \u00e9s Sz\u00e1szr\u00e9genben (1956\u201381) m. nyelv \u00e9s irodalmat. A securitate megfigyeltette (1967 k.). K\u00f6z\u00f6lt [&hellip;]<\/p>\n","protected":false},"featured_media":0,"comment_status":"open","ping_status":"closed","template":"","meta":[],"product_brand":[],"product_cat":[137],"product_tag":[],"class_list":{"0":"post-1980","1":"product","2":"type-product","3":"status-publish","5":"product_cat-maros-megyei-eletrajzi-lexikon","7":"first","8":"instock","9":"shipping-taxable","10":"product-type-simple"},"_links":{"self":[{"href":"https:\/\/uj.adatbank.ro\/lexikon\/wp-json\/wp\/v2\/product\/1980","targetHints":{"allow":["GET"]}}],"collection":[{"href":"https:\/\/uj.adatbank.ro\/lexikon\/wp-json\/wp\/v2\/product"}],"about":[{"href":"https:\/\/uj.adatbank.ro\/lexikon\/wp-json\/wp\/v2\/types\/product"}],"replies":[{"embeddable":true,"href":"https:\/\/uj.adatbank.ro\/lexikon\/wp-json\/wp\/v2\/comments?post=1980"}],"wp:attachment":[{"href":"https:\/\/uj.adatbank.ro\/lexikon\/wp-json\/wp\/v2\/media?parent=1980"}],"wp:term":[{"taxonomy":"product_brand","embeddable":true,"href":"https:\/\/uj.adatbank.ro\/lexikon\/wp-json\/wp\/v2\/product_brand?post=1980"},{"taxonomy":"product_cat","embeddable":true,"href":"https:\/\/uj.adatbank.ro\/lexikon\/wp-json\/wp\/v2\/product_cat?post=1980"},{"taxonomy":"product_tag","embeddable":true,"href":"https:\/\/uj.adatbank.ro\/lexikon\/wp-json\/wp\/v2\/product_tag?post=1980"}],"curies":[{"name":"wp","href":"https:\/\/api.w.org\/{rel}","templated":true}]}}