{"id":19802,"date":"2025-07-22T18:25:33","date_gmt":"2025-07-22T16:25:33","guid":{"rendered":"https:\/\/uj.adatbank.ro\/lexikon\/termek\/sarosi-janos-sarossy-pokai-szentlaszloi-2\/"},"modified":"2025-07-22T18:25:33","modified_gmt":"2025-07-22T16:25:33","slug":"sarosi-janos-sarossy-pokai-szentlaszloi-2","status":"publish","type":"product","link":"https:\/\/uj.adatbank.ro\/lexikon\/termek\/sarosi-janos-sarossy-pokai-szentlaszloi-2\/","title":{"rendered":"S\u00c1ROSI J\u00e1nos; S\u00e1rossy, p\u00f3kai, szentl\u00e1szl\u00f3i"},"content":{"rendered":"<p>1633., \u2020\u00a01710 k.: f\u00f6ldbirtokos, generalis perceptor, f\u0151kir\u00e1lyb\u00edr\u00f3, \u00edt\u00e9l\u0151mester, k\u00f6vet. \u2013 J\u00e1nos \u00e9s \u00d3zdi Zsuzs\u00e1nna fia. Feles\u00e9ge: \u00c9beni Zsuzsa Erd\u0151telki Mikl\u00f3s \u00f6zvegye (\u2020\u00a01685. dec. 28.), 2. Incz\u00e9di Erzs\u00e9bet, akinek r\u00e9v\u00e9n rokons\u00e1gba jutott Apafi fejedelem feles\u00e9g\u00e9vel Bornemisza Ann\u00e1val. \u2013 Kort\u00e1rsa Kiss\u00e1rosi S. J\u00e1nosnak, akivel gyakran egy\u00fctt szerepelt. Marossz\u00e9k fisk\u00e1lis direktora (1660). Az ogy. r\u00e1b\u00edzta az eg\u00e9sz orsz\u00e1g portai ad\u00f3j\u00e1nak beszed\u00e9s\u00e9t (1672) Mv. k\u00f6zponttal. Ott volt a sz\u00e9kelyek r\u00e9sz\u00e9r\u0151l abban a Portai k\u00f6vets\u00e9gben, amelyet kiss\u00e1rosi S\u00e1rosi J\u00e1nos vezetett (1691\u2013), \u00edt\u00e9l\u0151 mester; gub.-i tan\u00e1csos (1694\u2013) f\u0151hadbiztos Erd\u00e9lyben (1697\u2013), a b\u00e9csi udvar \u00e9rdekeinek teljes kiszolg\u00e1l\u00f3ja volt az orsz\u00e1g k\u00e1r\u00e1ra. Mint regalista (1688\u2013) r\u00e9szt vett az orsz\u00e1gos \u00fcgyek int\u00e9z\u00e9s\u00e9ben. Bizonys\u00e1got tett a sz\u00e9kelyek f\u0151tisztjeivel \u00e9s k\u00f6veteivel egy\u00fctt arr\u00f3l, hogy a sz\u00e9kelys\u00e9g ad\u00f3 al\u00e1 vet\u00e9se ellen az udvarhoz terjesztetett folyamodv\u00e1nyt k\u00f6z\u00f6s egyet\u00e9rt\u00e9ssel szerkesztett\u00e9k \u00e9s teljes egyet\u00e9rt\u00e9sben m\u0171k\u00f6dnek tov\u00e1bbra is (1702). Marossz\u00e9k f\u0151kir\u00e1lyb\u00edr\u00f3ja (1699\u20131710), ebben a tiszts\u00e9g\u00e9ben \u00e9rte a R\u00e1k\u00f3czi szabads\u00e1gharc. Els\u0151 feles\u00e9ge \u00c9beni Zsuzsanna egy \u00f3n kann\u00e1t aj\u00e1nd\u00e9kozott a templomnak. Megvan a ny\u00e1r\u00e1dszentl\u00e1szl\u00f3i templomban a padja (1707-b\u0151l). V\u00e9grendelete fennmaradt (1706, amikor 73 \u00e9ves volt). Buzg\u00f3 vall\u00e1sos unit\u00e1rius volt. \u0150 adta a ny\u00e1r\u00e1dszentl\u00e1szl\u00f3i unit. egyh\u00e1znak azt a sz\u00e9p aranyozott ez\u00fcst poharat, amely ma is megvan. Egyh\u00e1za ir\u00e1nti szeretet\u00e9t ut\u00f3dain\u00e1l is biztos\u00edtani akarta. Ez a c\u00e9lja nem eg\u00e9szen siker\u00fclt mert fia S.\u00a0J\u00e1nos r. kat. lett (1747).<\/br><\/p>\n","protected":false},"excerpt":{"rendered":"<p>1633., \u2020\u00a01710 k.: f\u00f6ldbirtokos, generalis perceptor, f\u0151kir\u00e1lyb\u00edr\u00f3, \u00edt\u00e9l\u0151mester, k\u00f6vet. \u2013 J\u00e1nos \u00e9s \u00d3zdi Zsuzs\u00e1nna fia. Feles\u00e9ge: \u00c9beni Zsuzsa Erd\u0151telki Mikl\u00f3s \u00f6zvegye (\u2020\u00a01685. dec. 28.), 2. Incz\u00e9di Erzs\u00e9bet, akinek r\u00e9v\u00e9n rokons\u00e1gba jutott Apafi fejedelem feles\u00e9g\u00e9vel Bornemisza Ann\u00e1val. \u2013 Kort\u00e1rsa Kiss\u00e1rosi S. J\u00e1nosnak, akivel gyakran egy\u00fctt szerepelt. Marossz\u00e9k fisk\u00e1lis direktora (1660). Az ogy. r\u00e1b\u00edzta az eg\u00e9sz orsz\u00e1g [&hellip;]<\/p>\n","protected":false},"featured_media":0,"comment_status":"open","ping_status":"closed","template":"","meta":[],"product_brand":[],"product_cat":[137],"product_tag":[],"class_list":{"0":"post-19802","1":"product","2":"type-product","3":"status-publish","5":"product_cat-maros-megyei-eletrajzi-lexikon","7":"first","8":"instock","9":"shipping-taxable","10":"product-type-simple"},"_links":{"self":[{"href":"https:\/\/uj.adatbank.ro\/lexikon\/wp-json\/wp\/v2\/product\/19802","targetHints":{"allow":["GET"]}}],"collection":[{"href":"https:\/\/uj.adatbank.ro\/lexikon\/wp-json\/wp\/v2\/product"}],"about":[{"href":"https:\/\/uj.adatbank.ro\/lexikon\/wp-json\/wp\/v2\/types\/product"}],"replies":[{"embeddable":true,"href":"https:\/\/uj.adatbank.ro\/lexikon\/wp-json\/wp\/v2\/comments?post=19802"}],"wp:attachment":[{"href":"https:\/\/uj.adatbank.ro\/lexikon\/wp-json\/wp\/v2\/media?parent=19802"}],"wp:term":[{"taxonomy":"product_brand","embeddable":true,"href":"https:\/\/uj.adatbank.ro\/lexikon\/wp-json\/wp\/v2\/product_brand?post=19802"},{"taxonomy":"product_cat","embeddable":true,"href":"https:\/\/uj.adatbank.ro\/lexikon\/wp-json\/wp\/v2\/product_cat?post=19802"},{"taxonomy":"product_tag","embeddable":true,"href":"https:\/\/uj.adatbank.ro\/lexikon\/wp-json\/wp\/v2\/product_tag?post=19802"}],"curies":[{"name":"wp","href":"https:\/\/api.w.org\/{rel}","templated":true}]}}