{"id":19826,"date":"2025-07-22T18:26:30","date_gmt":"2025-07-22T16:26:30","guid":{"rendered":"https:\/\/uj.adatbank.ro\/lexikon\/termek\/sarpataki-janos\/"},"modified":"2025-07-22T18:26:30","modified_gmt":"2025-07-22T16:26:30","slug":"sarpataki-janos","status":"publish","type":"product","link":"https:\/\/uj.adatbank.ro\/lexikon\/termek\/sarpataki-janos\/","title":{"rendered":"S\u00c1RPATAKI J\u00e1nos"},"content":{"rendered":"<p>Zilah, 1929. \u00e1pr. 20., \u2020\u00a0Szatm\u00e1rn\u00e9meti, 2006. m\u00e1rc.: ref. lelk\u00e9sz. \u2013 A zilahi elemi iskola (1937\u201340) \u00e9s a Wessel\u00e9nyi Koll. tanul\u00f3ja (1940\u201348). Kv.-on v\u00e9gezte a ref. teol\u00f3gi\u00e1t (1948\u201352), itt szentelt\u00e9k fel (1954). R\u00e9tyen volt helyettes lelkip\u00e1sztor (1952\u201353), \u00d3tord\u00e1n seg\u00e9dlelk\u00e9sz (1953\u201354), lelkip\u00e1sztor Gerendkereszt\u00faron (1954\u201364), Mez\u0151paniton (1964\u201390) \u00e9s v\u00e9g\u00fcl Mv.-en a Gecse utcai Kistemplomban (1990. dec. 1. \u2013), a Marosi egyh\u00e1zmegye esperese. <br \/><strong>Irod.:<\/strong> Kusz\u00e1lik; Mez\u0151panit.<\/br><\/p>\n","protected":false},"excerpt":{"rendered":"<p>Zilah, 1929. \u00e1pr. 20., \u2020\u00a0Szatm\u00e1rn\u00e9meti, 2006. m\u00e1rc.: ref. lelk\u00e9sz. \u2013 A zilahi elemi iskola (1937\u201340) \u00e9s a Wessel\u00e9nyi Koll. tanul\u00f3ja (1940\u201348). Kv.-on v\u00e9gezte a ref. teol\u00f3gi\u00e1t (1948\u201352), itt szentelt\u00e9k fel (1954). R\u00e9tyen volt helyettes lelkip\u00e1sztor (1952\u201353), \u00d3tord\u00e1n seg\u00e9dlelk\u00e9sz (1953\u201354), lelkip\u00e1sztor Gerendkereszt\u00faron (1954\u201364), Mez\u0151paniton (1964\u201390) \u00e9s v\u00e9g\u00fcl Mv.-en a Gecse utcai Kistemplomban (1990. dec. 1. \u2013), [&hellip;]<\/p>\n","protected":false},"featured_media":0,"comment_status":"open","ping_status":"closed","template":"","meta":[],"product_brand":[],"product_cat":[137],"product_tag":[],"class_list":{"0":"post-19826","1":"product","2":"type-product","3":"status-publish","5":"product_cat-maros-megyei-eletrajzi-lexikon","7":"first","8":"instock","9":"shipping-taxable","10":"product-type-simple"},"_links":{"self":[{"href":"https:\/\/uj.adatbank.ro\/lexikon\/wp-json\/wp\/v2\/product\/19826","targetHints":{"allow":["GET"]}}],"collection":[{"href":"https:\/\/uj.adatbank.ro\/lexikon\/wp-json\/wp\/v2\/product"}],"about":[{"href":"https:\/\/uj.adatbank.ro\/lexikon\/wp-json\/wp\/v2\/types\/product"}],"replies":[{"embeddable":true,"href":"https:\/\/uj.adatbank.ro\/lexikon\/wp-json\/wp\/v2\/comments?post=19826"}],"wp:attachment":[{"href":"https:\/\/uj.adatbank.ro\/lexikon\/wp-json\/wp\/v2\/media?parent=19826"}],"wp:term":[{"taxonomy":"product_brand","embeddable":true,"href":"https:\/\/uj.adatbank.ro\/lexikon\/wp-json\/wp\/v2\/product_brand?post=19826"},{"taxonomy":"product_cat","embeddable":true,"href":"https:\/\/uj.adatbank.ro\/lexikon\/wp-json\/wp\/v2\/product_cat?post=19826"},{"taxonomy":"product_tag","embeddable":true,"href":"https:\/\/uj.adatbank.ro\/lexikon\/wp-json\/wp\/v2\/product_tag?post=19826"}],"curies":[{"name":"wp","href":"https:\/\/api.w.org\/{rel}","templated":true}]}}