{"id":1983,"date":"2025-06-28T12:00:06","date_gmt":"2025-06-28T10:00:06","guid":{"rendered":"https:\/\/uj.adatbank.ro\/lexikon\/termek\/balazs-mihaly-balas-mihaly-baroti\/"},"modified":"2025-06-28T12:00:06","modified_gmt":"2025-06-28T10:00:06","slug":"balazs-mihaly-balas-mihaly-baroti","status":"publish","type":"product","link":"https:\/\/uj.adatbank.ro\/lexikon\/termek\/balazs-mihaly-balas-mihaly-baroti\/","title":{"rendered":"BAL\u00c1ZS Mih\u00e1ly, Bal\u00e1s Mih\u00e1ly, bar\u00f3ti"},"content":{"rendered":"<p>? \u2020\u00a01834. dec. 19.: r. k. pap. \u2013 Papp\u00e1 szentelt\u00e9k Kv.-on (1792. jan. 6.). A cs\u00edki esperess\u00e9g k\u00e1pl\u00e1nja (1792), Mv.-en tan\u00e1r (1793\u201396). Pl\u00e9b\u00e1nos Kiskapuson (1796\u2013), majd Sz\u00e9kelykereszt\u00faron, Magyarszarvaskenden, Kaj\u00e1nt\u00f3n, Sz\u00e1szfenesen, nyugd\u00edjazt\u00e1k (1834). <br \/><strong>Irod.:<\/strong> Ferenczi S\u00e1ndor 2009<\/br><\/p>\n","protected":false},"excerpt":{"rendered":"<p>? \u2020\u00a01834. dec. 19.: r. k. pap. \u2013 Papp\u00e1 szentelt\u00e9k Kv.-on (1792. jan. 6.). A cs\u00edki esperess\u00e9g k\u00e1pl\u00e1nja (1792), Mv.-en tan\u00e1r (1793\u201396). Pl\u00e9b\u00e1nos Kiskapuson (1796\u2013), majd Sz\u00e9kelykereszt\u00faron, Magyarszarvaskenden, Kaj\u00e1nt\u00f3n, Sz\u00e1szfenesen, nyugd\u00edjazt\u00e1k (1834). Irod.: Ferenczi S\u00e1ndor 2009<\/p>\n","protected":false},"featured_media":0,"comment_status":"open","ping_status":"closed","template":"","meta":[],"product_brand":[],"product_cat":[137],"product_tag":[],"class_list":{"0":"post-1983","1":"product","2":"type-product","3":"status-publish","5":"product_cat-maros-megyei-eletrajzi-lexikon","7":"first","8":"instock","9":"shipping-taxable","10":"product-type-simple"},"_links":{"self":[{"href":"https:\/\/uj.adatbank.ro\/lexikon\/wp-json\/wp\/v2\/product\/1983","targetHints":{"allow":["GET"]}}],"collection":[{"href":"https:\/\/uj.adatbank.ro\/lexikon\/wp-json\/wp\/v2\/product"}],"about":[{"href":"https:\/\/uj.adatbank.ro\/lexikon\/wp-json\/wp\/v2\/types\/product"}],"replies":[{"embeddable":true,"href":"https:\/\/uj.adatbank.ro\/lexikon\/wp-json\/wp\/v2\/comments?post=1983"}],"wp:attachment":[{"href":"https:\/\/uj.adatbank.ro\/lexikon\/wp-json\/wp\/v2\/media?parent=1983"}],"wp:term":[{"taxonomy":"product_brand","embeddable":true,"href":"https:\/\/uj.adatbank.ro\/lexikon\/wp-json\/wp\/v2\/product_brand?post=1983"},{"taxonomy":"product_cat","embeddable":true,"href":"https:\/\/uj.adatbank.ro\/lexikon\/wp-json\/wp\/v2\/product_cat?post=1983"},{"taxonomy":"product_tag","embeddable":true,"href":"https:\/\/uj.adatbank.ro\/lexikon\/wp-json\/wp\/v2\/product_tag?post=1983"}],"curies":[{"name":"wp","href":"https:\/\/api.w.org\/{rel}","templated":true}]}}