{"id":19838,"date":"2025-07-22T18:26:57","date_gmt":"2025-07-22T16:26:57","guid":{"rendered":"https:\/\/uj.adatbank.ro\/lexikon\/termek\/sartorius-johann-georg\/"},"modified":"2025-07-22T18:26:57","modified_gmt":"2025-07-22T16:26:57","slug":"sartorius-johann-georg","status":"publish","type":"product","link":"https:\/\/uj.adatbank.ro\/lexikon\/termek\/sartorius-johann-georg\/","title":{"rendered":"SARTORIUS, Johann Georg"},"content":{"rendered":"<p>? \u2020?: orvos, erd\u00e9lyi sz\u00e1rmaz\u00e1s\u00fa sz\u00e1sz. \u2013 <strong>F. m.<\/strong>: Hungarorum magyar betegs\u00e9g hoc. est: de morbo militari Hungarico dicto. (Bamberg, 1684). <br \/><strong>Irod.:<\/strong> Gy\u0151ry; Szinnyei; Szinnyei J.\u2013Sz.J.<\/br><\/p>\n","protected":false},"excerpt":{"rendered":"<p>? \u2020?: orvos, erd\u00e9lyi sz\u00e1rmaz\u00e1s\u00fa sz\u00e1sz. \u2013 F. m.: Hungarorum magyar betegs\u00e9g hoc. est: de morbo militari Hungarico dicto. (Bamberg, 1684). Irod.: Gy\u0151ry; Szinnyei; Szinnyei J.\u2013Sz.J.<\/p>\n","protected":false},"featured_media":0,"comment_status":"open","ping_status":"closed","template":"","meta":[],"product_brand":[],"product_cat":[137],"product_tag":[],"class_list":{"0":"post-19838","1":"product","2":"type-product","3":"status-publish","5":"product_cat-maros-megyei-eletrajzi-lexikon","7":"first","8":"instock","9":"shipping-taxable","10":"product-type-simple"},"_links":{"self":[{"href":"https:\/\/uj.adatbank.ro\/lexikon\/wp-json\/wp\/v2\/product\/19838","targetHints":{"allow":["GET"]}}],"collection":[{"href":"https:\/\/uj.adatbank.ro\/lexikon\/wp-json\/wp\/v2\/product"}],"about":[{"href":"https:\/\/uj.adatbank.ro\/lexikon\/wp-json\/wp\/v2\/types\/product"}],"replies":[{"embeddable":true,"href":"https:\/\/uj.adatbank.ro\/lexikon\/wp-json\/wp\/v2\/comments?post=19838"}],"wp:attachment":[{"href":"https:\/\/uj.adatbank.ro\/lexikon\/wp-json\/wp\/v2\/media?parent=19838"}],"wp:term":[{"taxonomy":"product_brand","embeddable":true,"href":"https:\/\/uj.adatbank.ro\/lexikon\/wp-json\/wp\/v2\/product_brand?post=19838"},{"taxonomy":"product_cat","embeddable":true,"href":"https:\/\/uj.adatbank.ro\/lexikon\/wp-json\/wp\/v2\/product_cat?post=19838"},{"taxonomy":"product_tag","embeddable":true,"href":"https:\/\/uj.adatbank.ro\/lexikon\/wp-json\/wp\/v2\/product_tag?post=19838"}],"curies":[{"name":"wp","href":"https:\/\/api.w.org\/{rel}","templated":true}]}}