{"id":19843,"date":"2025-07-22T18:27:07","date_gmt":"2025-07-22T16:27:07","guid":{"rendered":"https:\/\/uj.adatbank.ro\/lexikon\/termek\/sasa-janos-karacsonfalvi\/"},"modified":"2025-07-22T18:27:07","modified_gmt":"2025-07-22T16:27:07","slug":"sasa-janos-karacsonfalvi","status":"publish","type":"product","link":"https:\/\/uj.adatbank.ro\/lexikon\/termek\/sasa-janos-karacsonfalvi\/","title":{"rendered":"SASA J\u00e1nos, kar\u00e1csonfalvi"},"content":{"rendered":"<p>? \u2020?: A csal\u00e1d birtoka Kar\u00e1csonfalv\u00e1n volt. Z\u00e1polya harcosa volt (1567), majd B\u00e1thori Zsigmond, Istv\u00e1n \u00e9s Krist\u00f3f fejedelmek bels\u0151 embere, udvari gyalogs\u00e1gi kapit\u00e1nya (1567\u201373).Feles\u00e9ge: 1?; 2. Tam\u00e1sfalvy Anna. \u00c1rv\u00e1i: Mih\u00e1ly \u00e9s Farkas. V\u00e9grendelet\u00e9ben (Gyulafeh\u00e9rv\u00e1r, 1585. febr. 5.), Tam\u00e1sfalvy Ann\u00e1ra \u00e9s h\u00e1rom gyermek\u00e9re hagyta lakhely\u00fcl Kar\u00e1csonyfalv\u00e1t \u00e9s a hozz\u00e1 tartoz\u00f3 birtokot \u00e9s nagyernyei \u00f6r\u00f6ks\u00e9g\u00e9t. <br \/><strong>Irod.:<\/strong> Erd\u00e9lyi testamentumok 2.; Keresztes Gyula: \u00d6r\u00f6ks\u00e9g\u00fcnk 55. Elpusztult kast\u00e9lyok (N\u00fa., 1994. m\u00e1j. 6.); P\u00e1lmay.<\/br><\/p>\n","protected":false},"excerpt":{"rendered":"<p>? \u2020?: A csal\u00e1d birtoka Kar\u00e1csonfalv\u00e1n volt. Z\u00e1polya harcosa volt (1567), majd B\u00e1thori Zsigmond, Istv\u00e1n \u00e9s Krist\u00f3f fejedelmek bels\u0151 embere, udvari gyalogs\u00e1gi kapit\u00e1nya (1567\u201373).Feles\u00e9ge: 1?; 2. Tam\u00e1sfalvy Anna. \u00c1rv\u00e1i: Mih\u00e1ly \u00e9s Farkas. V\u00e9grendelet\u00e9ben (Gyulafeh\u00e9rv\u00e1r, 1585. febr. 5.), Tam\u00e1sfalvy Ann\u00e1ra \u00e9s h\u00e1rom gyermek\u00e9re hagyta lakhely\u00fcl Kar\u00e1csonyfalv\u00e1t \u00e9s a hozz\u00e1 tartoz\u00f3 birtokot \u00e9s nagyernyei \u00f6r\u00f6ks\u00e9g\u00e9t. Irod.: Erd\u00e9lyi [&hellip;]<\/p>\n","protected":false},"featured_media":0,"comment_status":"open","ping_status":"closed","template":"","meta":[],"product_brand":[],"product_cat":[137],"product_tag":[],"class_list":{"0":"post-19843","1":"product","2":"type-product","3":"status-publish","5":"product_cat-maros-megyei-eletrajzi-lexikon","7":"first","8":"instock","9":"shipping-taxable","10":"product-type-simple"},"_links":{"self":[{"href":"https:\/\/uj.adatbank.ro\/lexikon\/wp-json\/wp\/v2\/product\/19843","targetHints":{"allow":["GET"]}}],"collection":[{"href":"https:\/\/uj.adatbank.ro\/lexikon\/wp-json\/wp\/v2\/product"}],"about":[{"href":"https:\/\/uj.adatbank.ro\/lexikon\/wp-json\/wp\/v2\/types\/product"}],"replies":[{"embeddable":true,"href":"https:\/\/uj.adatbank.ro\/lexikon\/wp-json\/wp\/v2\/comments?post=19843"}],"wp:attachment":[{"href":"https:\/\/uj.adatbank.ro\/lexikon\/wp-json\/wp\/v2\/media?parent=19843"}],"wp:term":[{"taxonomy":"product_brand","embeddable":true,"href":"https:\/\/uj.adatbank.ro\/lexikon\/wp-json\/wp\/v2\/product_brand?post=19843"},{"taxonomy":"product_cat","embeddable":true,"href":"https:\/\/uj.adatbank.ro\/lexikon\/wp-json\/wp\/v2\/product_cat?post=19843"},{"taxonomy":"product_tag","embeddable":true,"href":"https:\/\/uj.adatbank.ro\/lexikon\/wp-json\/wp\/v2\/product_tag?post=19843"}],"curies":[{"name":"wp","href":"https:\/\/api.w.org\/{rel}","templated":true}]}}

SASA János, karácsonfalvi

<p>? †?: A család birtoka Karácsonfalván volt. Zápolya harcosa volt (1567), majd Báthori Zsigmond, István és Kristóf fejedelmek belső embere, udvari gyalogsági kapitánya (1567–73).Felesége: 1?; 2. Tamásfalvy Anna. Árvái: Mihály és Farkas. Végrendeletében (Gyulafehérvár, 1585. febr. 5.), Tamásfalvy Annára és három gyermekére hagyta lakhelyül Karácsonyfalvát és a hozzá tartozó birtokot és nagyernyei örökségét. <br /><strong>Irod.:</strong> Erdélyi testamentumok 2.; Keresztes Gyula: Örökségünk 55. Elpusztult kastélyok (Nú., 1994. máj. 6.); Pálmay.</br></p>

<p>? †?: A család birtoka Karácsonfalván volt. Zápolya harcosa volt (1567), majd Báthori Zsigmond, István és Kristóf fejedelmek belső embere, udvari gyalogsági kapitánya (1567–73).Felesége: 1?; 2. Tamásfalvy Anna. Árvái: Mihály és Farkas. Végrendeletében (Gyulafehérvár, 1585. febr. 5.), Tamásfalvy Annára és három gyermekére hagyta lakhelyül Karácsonyfalvát és a hozzá tartozó birtokot és nagyernyei örökségét. Irod.: Erdélyi [&hellip;]</p>
