{"id":19848,"date":"2025-07-22T18:27:19","date_gmt":"2025-07-22T16:27:19","guid":{"rendered":"https:\/\/uj.adatbank.ro\/lexikon\/termek\/sasics-feodor-k\/"},"modified":"2025-07-22T18:27:19","modified_gmt":"2025-07-22T16:27:19","slug":"sasics-feodor-k","status":"publish","type":"product","link":"https:\/\/uj.adatbank.ro\/lexikon\/termek\/sasics-feodor-k\/","title":{"rendered":"SASICS Feodor, K."},"content":{"rendered":"<p>1877.? \u2020 Mv., 1919. jan. 21.: sz\u00e1zados. \u2013 Feles\u00e9ge: Klainik le\u00e1ny. Fi\u00fak: K. S. Istv\u00e1n. \u2013 Mv.-en honv\u00e9d sz\u00e1zados. <br \/><strong>Irod.:<\/strong> Gy\u00e1szjelent\u0151.<\/br><\/p>\n","protected":false},"excerpt":{"rendered":"<p>1877.? \u2020 Mv., 1919. jan. 21.: sz\u00e1zados. \u2013 Feles\u00e9ge: Klainik le\u00e1ny. Fi\u00fak: K. S. Istv\u00e1n. \u2013 Mv.-en honv\u00e9d sz\u00e1zados. Irod.: Gy\u00e1szjelent\u0151.<\/p>\n","protected":false},"featured_media":0,"comment_status":"open","ping_status":"closed","template":"","meta":[],"product_brand":[],"product_cat":[137],"product_tag":[],"class_list":{"0":"post-19848","1":"product","2":"type-product","3":"status-publish","5":"product_cat-maros-megyei-eletrajzi-lexikon","7":"first","8":"instock","9":"shipping-taxable","10":"product-type-simple"},"_links":{"self":[{"href":"https:\/\/uj.adatbank.ro\/lexikon\/wp-json\/wp\/v2\/product\/19848","targetHints":{"allow":["GET"]}}],"collection":[{"href":"https:\/\/uj.adatbank.ro\/lexikon\/wp-json\/wp\/v2\/product"}],"about":[{"href":"https:\/\/uj.adatbank.ro\/lexikon\/wp-json\/wp\/v2\/types\/product"}],"replies":[{"embeddable":true,"href":"https:\/\/uj.adatbank.ro\/lexikon\/wp-json\/wp\/v2\/comments?post=19848"}],"wp:attachment":[{"href":"https:\/\/uj.adatbank.ro\/lexikon\/wp-json\/wp\/v2\/media?parent=19848"}],"wp:term":[{"taxonomy":"product_brand","embeddable":true,"href":"https:\/\/uj.adatbank.ro\/lexikon\/wp-json\/wp\/v2\/product_brand?post=19848"},{"taxonomy":"product_cat","embeddable":true,"href":"https:\/\/uj.adatbank.ro\/lexikon\/wp-json\/wp\/v2\/product_cat?post=19848"},{"taxonomy":"product_tag","embeddable":true,"href":"https:\/\/uj.adatbank.ro\/lexikon\/wp-json\/wp\/v2\/product_tag?post=19848"}],"curies":[{"name":"wp","href":"https:\/\/api.w.org\/{rel}","templated":true}]}}