{"id":19852,"date":"2025-07-22T18:27:27","date_gmt":"2025-07-22T16:27:27","guid":{"rendered":"https:\/\/uj.adatbank.ro\/lexikon\/termek\/saska-iren\/"},"modified":"2025-07-22T18:27:27","modified_gmt":"2025-07-22T16:27:27","slug":"saska-iren","status":"publish","type":"product","link":"https:\/\/uj.adatbank.ro\/lexikon\/termek\/saska-iren\/","title":{"rendered":"S\u00c1SKA Ir\u00e9n"},"content":{"rendered":"<p>? \u2020\u00a0Marosszentgy\u00f6rgy, 1984. m\u00e1j. 14.: tan\u00edt\u00f3n\u0151. \u2013 Tan\u00edt\u00f3i okl.-t szerzett Nagyenyeden. Marosszentgy\u00f6rgy\u00f6n volt tan\u00edt\u00f3n\u0151, a r. k. iskol\u00e1ban tan\u00edtott (1946\u201347). T\u00e1voznia kellett a tan\u00fcgyb\u0151l, mert megtagadta az ateista nevel\u00e9st. Mag\u00e1n\u00f3r\u00e1kat adott, kiseg\u00edt\u0151 k\u00e1ntor. Mind iskolai, mind iskol\u00e1n k\u00edv\u00fcli tev\u00e9kenys\u00e9g\u00e9ben magas fok\u00fa min\u0151s\u00e9gre t\u00f6rekedett. \u00c1lland\u00f3 zaklat\u00e1snak volt kit\u00e9ve. <br \/><strong>Irod.:<\/strong> Lesty\u00e1n Ferenc: Pedag\u00f3gusok h\u0151sies \u00e9lete (N\u00fa., 1995. aug. 24.); S\u00e2ngeorgiu de Mure\u015f \u2013 \u015ecoala.<\/br><\/p>\n","protected":false},"excerpt":{"rendered":"<p>? \u2020\u00a0Marosszentgy\u00f6rgy, 1984. m\u00e1j. 14.: tan\u00edt\u00f3n\u0151. \u2013 Tan\u00edt\u00f3i okl.-t szerzett Nagyenyeden. Marosszentgy\u00f6rgy\u00f6n volt tan\u00edt\u00f3n\u0151, a r. k. iskol\u00e1ban tan\u00edtott (1946\u201347). T\u00e1voznia kellett a tan\u00fcgyb\u0151l, mert megtagadta az ateista nevel\u00e9st. Mag\u00e1n\u00f3r\u00e1kat adott, kiseg\u00edt\u0151 k\u00e1ntor. Mind iskolai, mind iskol\u00e1n k\u00edv\u00fcli tev\u00e9kenys\u00e9g\u00e9ben magas fok\u00fa min\u0151s\u00e9gre t\u00f6rekedett. \u00c1lland\u00f3 zaklat\u00e1snak volt kit\u00e9ve. Irod.: Lesty\u00e1n Ferenc: Pedag\u00f3gusok h\u0151sies \u00e9lete (N\u00fa., 1995. [&hellip;]<\/p>\n","protected":false},"featured_media":0,"comment_status":"open","ping_status":"closed","template":"","meta":[],"product_brand":[],"product_cat":[137],"product_tag":[],"class_list":{"0":"post-19852","1":"product","2":"type-product","3":"status-publish","5":"product_cat-maros-megyei-eletrajzi-lexikon","7":"first","8":"instock","9":"shipping-taxable","10":"product-type-simple"},"_links":{"self":[{"href":"https:\/\/uj.adatbank.ro\/lexikon\/wp-json\/wp\/v2\/product\/19852","targetHints":{"allow":["GET"]}}],"collection":[{"href":"https:\/\/uj.adatbank.ro\/lexikon\/wp-json\/wp\/v2\/product"}],"about":[{"href":"https:\/\/uj.adatbank.ro\/lexikon\/wp-json\/wp\/v2\/types\/product"}],"replies":[{"embeddable":true,"href":"https:\/\/uj.adatbank.ro\/lexikon\/wp-json\/wp\/v2\/comments?post=19852"}],"wp:attachment":[{"href":"https:\/\/uj.adatbank.ro\/lexikon\/wp-json\/wp\/v2\/media?parent=19852"}],"wp:term":[{"taxonomy":"product_brand","embeddable":true,"href":"https:\/\/uj.adatbank.ro\/lexikon\/wp-json\/wp\/v2\/product_brand?post=19852"},{"taxonomy":"product_cat","embeddable":true,"href":"https:\/\/uj.adatbank.ro\/lexikon\/wp-json\/wp\/v2\/product_cat?post=19852"},{"taxonomy":"product_tag","embeddable":true,"href":"https:\/\/uj.adatbank.ro\/lexikon\/wp-json\/wp\/v2\/product_tag?post=19852"}],"curies":[{"name":"wp","href":"https:\/\/api.w.org\/{rel}","templated":true}]}}

SÁSKA Irén

<p>? † Marosszentgyörgy, 1984. máj. 14.: tanítónő. – Tanítói okl.-t szerzett Nagyenyeden. Marosszentgyörgyön volt tanítónő, a r. k. iskolában tanított (1946–47). Távoznia kellett a tanügyből, mert megtagadta az ateista nevelést. Magánórákat adott, kisegítő kántor. Mind iskolai, mind iskolán kívüli tevékenységében magas fokú minőségre törekedett. Állandó zaklatásnak volt kitéve. <br /><strong>Irod.:</strong> Lestyán Ferenc: Pedagógusok hősies élete (Nú., 1995. aug. 24.); Sângeorgiu de Mureş – Şcoala.</br></p>

<p>? † Marosszentgyörgy, 1984. máj. 14.: tanítónő. – Tanítói okl.-t szerzett Nagyenyeden. Marosszentgyörgyön volt tanítónő, a r. k. iskolában tanított (1946–47). Távoznia kellett a tanügyből, mert megtagadta az ateista nevelést. Magánórákat adott, kisegítő kántor. Mind iskolai, mind iskolán kívüli tevékenységében magas fokú minőségre törekedett. Állandó zaklatásnak volt kitéve. Irod.: Lestyán Ferenc: Pedagógusok hősies élete (Nú., 1995. [&hellip;]</p>
